INSERT INTO `history_indikator_utama_pembangunan` (`id`, `username`, `nama`, `aksi`, `record_id`, `uraian_iup_old`, `uraian_iup_new`, `definisi_op_old`, `definisi_op_new`, `formulasi_old`, `formulasi_new`, `interpretasi_old`, `interpretasi_new`, `sumber_data_old`, `sumber_data_new`, `satuan_new`, `satuan_old`, `baseline_old`, `baseline_new`, `target_tahap_I_old`, `target_tahap_I_new`, `target_tahap_II_old`, `target_tahap_II_new`, `target_tahap_III_old`, `target_tahap_III_new`, `target_tahap_IV_old`, `target_tahap_IV_new`, `keterangan_old`, `keterangan_new`, `id_opd_old`, `id_opd_new`, `id_parent`, `id_arah_pembangunan`, `catatan`, `tahapan`, `created_at`) VALUES
(286, 'admin_sinergi', 'Administrator Sinergi', 'create', 64, NULL, 'ujian', NULL, 'Dalam rangka meningkatkan kinerja lembaga dan kualitas pelayanan publik, Perpustakaan Umum Kota Pekalongan menyelenggarakan survei kepuasan masyarakat secara kontinue setiap tahun. Kuesioner survei ini disebarkan kepada para pengguna atau stakeholder yang pernah memanfaatkan jasa lembaga. Survei ini dilaksanakan berdasarkan Peraturan Menteri Pendayagunaan Aparatur Negara dan Reformasi Birokrasi Nomor 14 Tahun 2017 Tentang  Pedoman Penyusunan Survei Kepuasan Masyarakat. Berdasarkan peraturan tersebut ada sembilan indikator survei kepuasan masyarakat, yaitu: (1) persyaratan; (2) sistem, mekanisme, dan prosedur; (3) waktu penyelesaian; (4) biaya/tarif; (5) produk spesifikasi jenis pelayanan; (6) kompetensi pelaksana; (7) perilaku pelaksana; (8) penanganan pengaduan, saran, dan masukan; (9) sarana dan prasarana.', NULL, 'Dalam rangka meningkatkan kinerja lembaga dan kualitas pelayanan publik, Perpustakaan Umum Kota Pekalongan menyelenggarakan survei kepuasan masyarakat secara kontinue setiap tahun. Kuesioner survei ini disebarkan kepada para pengguna atau stakeholder yang pernah memanfaatkan jasa lembaga. Survei ini dilaksanakan berdasarkan Peraturan Menteri Pendayagunaan Aparatur Negara dan Reformasi Birokrasi Nomor 14 Tahun 2017 Tentang  Pedoman Penyusunan Survei Kepuasan Masyarakat. Berdasarkan peraturan tersebut ada sembilan indikator survei kepuasan masyarakat, yaitu: (1) persyaratan; (2) sistem, mekanisme, dan prosedur; (3) waktu penyelesaian; (4) biaya/tarif; (5) produk spesifikasi jenis pelayanan; (6) kompetensi pelaksana; (7) perilaku pelaksana; (8) penanganan pengaduan, saran, dan masukan; (9) sarana dan prasarana.', NULL, 'Dalam rangka meningkatkan kinerja lembaga dan kualitas pelayanan publik, Perpustakaan Umum Kota Pekalongan menyelenggarakan survei kepuasan masyarakat secara kontinue setiap tahun. Kuesioner survei ini disebarkan kepada para pengguna atau stakeholder yang pernah memanfaatkan jasa lembaga. Survei ini dilaksanakan berdasarkan Peraturan Menteri Pendayagunaan Aparatur Negara dan Reformasi Birokrasi Nomor 14 Tahun 2017 Tentang  Pedoman Penyusunan Survei Kepuasan Masyarakat. Berdasarkan peraturan tersebut ada sembilan indikator survei kepuasan masyarakat, yaitu: (1) persyaratan; (2) sistem, mekanisme, dan prosedur; (3) waktu penyelesaian; (4) biaya/tarif; (5) produk spesifikasi jenis pelayanan; (6) kompetensi pelaksana; (7) perilaku pelaksana; (8) penanganan pengaduan, saran, dan masukan; (9) sarana dan prasarana.', NULL, 'perpus', NULL, NULL, NULL, '100', NULL, '100', NULL, '100', NULL, '100', NULL, '99', NULL, 'keterangan ini meningkatkan kinerja lembaga dan kualitas pelayanan publik, Perpustakaan Umum Kota Pekalongan menyelenggarakan survei kepuasan masyarakat. Kuesioner apakah bisa disebarkan kepada para pengguna atau stakeholder yang pernah memanfaatkan jasa lembaga. Survei ini dilaksanakan berdasarkan Peraturan Menteri Pendayagunaan Aparatur Negara dan Reformasi Birokrasi Nomor 14 Tahun 2017 Tentang  Pedoman Penyusunan Survei Kepuasan Masyarakat. Berdasarkan peraturan tersebut ada sembilan indikator survei kepuasan masyarakat, yaitu: (1) persyaratan; (2) sistem, mekanisme, dan prosedur; (3) waktu penyelesaian; (4) biaya/tarif; (5) produk spesifikasi jenis pelayanan; (6) kompetensi pelaksana; (7) perilaku pelaksana; (8) penanganan pengaduan, saran, dan masukan; (9) sarana dan prasarana.', NULL, 8, NULL, 91, NULL, 'Pindah ke Rancangan Akhir', '2025-09-15 11:46:38'),
(287, 'admin_sinergi', 'Administrator Sinergi', 'create', 64, NULL, 'ujian', NULL, 'Dalam rangka meningkatkan kinerja lembaga dan kualitas pelayanan publik, Perpustakaan Umum Kota Pekalongan menyelenggarakan survei kepuasan masyarakat secara kontinue setiap tahun. Kuesioner survei ini disebarkan kepada para pengguna atau stakeholder yang pernah memanfaatkan jasa lembaga. Survei ini dilaksanakan berdasarkan Peraturan Menteri Pendayagunaan Aparatur Negara dan Reformasi Birokrasi Nomor 14 Tahun 2017 Tentang  Pedoman Penyusunan Survei Kepuasan Masyarakat. Berdasarkan peraturan tersebut ada sembilan indikator survei kepuasan masyarakat, yaitu: (1) persyaratan; (2) sistem, mekanisme, dan prosedur; (3) waktu penyelesaian; (4) biaya/tarif; (5) produk spesifikasi jenis pelayanan; (6) kompetensi pelaksana; (7) perilaku pelaksana; (8) penanganan pengaduan, saran, dan masukan; (9) sarana dan prasarana.', NULL, 'Dalam rangka meningkatkan kinerja lembaga dan kualitas pelayanan publik, Perpustakaan Umum Kota Pekalongan menyelenggarakan survei kepuasan masyarakat secara kontinue setiap tahun. Kuesioner survei ini disebarkan kepada para pengguna atau stakeholder yang pernah memanfaatkan jasa lembaga. Survei ini dilaksanakan berdasarkan Peraturan Menteri Pendayagunaan Aparatur Negara dan Reformasi Birokrasi Nomor 14 Tahun 2017 Tentang  Pedoman Penyusunan Survei Kepuasan Masyarakat. Berdasarkan peraturan tersebut ada sembilan indikator survei kepuasan masyarakat, yaitu: (1) persyaratan; (2) sistem, mekanisme, dan prosedur; (3) waktu penyelesaian; (4) biaya/tarif; (5) produk spesifikasi jenis pelayanan; (6) kompetensi pelaksana; (7) perilaku pelaksana; (8) penanganan pengaduan, saran, dan masukan; (9) sarana dan prasarana.', NULL, 'Dalam rangka meningkatkan kinerja lembaga dan kualitas pelayanan publik, Perpustakaan Umum Kota Pekalongan menyelenggarakan survei kepuasan masyarakat secara kontinue setiap tahun. Kuesioner survei ini disebarkan kepada para pengguna atau stakeholder yang pernah memanfaatkan jasa lembaga. Survei ini dilaksanakan berdasarkan Peraturan Menteri Pendayagunaan Aparatur Negara dan Reformasi Birokrasi Nomor 14 Tahun 2017 Tentang  Pedoman Penyusunan Survei Kepuasan Masyarakat. Berdasarkan peraturan tersebut ada sembilan indikator survei kepuasan masyarakat, yaitu: (1) persyaratan; (2) sistem, mekanisme, dan prosedur; (3) waktu penyelesaian; (4) biaya/tarif; (5) produk spesifikasi jenis pelayanan; (6) kompetensi pelaksana; (7) perilaku pelaksana; (8) penanganan pengaduan, saran, dan masukan; (9) sarana dan prasarana.', NULL, 'perpus', NULL, NULL, NULL, '100', NULL, '100', NULL, '100', NULL, '100', NULL, '99', NULL, 'keterangan ini meningkatkan kinerja lembaga dan kualitas pelayanan publik, Perpustakaan Umum Kota Pekalongan menyelenggarakan survei kepuasan masyarakat. Kuesioner apakah bisa disebarkan kepada para pengguna atau stakeholder yang pernah memanfaatkan jasa lembaga. Survei ini dilaksanakan berdasarkan Peraturan Menteri Pendayagunaan Aparatur Negara dan Reformasi Birokrasi Nomor 14 Tahun 2017 Tentang  Pedoman Penyusunan Survei Kepuasan Masyarakat. Berdasarkan peraturan tersebut ada sembilan indikator survei kepuasan masyarakat, yaitu: (1) persyaratan; (2) sistem, mekanisme, dan prosedur; (3) waktu penyelesaian; (4) biaya/tarif; (5) produk spesifikasi jenis pelayanan; (6) kompetensi pelaksana; (7) perilaku pelaksana; (8) penanganan pengaduan, saran, dan masukan; (9) sarana dan prasarana.', NULL, 8, NULL, 98, NULL, 'Pindah ke Rancangan Akhir', '2025-09-15 12:53:40'),
(288, 'admin_sinergi', 'Administrator Sinergi', 'create', 64, NULL, 'ujian', NULL, 'Dalam rangka meningkatkan kinerja lembaga dan kualitas pelayanan publik, Perpustakaan Umum Kota Pekalongan menyelenggarakan survei kepuasan masyarakat secara kontinue setiap tahun. Kuesioner survei ini disebarkan kepada para pengguna atau stakeholder yang pernah memanfaatkan jasa lembaga. Survei ini dilaksanakan berdasarkan Peraturan Menteri Pendayagunaan Aparatur Negara dan Reformasi Birokrasi Nomor 14 Tahun 2017 Tentang  Pedoman Penyusunan Survei Kepuasan Masyarakat. Berdasarkan peraturan tersebut ada sembilan indikator survei kepuasan masyarakat, yaitu: (1) persyaratan; (2) sistem, mekanisme, dan prosedur; (3) waktu penyelesaian; (4) biaya/tarif; (5) produk spesifikasi jenis pelayanan; (6) kompetensi pelaksana; (7) perilaku pelaksana; (8) penanganan pengaduan, saran, dan masukan; (9) sarana dan prasarana.', NULL, 'Dalam rangka meningkatkan kinerja lembaga dan kualitas pelayanan publik, Perpustakaan Umum Kota Pekalongan menyelenggarakan survei kepuasan masyarakat secara kontinue setiap tahun. Kuesioner survei ini disebarkan kepada para pengguna atau stakeholder yang pernah memanfaatkan jasa lembaga. Survei ini dilaksanakan berdasarkan Peraturan Menteri Pendayagunaan Aparatur Negara dan Reformasi Birokrasi Nomor 14 Tahun 2017 Tentang  Pedoman Penyusunan Survei Kepuasan Masyarakat. Berdasarkan peraturan tersebut ada sembilan indikator survei kepuasan masyarakat, yaitu: (1) persyaratan; (2) sistem, mekanisme, dan prosedur; (3) waktu penyelesaian; (4) biaya/tarif; (5) produk spesifikasi jenis pelayanan; (6) kompetensi pelaksana; (7) perilaku pelaksana; (8) penanganan pengaduan, saran, dan masukan; (9) sarana dan prasarana.', NULL, 'Dalam rangka meningkatkan kinerja lembaga dan kualitas pelayanan publik, Perpustakaan Umum Kota Pekalongan menyelenggarakan survei kepuasan masyarakat secara kontinue setiap tahun. Kuesioner survei ini disebarkan kepada para pengguna atau stakeholder yang pernah memanfaatkan jasa lembaga. Survei ini dilaksanakan berdasarkan Peraturan Menteri Pendayagunaan Aparatur Negara dan Reformasi Birokrasi Nomor 14 Tahun 2017 Tentang  Pedoman Penyusunan Survei Kepuasan Masyarakat. Berdasarkan peraturan tersebut ada sembilan indikator survei kepuasan masyarakat, yaitu: (1) persyaratan; (2) sistem, mekanisme, dan prosedur; (3) waktu penyelesaian; (4) biaya/tarif; (5) produk spesifikasi jenis pelayanan; (6) kompetensi pelaksana; (7) perilaku pelaksana; (8) penanganan pengaduan, saran, dan masukan; (9) sarana dan prasarana.', NULL, 'perpus', NULL, NULL, NULL, '100', NULL, '100', NULL, '100', NULL, '100', NULL, '99', NULL, 'keterangan ini meningkatkan kinerja lembaga dan kualitas pelayanan publik, Perpustakaan Umum Kota Pekalongan menyelenggarakan survei kepuasan masyarakat. Kuesioner apakah bisa disebarkan kepada para pengguna atau stakeholder yang pernah memanfaatkan jasa lembaga. Survei ini dilaksanakan berdasarkan Peraturan Menteri Pendayagunaan Aparatur Negara dan Reformasi Birokrasi Nomor 14 Tahun 2017 Tentang  Pedoman Penyusunan Survei Kepuasan Masyarakat. Berdasarkan peraturan tersebut ada sembilan indikator survei kepuasan masyarakat, yaitu: (1) persyaratan; (2) sistem, mekanisme, dan prosedur; (3) waktu penyelesaian; (4) biaya/tarif; (5) produk spesifikasi jenis pelayanan; (6) kompetensi pelaksana; (7) perilaku pelaksana; (8) penanganan pengaduan, saran, dan masukan; (9) sarana dan prasarana.', NULL, 8, NULL, 105, NULL, 'Pindah ke Perubahan ke-1', '2025-09-22 00:20:22'),
(289, 'admin_sinergi', 'Administrator Sinergi', 'create', 65, NULL, 'uji coba', NULL, NULL, NULL, NULL, NULL, NULL, NULL, NULL, NULL, NULL, NULL, NULL, NULL, NULL, NULL, NULL, NULL, NULL, NULL, NULL, NULL, NULL, NULL, NULL, 2, 81, NULL, 'rancangan', '2025-09-10 14:28:51'),
(290, 'admin_sinergi', 'Administrator Sinergi', 'create', 65, NULL, 'uji coba', NULL, NULL, NULL, NULL, NULL, NULL, NULL, NULL, NULL, NULL, NULL, NULL, NULL, NULL, NULL, NULL, NULL, NULL, NULL, NULL, NULL, NULL, NULL, NULL, NULL, 84, NULL, 'Pindah ke Rancangan', '2025-09-15 11:30:46'),
(291, 'admin_sinergi', 'Administrator Sinergi', 'create', 65, NULL, 'uji coba', NULL, NULL, NULL, NULL, NULL, NULL, NULL, NULL, NULL, NULL, NULL, NULL, NULL, NULL, NULL, NULL, NULL, NULL, NULL, NULL, NULL, NULL, NULL, NULL, NULL, 91, NULL, 'Pindah ke Rancangan Akhir', '2025-09-15 11:46:38'),
(292, 'admin_sinergi', 'Administrator Sinergi', 'create', 65, NULL, 'uji coba', NULL, NULL, NULL, NULL, NULL, NULL, NULL, NULL, NULL, NULL, NULL, NULL, NULL, NULL, NULL, NULL, NULL, NULL, NULL, NULL, NULL, NULL, NULL, NULL, NULL, 98, NULL, 'Pindah ke Rancangan Akhir', '2025-09-15 12:53:40'),
(293, 'admin_sinergi', 'Administrator Sinergi', 'create', 65, NULL, 'uji coba', NULL, NULL, NULL, NULL, NULL, NULL, NULL, NULL, NULL, NULL, NULL, NULL, NULL, NULL, NULL, NULL, NULL, NULL, NULL, NULL, NULL, NULL, NULL, NULL, NULL, 105, NULL, 'Pindah ke Perubahan ke-1', '2025-09-22 00:20:22'),
(294, 'admin_sinergi', 'Administrator Sinergi', 'create', 66, NULL, 'ujicobaaaa', NULL, NULL, NULL, NULL, NULL, NULL, NULL, NULL, NULL, NULL, NULL, NULL, NULL, NULL, NULL, NULL, NULL, NULL, NULL, NULL, NULL, NULL, NULL, NULL, 7, 81, NULL, 'rancangan', '2025-09-10 14:29:21'),
(295, 'admin_sinergi', 'Administrator Sinergi', 'create', 66, NULL, 'ujicobaaaa', NULL, NULL, NULL, NULL, NULL, NULL, NULL, NULL, NULL, NULL, NULL, NULL, NULL, NULL, NULL, NULL, NULL, NULL, NULL, NULL, NULL, NULL, NULL, NULL, NULL, 84, NULL, 'Pindah ke Rancangan', '2025-09-15 11:30:46'),
(296, 'admin_sinergi', 'Administrator Sinergi', 'create', 66, NULL, 'ujicobaaaa', NULL, NULL, NULL, NULL, NULL, NULL, NULL, NULL, NULL, NULL, NULL, NULL, NULL, NULL, NULL, NULL, NULL, NULL, NULL, NULL, NULL, NULL, NULL, NULL, NULL, 91, NULL, 'Pindah ke Rancangan Akhir', '2025-09-15 11:46:38'),
(297, 'admin_sinergi', 'Administrator Sinergi', 'create', 66, NULL, 'ujicobaaaa', NULL, NULL, NULL, NULL, NULL, NULL, NULL, NULL, NULL, NULL, NULL, NULL, NULL, NULL, NULL, NULL, NULL, NULL, NULL, NULL, NULL, NULL, NULL, NULL, NULL, 98, NULL, 'Pindah ke Rancangan Akhir', '2025-09-15 12:53:40'),
(298, 'admin_sinergi', 'Administrator Sinergi', 'create', 66, NULL, 'ujicobaaaa', NULL, NULL, NULL, NULL, NULL, NULL, NULL, NULL, NULL, NULL, NULL, NULL, NULL, NULL, NULL, NULL, NULL, NULL, NULL, NULL, NULL, NULL, NULL, NULL, NULL, 105, NULL, 'Pindah ke Perubahan ke-1', '2025-09-22 00:20:22'),
(299, 'admin_sinergi', 'Administrator Sinergi', 'update', 56, 'ujicoba', NULL, 'Pengulang teks adalah tool online sederhana yang memungkinkan Anda mengulang teks sebanyak yang Anda inginkan. Anda kemudian dapat menyalin dan menempelkan teks berulang Anda di mana pun Anda inginkan, termasuk WhatsApp, Messenger, SMS, Telegram', NULL, 'Pengulang teks adalah tool online sederhana yang memungkinkan Anda mengulang teks sebanyak yang Anda inginkan. Anda kemudian dapat menyalin dan menempelkan teks berulang Anda di mana pun Anda inginkan, termasuk WhatsApp, Messenger, SMS, Telegram', NULL, 'Pengulang teks adalah tool online sederhana yang memungkinkan Anda mengulang teks sebanyak yang Anda inginkan. Anda kemudian dapat menyalin dan menempelkan teks berulang Anda di mana pun Anda inginkan, termasuk WhatsApp, Messenger, SMS, Telegram', NULL, 'ujicoba', NULL, NULL, 'indeks', '100', NULL, '100', NULL, '100', NULL, '100', NULL, '100', NULL, NULL, 'Jumlah kata adalah jumlah kata dalam suatu teks, sedangkan jumlah karakter adalah jumlah semua karakter dalam suatu teks. Jika Anda ingin mengetahui berapa banyak karakter dalam suatu teks, Anda perlu menghitung semua karakter, termasuk karakter spesial.', NULL, 7, 55, 104, '', 'perubahan_ke-1', '2025-09-29 14:17:57'),
(300, 'admin_sinergi', 'Administrator Sinergi', 'update', 56, 'ujicoba', NULL, 'Pengulang teks adalah tool online sederhana yang memungkinkan Anda mengulang teks sebanyak yang Anda inginkan. Anda kemudian dapat menyalin dan menempelkan teks berulang Anda di mana pun Anda inginkan, termasuk WhatsApp, Messenger, SMS, Telegram', NULL, 'Pengulang teks adalah tool online sederhana yang memungkinkan Anda mengulang teks sebanyak yang Anda inginkan. Anda kemudian dapat menyalin dan menempelkan teks berulang Anda di mana pun Anda inginkan, termasuk WhatsApp, Messenger, SMS, Telegram', NULL, 'Pengulang teks adalah tool online sederhana yang memungkinkan Anda mengulang teks sebanyak yang Anda inginkan. Anda kemudian dapat menyalin dan menempelkan teks berulang Anda di mana pun Anda inginkan, termasuk WhatsApp, Messenger, SMS, Telegram', NULL, 'ujicoba', NULL, NULL, 'indeks', '100', '', '100', '', '100', '', '100', '', '100', '', 'Jumlah kata adalah jumlah kata dalam suatu teks, sedangkan jumlah karakter adalah jumlah semua karakter dalam suatu teks. Jika Anda ingin mengetahui berapa banyak karakter dalam suatu teks, Anda perlu menghitung semua karakter, termasuk karakter spesial.', NULL, 7, NULL, 55, 104, '', 'perubahan_ke-1', '2025-09-29 15:08:20'),
(301, 'nailul12', 'Muh Nailul Author', 'update', 56, 'ujicoba', NULL, NULL, NULL, NULL, NULL, NULL, NULL, NULL, NULL, NULL, NULL, '', '80', '', '80', '', '90', '', '90', '', '90', NULL, NULL, NULL, NULL, 55, 104, '', 'perubahan_ke-1', '2025-09-30 14:59:58'),
(302, 'admin_sinergi', 'Administrator Sinergi', 'update', 56, 'ujicoba', NULL, 'Pengulang teks adalah tool online sederhana yang memungkinkan Anda mengulang teks sebanyak yang Anda inginkan. Anda kemudian dapat menyalin dan menempelkan teks berulang Anda di mana pun Anda inginkan, termasuk WhatsApp, Messenger, SMS, Telegram', NULL, 'Pengulang teks adalah tool online sederhana yang memungkinkan Anda mengulang teks sebanyak yang Anda inginkan. Anda kemudian dapat menyalin dan menempelkan teks berulang Anda di mana pun Anda inginkan, termasuk WhatsApp, Messenger, SMS, Telegram', NULL, 'Pengulang teks adalah tool online sederhana yang memungkinkan Anda mengulang teks sebanyak yang Anda inginkan. Anda kemudian dapat menyalin dan menempelkan teks berulang Anda di mana pun Anda inginkan, termasuk WhatsApp, Messenger, SMS, Telegram', NULL, 'ujicoba', NULL, NULL, 'indeks', '80', '', '80', '', '90', '', '90', '', '90', '', 'Jumlah kata adalah jumlah kata dalam suatu teks, sedangkan jumlah karakter adalah jumlah semua karakter dalam suatu teks. Jika Anda ingin mengetahui berapa banyak karakter dalam suatu teks, Anda perlu menghitung semua karakter, termasuk karakter spesial.', NULL, 7, NULL, 55, 104, '', 'perubahan_ke-1', '2025-09-30 15:20:40'),
(303, 'admin_sinergi', 'Administrator Sinergi', 'update', 56, 'ujicoba', NULL, 'Pengulang teks adalah tool online sederhana yang memungkinkan Anda mengulang teks sebanyak yang Anda inginkan. Anda kemudian dapat menyalin dan menempelkan teks berulang Anda di mana pun Anda inginkan, termasuk WhatsApp, Messenger, SMS, Telegram', NULL, 'Pengulang teks adalah tool online sederhana yang memungkinkan Anda mengulang teks sebanyak yang Anda inginkan. Anda kemudian dapat menyalin dan menempelkan teks berulang Anda di mana pun Anda inginkan, termasuk WhatsApp, Messenger, SMS, Telegram', NULL, 'Pengulang teks adalah tool online sederhana yang memungkinkan Anda mengulang teks sebanyak yang Anda inginkan. Anda kemudian dapat menyalin dan menempelkan teks berulang Anda di mana pun Anda inginkan, termasuk WhatsApp, Messenger, SMS, Telegram', NULL, 'ujicoba', NULL, NULL, 'indeks', '', '10', '', '10', '', '10', '', '10', '', '10', 'Jumlah kata adalah jumlah kata dalam suatu teks, sedangkan jumlah karakter adalah jumlah semua karakter dalam suatu teks. Jika Anda ingin mengetahui berapa banyak karakter dalam suatu teks, Anda perlu menghitung semua karakter, termasuk karakter spesial.', NULL, 7, NULL, 55, 104, '', 'perubahan_ke-1', '2025-10-01 15:55:14'),
(304, 'admin_sinergi', 'Administrator Sinergi', 'update', 56, 'ujicoba', NULL, 'Pengulang teks adalah tool online sederhana yang memungkinkan Anda mengulang teks sebanyak yang Anda inginkan. Anda kemudian dapat menyalin dan menempelkan teks berulang Anda di mana pun Anda inginkan, termasuk WhatsApp, Messenger, SMS, Telegram', NULL, 'Pengulang teks adalah tool online sederhana yang memungkinkan Anda mengulang teks sebanyak yang Anda inginkan. Anda kemudian dapat menyalin dan menempelkan teks berulang Anda di mana pun Anda inginkan, termasuk WhatsApp, Messenger, SMS, Telegram', NULL, 'Pengulang teks adalah tool online sederhana yang memungkinkan Anda mengulang teks sebanyak yang Anda inginkan. Anda kemudian dapat menyalin dan menempelkan teks berulang Anda di mana pun Anda inginkan, termasuk WhatsApp, Messenger, SMS, Telegram', NULL, 'ujicoba', NULL, NULL, 'indeks', '10', '0', '10', '0', '10', '0', '10', '0', '10', '0', 'Jumlah kata adalah jumlah kata dalam suatu teks, sedangkan jumlah karakter adalah jumlah semua karakter dalam suatu teks. Jika Anda ingin mengetahui berapa banyak karakter dalam suatu teks, Anda perlu menghitung semua karakter, termasuk karakter spesial.', NULL, 7, NULL, 55, 104, '', 'perubahan_ke-1', '2025-10-01 16:14:44'),
(305, 'admin_sinergi', 'Administrator Sinergi', 'update', 56, 'ujicoba', NULL, 'Pengulang teks adalah tool online sederhana yang memungkinkan Anda mengulang teks sebanyak yang Anda inginkan. Anda kemudian dapat menyalin dan menempelkan teks berulang Anda di mana pun Anda inginkan, termasuk WhatsApp, Messenger, SMS, Telegram', NULL, 'Pengulang teks adalah tool online sederhana yang memungkinkan Anda mengulang teks sebanyak yang Anda inginkan. Anda kemudian dapat menyalin dan menempelkan teks berulang Anda di mana pun Anda inginkan, termasuk WhatsApp, Messenger, SMS, Telegram', NULL, 'Pengulang teks adalah tool online sederhana yang memungkinkan Anda mengulang teks sebanyak yang Anda inginkan. Anda kemudian dapat menyalin dan menempelkan teks berulang Anda di mana pun Anda inginkan, termasuk WhatsApp, Messenger, SMS, Telegram', NULL, 'ujicoba', NULL, NULL, 'indeks', '0', '', '0', '', '0', '', '0', '', '0', '', 'Jumlah kata adalah jumlah kata dalam suatu teks, sedangkan jumlah karakter adalah jumlah semua karakter dalam suatu teks. Jika Anda ingin mengetahui berapa banyak karakter dalam suatu teks, Anda perlu menghitung semua karakter, termasuk karakter spesial.', NULL, 7, NULL, 55, 104, '', 'perubahan_ke-1', '2025-10-01 16:16:51'),
(306, 'admin_sinergi', 'Administrator Sinergi', 'update', 56, 'ujicoba', NULL, 'Pengulang teks adalah tool online sederhana yang memungkinkan Anda mengulang teks sebanyak yang Anda inginkan. Anda kemudian dapat menyalin dan menempelkan teks berulang Anda di mana pun Anda inginkan, termasuk WhatsApp, Messenger, SMS, Telegram', NULL, 'Pengulang teks adalah tool online sederhana yang memungkinkan Anda mengulang teks sebanyak yang Anda inginkan. Anda kemudian dapat menyalin dan menempelkan teks berulang Anda di mana pun Anda inginkan, termasuk WhatsApp, Messenger, SMS, Telegram', NULL, 'Pengulang teks adalah tool online sederhana yang memungkinkan Anda mengulang teks sebanyak yang Anda inginkan. Anda kemudian dapat menyalin dan menempelkan teks berulang Anda di mana pun Anda inginkan, termasuk WhatsApp, Messenger, SMS, Telegram', NULL, 'ujicoba', NULL, NULL, 'indeks', '', '10', '', '10', '', '10', '', '10', '', '10', 'Jumlah kata adalah jumlah kata dalam suatu teks, sedangkan jumlah karakter adalah jumlah semua karakter dalam suatu teks. Jika Anda ingin mengetahui berapa banyak karakter dalam suatu teks, Anda perlu menghitung semua karakter, termasuk karakter spesial.', NULL, 7, NULL, 55, 104, '', 'perubahan_ke-1', '2025-10-01 16:25:32'),
(307, 'admin_sinergi', 'Administrator Sinergi', 'update', 56, 'ujicoba', NULL, 'Pengulang teks adalah tool online sederhana yang memungkinkan Anda mengulang teks sebanyak yang Anda inginkan. Anda kemudian dapat menyalin dan menempelkan teks berulang Anda di mana pun Anda inginkan, termasuk WhatsApp, Messenger, SMS, Telegram', NULL, 'Pengulang teks adalah tool online sederhana yang memungkinkan Anda mengulang teks sebanyak yang Anda inginkan. Anda kemudian dapat menyalin dan menempelkan teks berulang Anda di mana pun Anda inginkan, termasuk WhatsApp, Messenger, SMS, Telegram', NULL, 'Pengulang teks adalah tool online sederhana yang memungkinkan Anda mengulang teks sebanyak yang Anda inginkan. Anda kemudian dapat menyalin dan menempelkan teks berulang Anda di mana pun Anda inginkan, termasuk WhatsApp, Messenger, SMS, Telegram', NULL, 'ujicoba', NULL, NULL, 'indeks', '10', '0', '10', '0', '10', '0', '10', '0', '10', '0', 'Jumlah kata adalah jumlah kata dalam suatu teks, sedangkan jumlah karakter adalah jumlah semua karakter dalam suatu teks. Jika Anda ingin mengetahui berapa banyak karakter dalam suatu teks, Anda perlu menghitung semua karakter, termasuk karakter spesial.', NULL, 7, NULL, 55, 104, '', 'perubahan_ke-1', '2025-10-01 16:35:32'),
(308, 'admin_sinergi', 'Administrator Sinergi', 'update', 56, 'ujicoba', NULL, 'Pengulang teks adalah tool online sederhana yang memungkinkan Anda mengulang teks sebanyak yang Anda inginkan. Anda kemudian dapat menyalin dan menempelkan teks berulang Anda di mana pun Anda inginkan, termasuk WhatsApp, Messenger, SMS, Telegram', NULL, 'Pengulang teks adalah tool online sederhana yang memungkinkan Anda mengulang teks sebanyak yang Anda inginkan. Anda kemudian dapat menyalin dan menempelkan teks berulang Anda di mana pun Anda inginkan, termasuk WhatsApp, Messenger, SMS, Telegram', NULL, 'Pengulang teks adalah tool online sederhana yang memungkinkan Anda mengulang teks sebanyak yang Anda inginkan. Anda kemudian dapat menyalin dan menempelkan teks berulang Anda di mana pun Anda inginkan, termasuk WhatsApp, Messenger, SMS, Telegram', NULL, 'ujicoba', NULL, NULL, 'indeks', '0', '10', '0', '10', '0', '10', '0', '10', '0', '10', 'Jumlah kata adalah jumlah kata dalam suatu teks, sedangkan jumlah karakter adalah jumlah semua karakter dalam suatu teks. Jika Anda ingin mengetahui berapa banyak karakter dalam suatu teks, Anda perlu menghitung semua karakter, termasuk karakter spesial.', NULL, 7, NULL, 55, 104, '', 'perubahan_ke-1', '2025-10-01 17:29:26'),
(309, 'admin_sinergi', 'Administrator Sinergi', 'restore', 58, 'ujian', NULL, 'Dalam rangka meningkatkan kinerja lembaga dan kualitas pelayanan publik, Perpustakaan Umum Kota Pekalongan menyelenggarakan survei kepuasan masyarakat secara kontinue setiap tahun. Kuesioner survei ini disebarkan kepada para pengguna atau stakeholder yang pernah memanfaatkan jasa lembaga. Survei ini dilaksanakan berdasarkan Peraturan Menteri Pendayagunaan Aparatur Negara dan Reformasi Birokrasi Nomor 14 Tahun 2017 Tentang  Pedoman Penyusunan Survei Kepuasan Masyarakat. Berdasarkan peraturan tersebut ada sembilan indikator survei kepuasan masyarakat, yaitu: (1) persyaratan; (2) sistem, mekanisme, dan prosedur; (3) waktu penyelesaian; (4) biaya/tarif; (5) produk spesifikasi jenis pelayanan; (6) kompetensi pelaksana; (7) perilaku pelaksana; (8) penanganan pengaduan, saran, dan masukan; (9) sarana dan prasarana.', NULL, 'Dalam rangka meningkatkan kinerja lembaga dan kualitas pelayanan publik, Perpustakaan Umum Kota Pekalongan menyelenggarakan survei kepuasan masyarakat secara kontinue setiap tahun. Kuesioner survei ini disebarkan kepada para pengguna atau stakeholder yang pernah memanfaatkan jasa lembaga. Survei ini dilaksanakan berdasarkan Peraturan Menteri Pendayagunaan Aparatur Negara dan Reformasi Birokrasi Nomor 14 Tahun 2017 Tentang  Pedoman Penyusunan Survei Kepuasan Masyarakat. Berdasarkan peraturan tersebut ada sembilan indikator survei kepuasan masyarakat, yaitu: (1) persyaratan; (2) sistem, mekanisme, dan prosedur; (3) waktu penyelesaian; (4) biaya/tarif; (5) produk spesifikasi jenis pelayanan; (6) kompetensi pelaksana; (7) perilaku pelaksana; (8) penanganan pengaduan, saran, dan masukan; (9) sarana dan prasarana.', NULL, 'Dalam rangka meningkatkan kinerja lembaga dan kualitas pelayanan publik, Perpustakaan Umum Kota Pekalongan menyelenggarakan survei kepuasan masyarakat secara kontinue setiap tahun. Kuesioner survei ini disebarkan kepada para pengguna atau stakeholder yang pernah memanfaatkan jasa lembaga. Survei ini dilaksanakan berdasarkan Peraturan Menteri Pendayagunaan Aparatur Negara dan Reformasi Birokrasi Nomor 14 Tahun 2017 Tentang  Pedoman Penyusunan Survei Kepuasan Masyarakat. Berdasarkan peraturan tersebut ada sembilan indikator survei kepuasan masyarakat, yaitu: (1) persyaratan; (2) sistem, mekanisme, dan prosedur; (3) waktu penyelesaian; (4) biaya/tarif; (5) produk spesifikasi jenis pelayanan; (6) kompetensi pelaksana; (7) perilaku pelaksana; (8) penanganan pengaduan, saran, dan masukan; (9) sarana dan prasarana.', NULL, 'perpus', NULL, NULL, 'indeks', '100', NULL, '100', NULL, '100', NULL, '100', NULL, '99', NULL, NULL, NULL, NULL, NULL, NULL, 104, NULL, 'perubahan_ke-1', '2025-10-01 17:29:57'),
(310, 'nailul12', 'Muh Nailul Author', 'update', 56, 'ujicoba', NULL, NULL, NULL, NULL, NULL, NULL, NULL, NULL, NULL, NULL, NULL, '10', NULL, '10', NULL, '10', NULL, '10', '100', '10', NULL, NULL, NULL, NULL, NULL, 55, 104, 'target diubah 1000', 'perubahan_ke-1', '2025-10-10 13:56:09');

-- --------------------------------------------------------

--
-- Table structure for table `history_misi`
--

CREATE TABLE `history_misi` (
  `id` bigint NOT NULL,
  `username` varchar(255) NOT NULL,
  `nama` varchar(255) NOT NULL,
  `aksi` varchar(20) NOT NULL,
  `record_id` bigint NOT NULL,
  `uraian_misi_old` text CHARACTER SET utf8mb4 COLLATE utf8mb4_0900_ai_ci,
  `uraian_misi_new` text CHARACTER SET utf8mb4 COLLATE utf8mb4_0900_ai_ci,
  `id_pokok_visi_old` bigint DEFAULT NULL,
  `id_pokok_visi_new` bigint DEFAULT NULL,
  `catatan` text,
  `tahapan` varchar(255) NOT NULL,
  `created_at` datetime NOT NULL
) ENGINE=InnoDB DEFAULT CHARSET=utf8mb4 COLLATE=utf8mb4_0900_ai_ci;

--
-- Dumping data for table `history_misi`
--

INSERT INTO `history_misi` (`id`, `username`, `nama`, `aksi`, `record_id`, `uraian_misi_old`, `uraian_misi_new`, `id_pokok_visi_old`, `id_pokok_visi_new`, `catatan`, `tahapan`, `created_at`) VALUES
(1, 'admin_sinergi', 'Administrator Sinergi', 'create', 59, NULL, 'ujicoba misi 2', NULL, 74, NULL, 'rancangan_awal', '2025-08-24 21:47:03'),
(2, 'admin_sinergi', 'Administrator Sinergi', 'create', 60, NULL, 'ujicoba', NULL, 74, NULL, 'rancangan_awal', '2025-08-24 21:47:25'),
(3, 'admin_sinergi', 'Administrator Sinergi', 'create', 61, NULL, 'ujicoba misi 2', NULL, 74, NULL, 'rancangan_awal', '2025-08-24 21:47:03'),
(4, 'admin_sinergi', 'Administrator Sinergi', 'create', 61, NULL, 'ujicoba misi 2', NULL, 76, NULL, 'Pindah ke Rancangan Awal', '2025-08-24 22:06:15'),
(5, 'admin_sinergi', 'Administrator Sinergi', 'create', 62, NULL, 'ujicoba', NULL, 74, NULL, 'rancangan_awal', '2025-08-24 21:47:25'),
(6, 'admin_sinergi', 'Administrator Sinergi', 'create', 62, NULL, 'ujicoba', NULL, 76, NULL, 'Pindah ke Rancangan Awal', '2025-08-24 22:06:15'),
(7, 'admin_sinergi', 'Administrator Sinergi', 'delete', 61, 'ujicoba misi 2', NULL, 76, NULL, NULL, 'rancangan', '2025-08-26 14:08:29'),
(8, 'admin_sinergi', 'Administrator Sinergi', 'update', 62, 'ujicoba', 'ujicoba misi', 76, NULL, NULL, 'rancangan', '2025-09-04 14:10:14'),
(9, 'admin_sinergi', 'Administrator Sinergi', 'update', 62, 'ujicoba misi', 'ujicoba misi edit', 76, NULL, NULL, 'rancangan', '2025-09-04 14:10:29'),
(10, 'admin_sinergi', 'Administrator Sinergi', 'delete', 62, 'ujicoba misi edit', NULL, 76, NULL, NULL, 'rancangan', '2025-09-04 14:10:36'),
(11, 'admin_sinergi', 'Administrator Sinergi', 'restore', 61, 'ujicoba misi 2', NULL, 76, NULL, NULL, 'rancangan', '2025-09-04 14:10:48'),
(12, 'admin_sinergi', 'Administrator Sinergi', 'create', 63, NULL, 'Tambah', NULL, 76, NULL, 'rancangan', '2025-09-04 14:11:41'),
(13, 'admin_sinergi', 'Administrator Sinergi', 'update', 61, 'ujicoba misi 2', 'misi Penjelasan Pokok visi Pengulang teks adalah tool online sederhana yang memungkinkan Anda mengulang teks sebanyak yang Anda inginkan. Anda kemudian dapat menyalin dan menempelkan teks berulang Anda di mana pun Anda inginkan, termasuk What', 76, NULL, NULL, 'rancangan', '2025-09-07 16:24:00'),
(14, 'admin_sinergi', 'Administrator Sinergi', 'update', 61, 'misi Penjelasan Pokok visi Pengulang teks adalah tool online sederhana yang memungkinkan Anda mengulang teks sebanyak yang Anda inginkan. Anda kemudian dapat menyalin dan menempelkan teks berulang Anda di mana pun Anda inginkan, termasuk What', NULL, 76, 79, NULL, 'rancangan', '2025-09-07 16:29:23'),
(15, 'admin_sinergi', 'Administrator Sinergi', 'update', 63, 'Tambah', 'Tambah misi', 76, NULL, 'misi Penjelasan Pokok visi Pengulang teks adalah tool online sederhana yang memungkinkan Anda mengulang teks sebanyak yang Anda inginkan. Anda kemudian dapat menyalin dan menempelkan teks berulang Anda di mana pun Anda inginkan, termasuk What', 'rancangan', '2025-09-07 16:32:19'),
(16, 'admin_sinergi', 'Administrator Sinergi', 'delete', 61, 'misi Penjelasan Pokok visi Pengulang teks adalah tool online sederhana yang memungkinkan Anda mengulang teks sebanyak yang Anda inginkan. Anda kemudian dapat menyalin dan menempelkan teks berulang Anda di mana pun Anda inginkan, termasuk What', NULL, 79, NULL, NULL, 'rancangan', '2025-09-07 16:39:05'),
(17, 'admin_sinergi', 'Administrator Sinergi', 'restore', 61, 'misi Penjelasan Pokok visi Pengulang teks adalah tool online sederhana yang memungkinkan Anda mengulang teks sebanyak yang Anda inginkan. Anda kemudian dapat menyalin dan menempelkan teks berulang Anda di mana pun Anda inginkan, termasuk What', NULL, 79, NULL, NULL, 'rancangan', '2025-09-07 16:40:12'),
(18, 'admin_sinergi', 'Administrator Sinergi', 'update', 61, 'misi Penjelasan Pokok visi Pengulang teks adalah tool online sederhana yang memungkinkan Anda mengulang teks sebanyak yang Anda inginkan. Anda kemudian dapat menyalin dan menempelkan teks berulang Anda di mana pun Anda inginkan, termasuk What', 'indonesia merdeka dari penjajahan', 79, NULL, '', 'rancangan', '2025-09-08 14:30:06'),
(19, 'admin_sinergi', 'Administrator Sinergi', 'create', 64, NULL, 'ujicoba', NULL, 74, NULL, 'rancangan_awal', '2025-08-24 21:47:25'),
(20, 'admin_sinergi', 'Administrator Sinergi', 'create', 64, NULL, 'ujicoba', NULL, 76, NULL, 'Pindah ke Rancangan Awal', '2025-08-24 22:06:15'),
(21, 'admin_sinergi', 'Administrator Sinergi', 'update', 64, 'ujicoba', 'ujicoba misi', 76, NULL, NULL, 'rancangan', '2025-09-04 14:10:14'),
(22, 'admin_sinergi', 'Administrator Sinergi', 'update', 64, 'ujicoba misi', 'ujicoba misi edit', 76, NULL, NULL, 'rancangan', '2025-09-04 14:10:29'),
(23, 'admin_sinergi', 'Administrator Sinergi', 'delete', 64, 'ujicoba misi edit', NULL, 76, NULL, NULL, 'rancangan', '2025-09-04 14:10:36'),
(24, 'admin_sinergi', 'Administrator Sinergi', 'create', 64, NULL, 'ujicoba misi edit', NULL, 80, NULL, 'Pindah ke Rancangan', '2025-09-15 11:30:46'),
(25, 'admin_sinergi', 'Administrator Sinergi', 'create', 65, NULL, 'Tambah', NULL, 76, NULL, 'rancangan', '2025-09-04 14:11:41'),
(26, 'admin_sinergi', 'Administrator Sinergi', 'update', 65, 'Tambah', 'Tambah misi', 76, NULL, 'misi Penjelasan Pokok visi Pengulang teks adalah tool online sederhana yang memungkinkan Anda mengulang teks sebanyak yang Anda inginkan. Anda kemudian dapat menyalin dan menempelkan teks berulang Anda di mana pun Anda inginkan, termasuk What', 'rancangan', '2025-09-07 16:32:19'),
(27, 'admin_sinergi', 'Administrator Sinergi', 'create', 65, NULL, 'Tambah misi', NULL, 80, NULL, 'Pindah ke Rancangan', '2025-09-15 11:30:46'),
(28, 'admin_sinergi', 'Administrator Sinergi', 'create', 66, NULL, 'ujicoba misi 2', NULL, 74, NULL, 'rancangan_awal', '2025-08-24 21:47:03'),
(29, 'admin_sinergi', 'Administrator Sinergi', 'create', 66, NULL, 'ujicoba misi 2', NULL, 76, NULL, 'Pindah ke Rancangan Awal', '2025-08-24 22:06:15'),
(30, 'admin_sinergi', 'Administrator Sinergi', 'delete', 66, 'ujicoba misi 2', NULL, 76, NULL, NULL, 'rancangan', '2025-08-26 14:08:29'),
(31, 'admin_sinergi', 'Administrator Sinergi', 'restore', 66, 'ujicoba misi 2', NULL, 76, NULL, NULL, 'rancangan', '2025-09-04 14:10:48'),
(32, 'admin_sinergi', 'Administrator Sinergi', 'update', 66, 'ujicoba misi 2', 'misi Penjelasan Pokok visi Pengulang teks adalah tool online sederhana yang memungkinkan Anda mengulang teks sebanyak yang Anda inginkan. Anda kemudian dapat menyalin dan menempelkan teks berulang Anda di mana pun Anda inginkan, termasuk What', 76, NULL, NULL, 'rancangan', '2025-09-07 16:24:00'),
(33, 'admin_sinergi', 'Administrator Sinergi', 'update', 66, 'misi Penjelasan Pokok visi Pengulang teks adalah tool online sederhana yang memungkinkan Anda mengulang teks sebanyak yang Anda inginkan. Anda kemudian dapat menyalin dan menempelkan teks berulang Anda di mana pun Anda inginkan, termasuk What', NULL, 76, 79, NULL, 'rancangan', '2025-09-07 16:29:23'),
(34, 'admin_sinergi', 'Administrator Sinergi', 'delete', 66, 'misi Penjelasan Pokok visi Pengulang teks adalah tool online sederhana yang memungkinkan Anda mengulang teks sebanyak yang Anda inginkan. Anda kemudian dapat menyalin dan menempelkan teks berulang Anda di mana pun Anda inginkan, termasuk What', NULL, 79, NULL, NULL, 'rancangan', '2025-09-07 16:39:05'),
(35, 'admin_sinergi', 'Administrator Sinergi', 'restore', 66, 'misi Penjelasan Pokok visi Pengulang teks adalah tool online sederhana yang memungkinkan Anda mengulang teks sebanyak yang Anda inginkan. Anda kemudian dapat menyalin dan menempelkan teks berulang Anda di mana pun Anda inginkan, termasuk What', NULL, 79, NULL, NULL, 'rancangan', '2025-09-07 16:40:12'),
(36, 'admin_sinergi', 'Administrator Sinergi', 'update', 66, 'misi Penjelasan Pokok visi Pengulang teks adalah tool online sederhana yang memungkinkan Anda mengulang teks sebanyak yang Anda inginkan. Anda kemudian dapat menyalin dan menempelkan teks berulang Anda di mana pun Anda inginkan, termasuk What', 'indonesia merdeka dari penjajahan', 79, NULL, '', 'rancangan', '2025-09-08 14:30:06'),
(37, 'admin_sinergi', 'Administrator Sinergi', 'create', 66, NULL, 'indonesia merdeka dari penjajahan', NULL, 83, NULL, 'Pindah ke Rancangan', '2025-09-15 11:30:46'),
(38, 'admin_sinergi', 'Administrator Sinergi', 'create', 67, NULL, 'ujicoba', NULL, 74, NULL, 'rancangan_awal', '2025-08-24 21:47:25'),
(39, 'admin_sinergi', 'Administrator Sinergi', 'create', 67, NULL, 'ujicoba', NULL, 76, NULL, 'Pindah ke Rancangan Awal', '2025-08-24 22:06:15'),
(40, 'admin_sinergi', 'Administrator Sinergi', 'update', 67, 'ujicoba', 'ujicoba misi', 76, NULL, NULL, 'rancangan', '2025-09-04 14:10:14'),
(41, 'admin_sinergi', 'Administrator Sinergi', 'update', 67, 'ujicoba misi', 'ujicoba misi edit', 76, NULL, NULL, 'rancangan', '2025-09-04 14:10:29'),
(42, 'admin_sinergi', 'Administrator Sinergi', 'delete', 67, 'ujicoba misi edit', NULL, 76, NULL, NULL, 'rancangan', '2025-09-04 14:10:36'),
(43, 'admin_sinergi', 'Administrator Sinergi', 'create', 67, NULL, 'ujicoba misi edit', NULL, 80, NULL, 'Pindah ke Rancangan', '2025-09-15 11:30:46'),
(44, 'admin_sinergi', 'Administrator Sinergi', 'create', 67, NULL, 'ujicoba misi edit', NULL, 84, NULL, 'Pindah ke Musrenbang', '2025-09-15 11:46:37'),
(45, 'admin_sinergi', 'Administrator Sinergi', 'create', 68, NULL, 'Tambah', NULL, 76, NULL, 'rancangan', '2025-09-04 14:11:41'),
(46, 'admin_sinergi', 'Administrator Sinergi', 'update', 68, 'Tambah', 'Tambah misi', 76, NULL, 'misi Penjelasan Pokok visi Pengulang teks adalah tool online sederhana yang memungkinkan Anda mengulang teks sebanyak yang Anda inginkan. Anda kemudian dapat menyalin dan menempelkan teks berulang Anda di mana pun Anda inginkan, termasuk What', 'rancangan', '2025-09-07 16:32:19'),
(47, 'admin_sinergi', 'Administrator Sinergi', 'create', 68, NULL, 'Tambah misi', NULL, 80, NULL, 'Pindah ke Rancangan', '2025-09-15 11:30:46'),
(48, 'admin_sinergi', 'Administrator Sinergi', 'create', 68, NULL, 'Tambah misi', NULL, 84, NULL, 'Pindah ke Musrenbang', '2025-09-15 11:46:37'),
(49, 'admin_sinergi', 'Administrator Sinergi', 'create', 69, NULL, 'ujicoba', NULL, 74, NULL, 'rancangan_awal', '2025-08-24 21:47:25'),
(50, 'admin_sinergi', 'Administrator Sinergi', 'create', 69, NULL, 'ujicoba', NULL, 76, NULL, 'Pindah ke Rancangan Awal', '2025-08-24 22:06:15'),
(51, 'admin_sinergi', 'Administrator Sinergi', 'update', 69, 'ujicoba', 'ujicoba misi', 76, NULL, NULL, 'rancangan', '2025-09-04 14:10:14'),
(52, 'admin_sinergi', 'Administrator Sinergi', 'update', 69, 'ujicoba misi', 'ujicoba misi edit', 76, NULL, NULL, 'rancangan', '2025-09-04 14:10:29'),
(53, 'admin_sinergi', 'Administrator Sinergi', 'delete', 69, 'ujicoba misi edit', NULL, 76, NULL, NULL, 'rancangan', '2025-09-04 14:10:36'),
(54, 'admin_sinergi', 'Administrator Sinergi', 'create', 69, NULL, 'ujicoba misi edit', NULL, 80, NULL, 'Pindah ke Rancangan', '2025-09-15 11:30:46'),
(55, 'admin_sinergi', 'Administrator Sinergi', 'create', 69, NULL, 'ujicoba misi edit', NULL, 84, NULL, 'Pindah ke Musrenbang', '2025-09-15 11:46:37'),
(56, 'admin_sinergi', 'Administrator Sinergi', 'create', 70, NULL, 'Tambah', NULL, 76, NULL, 'rancangan', '2025-09-04 14:11:41'),
(57, 'admin_sinergi', 'Administrator Sinergi', 'update', 70, 'Tambah', 'Tambah misi', 76, NULL, 'misi Penjelasan Pokok visi Pengulang teks adalah tool online sederhana yang memungkinkan Anda mengulang teks sebanyak yang Anda inginkan. Anda kemudian dapat menyalin dan menempelkan teks berulang Anda di mana pun Anda inginkan, termasuk What', 'rancangan', '2025-09-07 16:32:19'),
(58, 'admin_sinergi', 'Administrator Sinergi', 'create', 70, NULL, 'Tambah misi', NULL, 80, NULL, 'Pindah ke Rancangan', '2025-09-15 11:30:46'),
(59, 'admin_sinergi', 'Administrator Sinergi', 'create', 70, NULL, 'Tambah misi', NULL, 84, NULL, 'Pindah ke Musrenbang', '2025-09-15 11:46:37'),
(60, 'admin_sinergi', 'Administrator Sinergi', 'create', 71, NULL, 'ujicoba', NULL, 74, NULL, 'rancangan_awal', '2025-08-24 21:47:25'),
(61, 'admin_sinergi', 'Administrator Sinergi', 'create', 71, NULL, 'ujicoba', NULL, 76, NULL, 'Pindah ke Rancangan Awal', '2025-08-24 22:06:15'),
(62, 'admin_sinergi', 'Administrator Sinergi', 'update', 71, 'ujicoba', 'ujicoba misi', 76, NULL, NULL, 'rancangan', '2025-09-04 14:10:14'),
(63, 'admin_sinergi', 'Administrator Sinergi', 'update', 71, 'ujicoba misi', 'ujicoba misi edit', 76, NULL, NULL, 'rancangan', '2025-09-04 14:10:29'),
(64, 'admin_sinergi', 'Administrator Sinergi', 'delete', 71, 'ujicoba misi edit', NULL, 76, NULL, NULL, 'rancangan', '2025-09-04 14:10:36'),
(65, 'admin_sinergi', 'Administrator Sinergi', 'create', 71, NULL, 'ujicoba misi edit', NULL, 80, NULL, 'Pindah ke Rancangan', '2025-09-15 11:30:46'),
(66, 'admin_sinergi', 'Administrator Sinergi', 'create', 71, NULL, 'ujicoba misi edit', NULL, 84, NULL, 'Pindah ke Musrenbang', '2025-09-15 11:46:37'),
(67, 'admin_sinergi', 'Administrator Sinergi', 'create', 72, NULL, 'Tambah', NULL, 76, NULL, 'rancangan', '2025-09-04 14:11:41'),
(68, 'admin_sinergi', 'Administrator Sinergi', 'update', 72, 'Tambah', 'Tambah misi', 76, NULL, 'misi Penjelasan Pokok visi Pengulang teks adalah tool online sederhana yang memungkinkan Anda mengulang teks sebanyak yang Anda inginkan. Anda kemudian dapat menyalin dan menempelkan teks berulang Anda di mana pun Anda inginkan, termasuk What', 'rancangan', '2025-09-07 16:32:19'),
(69, 'admin_sinergi', 'Administrator Sinergi', 'create', 72, NULL, 'Tambah misi', NULL, 80, NULL, 'Pindah ke Rancangan', '2025-09-15 11:30:46'),
(70, 'admin_sinergi', 'Administrator Sinergi', 'create', 72, NULL, 'Tambah misi', NULL, 84, NULL, 'Pindah ke Musrenbang', '2025-09-15 11:46:37'),
(71, 'admin_sinergi', 'Administrator Sinergi', 'create', 73, NULL, 'ujicoba', NULL, 74, NULL, 'rancangan_awal', '2025-08-24 21:47:25'),
(72, 'admin_sinergi', 'Administrator Sinergi', 'create', 73, NULL, 'ujicoba', NULL, 76, NULL, 'Pindah ke Rancangan Awal', '2025-08-24 22:06:15'),
(73, 'admin_sinergi', 'Administrator Sinergi', 'update', 73, 'ujicoba', 'ujicoba misi', 76, NULL, NULL, 'rancangan', '2025-09-04 14:10:14'),
(74, 'admin_sinergi', 'Administrator Sinergi', 'update', 73, 'ujicoba misi', 'ujicoba misi edit', 76, NULL, NULL, 'rancangan', '2025-09-04 14:10:29'),
(75, 'admin_sinergi', 'Administrator Sinergi', 'delete', 73, 'ujicoba misi edit', NULL, 76, NULL, NULL, 'rancangan', '2025-09-04 14:10:36'),
(76, 'admin_sinergi', 'Administrator Sinergi', 'create', 73, NULL, 'ujicoba misi edit', NULL, 80, NULL, 'Pindah ke Rancangan', '2025-09-15 11:30:46'),
(77, 'admin_sinergi', 'Administrator Sinergi', 'create', 73, NULL, 'ujicoba misi edit', NULL, 84, NULL, 'Pindah ke Musrenbang', '2025-09-15 11:46:37'),
(78, 'admin_sinergi', 'Administrator Sinergi', 'create', 74, NULL, 'Tambah', NULL, 76, NULL, 'rancangan', '2025-09-04 14:11:41'),
(79, 'admin_sinergi', 'Administrator Sinergi', 'update', 74, 'Tambah', 'Tambah misi', 76, NULL, 'misi Penjelasan Pokok visi Pengulang teks adalah tool online sederhana yang memungkinkan Anda mengulang teks sebanyak yang Anda inginkan. Anda kemudian dapat menyalin dan menempelkan teks berulang Anda di mana pun Anda inginkan, termasuk What', 'rancangan', '2025-09-07 16:32:19'),
(80, 'admin_sinergi', 'Administrator Sinergi', 'create', 74, NULL, 'Tambah misi', NULL, 80, NULL, 'Pindah ke Rancangan', '2025-09-15 11:30:46'),
(81, 'admin_sinergi', 'Administrator Sinergi', 'create', 74, NULL, 'Tambah misi', NULL, 84, NULL, 'Pindah ke Musrenbang', '2025-09-15 11:46:37'),
(82, 'admin_sinergi', 'Administrator Sinergi', 'create', 75, NULL, 'ujicoba misi 2', NULL, 74, NULL, 'rancangan_awal', '2025-08-24 21:47:03'),
(83, 'admin_sinergi', 'Administrator Sinergi', 'create', 75, NULL, 'ujicoba misi 2', NULL, 76, NULL, 'Pindah ke Rancangan Awal', '2025-08-24 22:06:15'),
(84, 'admin_sinergi', 'Administrator Sinergi', 'delete', 75, 'ujicoba misi 2', NULL, 76, NULL, NULL, 'rancangan', '2025-08-26 14:08:29'),
(85, 'admin_sinergi', 'Administrator Sinergi', 'restore', 75, 'ujicoba misi 2', NULL, 76, NULL, NULL, 'rancangan', '2025-09-04 14:10:48'),
(86, 'admin_sinergi', 'Administrator Sinergi', 'update', 75, 'ujicoba misi 2', 'misi Penjelasan Pokok visi Pengulang teks adalah tool online sederhana yang memungkinkan Anda mengulang teks sebanyak yang Anda inginkan. Anda kemudian dapat menyalin dan menempelkan teks berulang Anda di mana pun Anda inginkan, termasuk What', 76, NULL, NULL, 'rancangan', '2025-09-07 16:24:00'),
(87, 'admin_sinergi', 'Administrator Sinergi', 'update', 75, 'misi Penjelasan Pokok visi Pengulang teks adalah tool online sederhana yang memungkinkan Anda mengulang teks sebanyak yang Anda inginkan. Anda kemudian dapat menyalin dan menempelkan teks berulang Anda di mana pun Anda inginkan, termasuk What', NULL, 76, 79, NULL, 'rancangan', '2025-09-07 16:29:23'),
(88, 'admin_sinergi', 'Administrator Sinergi', 'delete', 75, 'misi Penjelasan Pokok visi Pengulang teks adalah tool online sederhana yang memungkinkan Anda mengulang teks sebanyak yang Anda inginkan. Anda kemudian dapat menyalin dan menempelkan teks berulang Anda di mana pun Anda inginkan, termasuk What', NULL, 79, NULL, NULL, 'rancangan', '2025-09-07 16:39:05'),
(89, 'admin_sinergi', 'Administrator Sinergi', 'restore', 75, 'misi Penjelasan Pokok visi Pengulang teks adalah tool online sederhana yang memungkinkan Anda mengulang teks sebanyak yang Anda inginkan. Anda kemudian dapat menyalin dan menempelkan teks berulang Anda di mana pun Anda inginkan, termasuk What', NULL, 79, NULL, NULL, 'rancangan', '2025-09-07 16:40:12'),
(90, 'admin_sinergi', 'Administrator Sinergi', 'update', 75, 'misi Penjelasan Pokok visi Pengulang teks adalah tool online sederhana yang memungkinkan Anda mengulang teks sebanyak yang Anda inginkan. Anda kemudian dapat menyalin dan menempelkan teks berulang Anda di mana pun Anda inginkan, termasuk What', 'indonesia merdeka dari penjajahan', 79, NULL, '', 'rancangan', '2025-09-08 14:30:06'),
(91, 'admin_sinergi', 'Administrator Sinergi', 'create', 75, NULL, 'indonesia merdeka dari penjajahan', NULL, 83, NULL, 'Pindah ke Rancangan', '2025-09-15 11:30:46'),
(92, 'admin_sinergi', 'Administrator Sinergi', 'create', 75, NULL, 'indonesia merdeka dari penjajahan', NULL, 87, NULL, 'Pindah ke Musrenbang', '2025-09-15 11:46:37'),
(93, 'admin_sinergi', 'Administrator Sinergi', 'create', 76, NULL, 'ujicoba', NULL, 74, NULL, 'rancangan_awal', '2025-08-24 21:47:25'),
(94, 'admin_sinergi', 'Administrator Sinergi', 'create', 76, NULL, 'ujicoba', NULL, 76, NULL, 'Pindah ke Rancangan Awal', '2025-08-24 22:06:15'),
(95, 'admin_sinergi', 'Administrator Sinergi', 'update', 76, 'ujicoba', 'ujicoba misi', 76, NULL, NULL, 'rancangan', '2025-09-04 14:10:14'),
(96, 'admin_sinergi', 'Administrator Sinergi', 'update', 76, 'ujicoba misi', 'ujicoba misi edit', 76, NULL, NULL, 'rancangan', '2025-09-04 14:10:29'),
(97, 'admin_sinergi', 'Administrator Sinergi', 'delete', 76, 'ujicoba misi edit', NULL, 76, NULL, NULL, 'rancangan', '2025-09-04 14:10:36'),
(98, 'admin_sinergi', 'Administrator Sinergi', 'create', 76, NULL, 'ujicoba misi edit', NULL, 80, NULL, 'Pindah ke Rancangan', '2025-09-15 11:30:46'),
(99, 'admin_sinergi', 'Administrator Sinergi', 'create', 76, NULL, 'ujicoba misi edit', NULL, 84, NULL, 'Pindah ke Musrenbang', '2025-09-15 11:46:38'),
(100, 'admin_sinergi', 'Administrator Sinergi', 'create', 77, NULL, 'Tambah', NULL, 76, NULL, 'rancangan', '2025-09-04 14:11:41'),
(101, 'admin_sinergi', 'Administrator Sinergi', 'update', 77, 'Tambah', 'Tambah misi', 76, NULL, 'misi Penjelasan Pokok visi Pengulang teks adalah tool online sederhana yang memungkinkan Anda mengulang teks sebanyak yang Anda inginkan. Anda kemudian dapat menyalin dan menempelkan teks berulang Anda di mana pun Anda inginkan, termasuk What', 'rancangan', '2025-09-07 16:32:19'),
(102, 'admin_sinergi', 'Administrator Sinergi', 'create', 77, NULL, 'Tambah misi', NULL, 80, NULL, 'Pindah ke Rancangan', '2025-09-15 11:30:46'),
(103, 'admin_sinergi', 'Administrator Sinergi', 'create', 77, NULL, 'Tambah misi', NULL, 84, NULL, 'Pindah ke Musrenbang', '2025-09-15 11:46:38'),
(104, 'admin_sinergi', 'Administrator Sinergi', 'create', 78, NULL, 'ujicoba misi 2', NULL, 74, NULL, 'rancangan_awal', '2025-08-24 21:47:03'),
(105, 'admin_sinergi', 'Administrator Sinergi', 'create', 78, NULL, 'ujicoba misi 2', NULL, 76, NULL, 'Pindah ke Rancangan Awal', '2025-08-24 22:06:15'),
(106, 'admin_sinergi', 'Administrator Sinergi', 'delete', 78, 'ujicoba misi 2', NULL, 76, NULL, NULL, 'rancangan', '2025-08-26 14:08:29'),
(107, 'admin_sinergi', 'Administrator Sinergi', 'restore', 78, 'ujicoba misi 2', NULL, 76, NULL, NULL, 'rancangan', '2025-09-04 14:10:48'),
(108, 'admin_sinergi', 'Administrator Sinergi', 'update', 78, 'ujicoba misi 2', 'misi Penjelasan Pokok visi Pengulang teks adalah tool online sederhana yang memungkinkan Anda mengulang teks sebanyak yang Anda inginkan. Anda kemudian dapat menyalin dan menempelkan teks berulang Anda di mana pun Anda inginkan, termasuk What', 76, NULL, NULL, 'rancangan', '2025-09-07 16:24:00'),
(109, 'admin_sinergi', 'Administrator Sinergi', 'update', 78, 'misi Penjelasan Pokok visi Pengulang teks adalah tool online sederhana yang memungkinkan Anda mengulang teks sebanyak yang Anda inginkan. Anda kemudian dapat menyalin dan menempelkan teks berulang Anda di mana pun Anda inginkan, termasuk What', NULL, 76, 79, NULL, 'rancangan', '2025-09-07 16:29:23'),
(110, 'admin_sinergi', 'Administrator Sinergi', 'delete', 78, 'misi Penjelasan Pokok visi Pengulang teks adalah tool online sederhana yang memungkinkan Anda mengulang teks sebanyak yang Anda inginkan. Anda kemudian dapat menyalin dan menempelkan teks berulang Anda di mana pun Anda inginkan, termasuk What', NULL, 79, NULL, NULL, 'rancangan', '2025-09-07 16:39:05'),
(111, 'admin_sinergi', 'Administrator Sinergi', 'restore', 78, 'misi Penjelasan Pokok visi Pengulang teks adalah tool online sederhana yang memungkinkan Anda mengulang teks sebanyak yang Anda inginkan. Anda kemudian dapat menyalin dan menempelkan teks berulang Anda di mana pun Anda inginkan, termasuk What', NULL, 79, NULL, NULL, 'rancangan', '2025-09-07 16:40:12'),
(112, 'admin_sinergi', 'Administrator Sinergi', 'update', 78, 'misi Penjelasan Pokok visi Pengulang teks adalah tool online sederhana yang memungkinkan Anda mengulang teks sebanyak yang Anda inginkan. Anda kemudian dapat menyalin dan menempelkan teks berulang Anda di mana pun Anda inginkan, termasuk What', 'indonesia merdeka dari penjajahan', 79, NULL, '', 'rancangan', '2025-09-08 14:30:06'),
(113, 'admin_sinergi', 'Administrator Sinergi', 'create', 78, NULL, 'indonesia merdeka dari penjajahan', NULL, 83, NULL, 'Pindah ke Rancangan', '2025-09-15 11:30:46'),
(114, 'admin_sinergi', 'Administrator Sinergi', 'create', 78, NULL, 'indonesia merdeka dari penjajahan', NULL, 87, NULL, 'Pindah ke Musrenbang', '2025-09-15 11:46:38'),
(115, 'admin_sinergi', 'Administrator Sinergi', 'create', 79, NULL, 'ujicoba', NULL, 74, NULL, 'rancangan_awal', '2025-08-24 21:47:25'),
(116, 'admin_sinergi', 'Administrator Sinergi', 'create', 79, NULL, 'ujicoba', NULL, 76, NULL, 'Pindah ke Rancangan Awal', '2025-08-24 22:06:15'),
(117, 'admin_sinergi', 'Administrator Sinergi', 'update', 79, 'ujicoba', 'ujicoba misi', 76, NULL, NULL, 'rancangan', '2025-09-04 14:10:14'),
(118, 'admin_sinergi', 'Administrator Sinergi', 'update', 79, 'ujicoba misi', 'ujicoba misi edit', 76, NULL, NULL, 'rancangan', '2025-09-04 14:10:29'),
(119, 'admin_sinergi', 'Administrator Sinergi', 'delete', 79, 'ujicoba misi edit', NULL, 76, NULL, NULL, 'rancangan', '2025-09-04 14:10:36'),
(120, 'admin_sinergi', 'Administrator Sinergi', 'create', 79, NULL, 'ujicoba misi edit', NULL, 80, NULL, 'Pindah ke Rancangan', '2025-09-15 11:30:46'),
(121, 'admin_sinergi', 'Administrator Sinergi', 'create', 79, NULL, 'ujicoba misi edit', NULL, 84, NULL, 'Pindah ke Musrenbang', '2025-09-15 11:46:37'),
(122, 'admin_sinergi', 'Administrator Sinergi', 'create', 79, NULL, 'ujicoba misi edit', NULL, 88, NULL, 'Pindah ke Final', '2025-09-15 12:53:39'),
(123, 'admin_sinergi', 'Administrator Sinergi', 'create', 80, NULL, 'Tambah', NULL, 76, NULL, 'rancangan', '2025-09-04 14:11:41'),
(124, 'admin_sinergi', 'Administrator Sinergi', 'update', 80, 'Tambah', 'Tambah misi', 76, NULL, 'misi Penjelasan Pokok visi Pengulang teks adalah tool online sederhana yang memungkinkan Anda mengulang teks sebanyak yang Anda inginkan. Anda kemudian dapat menyalin dan menempelkan teks berulang Anda di mana pun Anda inginkan, termasuk What', 'rancangan', '2025-09-07 16:32:19'),
(125, 'admin_sinergi', 'Administrator Sinergi', 'create', 80, NULL, 'Tambah misi', NULL, 80, NULL, 'Pindah ke Rancangan', '2025-09-15 11:30:46'),
(126, 'admin_sinergi', 'Administrator Sinergi', 'create', 80, NULL, 'Tambah misi', NULL, 84, NULL, 'Pindah ke Musrenbang', '2025-09-15 11:46:37'),
(127, 'admin_sinergi', 'Administrator Sinergi', 'create', 80, NULL, 'Tambah misi', NULL, 88, NULL, 'Pindah ke Final', '2025-09-15 12:53:39'),
(128, 'admin_sinergi', 'Administrator Sinergi', 'create', 81, NULL, 'ujicoba', NULL, 74, NULL, 'rancangan_awal', '2025-08-24 21:47:25'),
(129, 'admin_sinergi', 'Administrator Sinergi', 'create', 81, NULL, 'ujicoba', NULL, 76, NULL, 'Pindah ke Rancangan Awal', '2025-08-24 22:06:15'),
(130, 'admin_sinergi', 'Administrator Sinergi', 'update', 81, 'ujicoba', 'ujicoba misi', 76, NULL, NULL, 'rancangan', '2025-09-04 14:10:14'),
(131, 'admin_sinergi', 'Administrator Sinergi', 'update', 81, 'ujicoba misi', 'ujicoba misi edit', 76, NULL, NULL, 'rancangan', '2025-09-04 14:10:29'),
(132, 'admin_sinergi', 'Administrator Sinergi', 'delete', 81, 'ujicoba misi edit', NULL, 76, NULL, NULL, 'rancangan', '2025-09-04 14:10:36'),
(133, 'admin_sinergi', 'Administrator Sinergi', 'create', 81, NULL, 'ujicoba misi edit', NULL, 80, NULL, 'Pindah ke Rancangan', '2025-09-15 11:30:46'),
(134, 'admin_sinergi', 'Administrator Sinergi', 'create', 81, NULL, 'ujicoba misi edit', NULL, 84, NULL, 'Pindah ke Musrenbang', '2025-09-15 11:46:37'),
(135, 'admin_sinergi', 'Administrator Sinergi', 'create', 81, NULL, 'ujicoba misi edit', NULL, 88, NULL, 'Pindah ke Final', '2025-09-15 12:53:39'),
(136, 'admin_sinergi', 'Administrator Sinergi', 'create', 82, NULL, 'Tambah', NULL, 76, NULL, 'rancangan', '2025-09-04 14:11:41'),
(137, 'admin_sinergi', 'Administrator Sinergi', 'update', 82, 'Tambah', 'Tambah misi', 76, NULL, 'misi Penjelasan Pokok visi Pengulang teks adalah tool online sederhana yang memungkinkan Anda mengulang teks sebanyak yang Anda inginkan. Anda kemudian dapat menyalin dan menempelkan teks berulang Anda di mana pun Anda inginkan, termasuk What', 'rancangan', '2025-09-07 16:32:19'),
(138, 'admin_sinergi', 'Administrator Sinergi', 'create', 82, NULL, 'Tambah misi', NULL, 80, NULL, 'Pindah ke Rancangan', '2025-09-15 11:30:46'),
(139, 'admin_sinergi', 'Administrator Sinergi', 'create', 82, NULL, 'Tambah misi', NULL, 84, NULL, 'Pindah ke Musrenbang', '2025-09-15 11:46:37'),
(140, 'admin_sinergi', 'Administrator Sinergi', 'create', 82, NULL, 'Tambah misi', NULL, 88, NULL, 'Pindah ke Final', '2025-09-15 12:53:39'),
(141, 'admin_sinergi', 'Administrator Sinergi', 'create', 83, NULL, 'ujicoba', NULL, 74, NULL, 'rancangan_awal', '2025-08-24 21:47:25'),
(142, 'admin_sinergi', 'Administrator Sinergi', 'create', 83, NULL, 'ujicoba', NULL, 76, NULL, 'Pindah ke Rancangan Awal', '2025-08-24 22:06:15'),
(143, 'admin_sinergi', 'Administrator Sinergi', 'update', 83, 'ujicoba', 'ujicoba misi', 76, NULL, NULL, 'rancangan', '2025-09-04 14:10:14'),
(144, 'admin_sinergi', 'Administrator Sinergi', 'update', 83, 'ujicoba misi', 'ujicoba misi edit', 76, NULL, NULL, 'rancangan', '2025-09-04 14:10:29'),
(145, 'admin_sinergi', 'Administrator Sinergi', 'delete', 83, 'ujicoba misi edit', NULL, 76, NULL, NULL, 'rancangan', '2025-09-04 14:10:36'),
(146, 'admin_sinergi', 'Administrator Sinergi', 'create', 83, NULL, 'ujicoba misi edit', NULL, 80, NULL, 'Pindah ke Rancangan', '2025-09-15 11:30:46'),
(147, 'admin_sinergi', 'Administrator Sinergi', 'create', 83, NULL, 'ujicoba misi edit', NULL, 84, NULL, 'Pindah ke Musrenbang', '2025-09-15 11:46:37'),
(148, 'admin_sinergi', 'Administrator Sinergi', 'create', 83, NULL, 'ujicoba misi edit', NULL, 88, NULL, 'Pindah ke Final', '2025-09-15 12:53:39'),
(149, 'admin_sinergi', 'Administrator Sinergi', 'create', 84, NULL, 'Tambah', NULL, 76, NULL, 'rancangan', '2025-09-04 14:11:41'),
(150, 'admin_sinergi', 'Administrator Sinergi', 'update', 84, 'Tambah', 'Tambah misi', 76, NULL, 'misi Penjelasan Pokok visi Pengulang teks adalah tool online sederhana yang memungkinkan Anda mengulang teks sebanyak yang Anda inginkan. Anda kemudian dapat menyalin dan menempelkan teks berulang Anda di mana pun Anda inginkan, termasuk What', 'rancangan', '2025-09-07 16:32:19'),
(151, 'admin_sinergi', 'Administrator Sinergi', 'create', 84, NULL, 'Tambah misi', NULL, 80, NULL, 'Pindah ke Rancangan', '2025-09-15 11:30:46'),
(152, 'admin_sinergi', 'Administrator Sinergi', 'create', 84, NULL, 'Tambah misi', NULL, 84, NULL, 'Pindah ke Musrenbang', '2025-09-15 11:46:37'),
(153, 'admin_sinergi', 'Administrator Sinergi', 'create', 84, NULL, 'Tambah misi', NULL, 88, NULL, 'Pindah ke Final', '2025-09-15 12:53:39'),
(154, 'admin_sinergi', 'Administrator Sinergi', 'create', 85, NULL, 'ujicoba', NULL, 74, NULL, 'rancangan_awal', '2025-08-24 21:47:25'),
(155, 'admin_sinergi', 'Administrator Sinergi', 'create', 85, NULL, 'ujicoba', NULL, 76, NULL, 'Pindah ke Rancangan Awal', '2025-08-24 22:06:15'),
(156, 'admin_sinergi', 'Administrator Sinergi', 'update', 85, 'ujicoba', 'ujicoba misi', 76, NULL, NULL, 'rancangan', '2025-09-04 14:10:14'),
(157, 'admin_sinergi', 'Administrator Sinergi', 'update', 85, 'ujicoba misi', 'ujicoba misi edit', 76, NULL, NULL, 'rancangan', '2025-09-04 14:10:29'),
(158, 'admin_sinergi', 'Administrator Sinergi', 'delete', 85, 'ujicoba misi edit', NULL, 76, NULL, NULL, 'rancangan', '2025-09-04 14:10:36'),
(159, 'admin_sinergi', 'Administrator Sinergi', 'create', 85, NULL, 'ujicoba misi edit', NULL, 80, NULL, 'Pindah ke Rancangan', '2025-09-15 11:30:46'),
(160, 'admin_sinergi', 'Administrator Sinergi', 'create', 85, NULL, 'ujicoba misi edit', NULL, 84, NULL, 'Pindah ke Musrenbang', '2025-09-15 11:46:37'),
(161, 'admin_sinergi', 'Administrator Sinergi', 'create', 85, NULL, 'ujicoba misi edit', NULL, 88, NULL, 'Pindah ke Final', '2025-09-15 12:53:39'),
(162, 'admin_sinergi', 'Administrator Sinergi', 'create', 86, NULL, 'Tambah', NULL, 76, NULL, 'rancangan', '2025-09-04 14:11:41'),
(163, 'admin_sinergi', 'Administrator Sinergi', 'update', 86, 'Tambah', 'Tambah misi', 76, NULL, 'misi Penjelasan Pokok visi Pengulang teks adalah tool online sederhana yang memungkinkan Anda mengulang teks sebanyak yang Anda inginkan. Anda kemudian dapat menyalin dan menempelkan teks berulang Anda di mana pun Anda inginkan, termasuk What', 'rancangan', '2025-09-07 16:32:19'),
(164, 'admin_sinergi', 'Administrator Sinergi', 'create', 86, NULL, 'Tambah misi', NULL, 80, NULL, 'Pindah ke Rancangan', '2025-09-15 11:30:46'),
(165, 'admin_sinergi', 'Administrator Sinergi', 'create', 86, NULL, 'Tambah misi', NULL, 84, NULL, 'Pindah ke Musrenbang', '2025-09-15 11:46:37'),
(166, 'admin_sinergi', 'Administrator Sinergi', 'create', 86, NULL, 'Tambah misi', NULL, 88, NULL, 'Pindah ke Final', '2025-09-15 12:53:39'),
(167, 'admin_sinergi', 'Administrator Sinergi', 'create', 87, NULL, 'ujicoba', NULL, 74, NULL, 'rancangan_awal', '2025-08-24 21:47:25'),
(168, 'admin_sinergi', 'Administrator Sinergi', 'create', 87, NULL, 'ujicoba', NULL, 76, NULL, 'Pindah ke Rancangan Awal', '2025-08-24 22:06:15'),
(169, 'admin_sinergi', 'Administrator Sinergi', 'update', 87, 'ujicoba', 'ujicoba misi', 76, NULL, NULL, 'rancangan', '2025-09-04 14:10:14'),
(170, 'admin_sinergi', 'Administrator Sinergi', 'update', 87, 'ujicoba misi', 'ujicoba misi edit', 76, NULL, NULL, 'rancangan', '2025-09-04 14:10:29'),
(171, 'admin_sinergi', 'Administrator Sinergi', 'delete', 87, 'ujicoba misi edit', NULL, 76, NULL, NULL, 'rancangan', '2025-09-04 14:10:36'),
(172, 'admin_sinergi', 'Administrator Sinergi', 'create', 87, NULL, 'ujicoba misi edit', NULL, 80, NULL, 'Pindah ke Rancangan', '2025-09-15 11:30:46'),
(173, 'admin_sinergi', 'Administrator Sinergi', 'create', 87, NULL, 'ujicoba misi edit', NULL, 84, NULL, 'Pindah ke Musrenbang', '2025-09-15 11:46:38'),
(174, 'admin_sinergi', 'Administrator Sinergi', 'create', 87, NULL, 'ujicoba misi edit', NULL, 88, NULL, 'Pindah ke Final', '2025-09-15 12:53:39'),
(175, 'admin_sinergi', 'Administrator Sinergi', 'create', 88, NULL, 'Tambah', NULL, 76, NULL, 'rancangan', '2025-09-04 14:11:41'),
(176, 'admin_sinergi', 'Administrator Sinergi', 'update', 88, 'Tambah', 'Tambah misi', 76, NULL, 'misi Penjelasan Pokok visi Pengulang teks adalah tool online sederhana yang memungkinkan Anda mengulang teks sebanyak yang Anda inginkan. Anda kemudian dapat menyalin dan menempelkan teks berulang Anda di mana pun Anda inginkan, termasuk What', 'rancangan', '2025-09-07 16:32:19'),
(177, 'admin_sinergi', 'Administrator Sinergi', 'create', 88, NULL, 'Tambah misi', NULL, 80, NULL, 'Pindah ke Rancangan', '2025-09-15 11:30:46'),
(178, 'admin_sinergi', 'Administrator Sinergi', 'create', 88, NULL, 'Tambah misi', NULL, 84, NULL, 'Pindah ke Musrenbang', '2025-09-15 11:46:38'),
(179, 'admin_sinergi', 'Administrator Sinergi', 'create', 88, NULL, 'Tambah misi', NULL, 88, NULL, 'Pindah ke Final', '2025-09-15 12:53:40'),
(180, 'admin_sinergi', 'Administrator Sinergi', 'create', 89, NULL, 'ujicoba misi 2', NULL, 74, NULL, 'rancangan_awal', '2025-08-24 21:47:03'),
(181, 'admin_sinergi', 'Administrator Sinergi', 'create', 89, NULL, 'ujicoba misi 2', NULL, 76, NULL, 'Pindah ke Rancangan Awal', '2025-08-24 22:06:15'),
(182, 'admin_sinergi', 'Administrator Sinergi', 'delete', 89, 'ujicoba misi 2', NULL, 76, NULL, NULL, 'rancangan', '2025-08-26 14:08:29'),
(183, 'admin_sinergi', 'Administrator Sinergi', 'restore', 89, 'ujicoba misi 2', NULL, 76, NULL, NULL, 'rancangan', '2025-09-04 14:10:48'),
(184, 'admin_sinergi', 'Administrator Sinergi', 'update', 89, 'ujicoba misi 2', 'misi Penjelasan Pokok visi Pengulang teks adalah tool online sederhana yang memungkinkan Anda mengulang teks sebanyak yang Anda inginkan. Anda kemudian dapat menyalin dan menempelkan teks berulang Anda di mana pun Anda inginkan, termasuk What', 76, NULL, NULL, 'rancangan', '2025-09-07 16:24:00'),
(185, 'admin_sinergi', 'Administrator Sinergi', 'update', 89, 'misi Penjelasan Pokok visi Pengulang teks adalah tool online sederhana yang memungkinkan Anda mengulang teks sebanyak yang Anda inginkan. Anda kemudian dapat menyalin dan menempelkan teks berulang Anda di mana pun Anda inginkan, termasuk What', NULL, 76, 79, NULL, 'rancangan', '2025-09-07 16:29:23'),
(186, 'admin_sinergi', 'Administrator Sinergi', 'delete', 89, 'misi Penjelasan Pokok visi Pengulang teks adalah tool online sederhana yang memungkinkan Anda mengulang teks sebanyak yang Anda inginkan. Anda kemudian dapat menyalin dan menempelkan teks berulang Anda di mana pun Anda inginkan, termasuk What', NULL, 79, NULL, NULL, 'rancangan', '2025-09-07 16:39:05'),
(187, 'admin_sinergi', 'Administrator Sinergi', 'restore', 89, 'misi Penjelasan Pokok visi Pengulang teks adalah tool online sederhana yang memungkinkan Anda mengulang teks sebanyak yang Anda inginkan. Anda kemudian dapat menyalin dan menempelkan teks berulang Anda di mana pun Anda inginkan, termasuk What', NULL, 79, NULL, NULL, 'rancangan', '2025-09-07 16:40:12'),
(188, 'admin_sinergi', 'Administrator Sinergi', 'update', 89, 'misi Penjelasan Pokok visi Pengulang teks adalah tool online sederhana yang memungkinkan Anda mengulang teks sebanyak yang Anda inginkan. Anda kemudian dapat menyalin dan menempelkan teks berulang Anda di mana pun Anda inginkan, termasuk What', 'indonesia merdeka dari penjajahan', 79, NULL, '', 'rancangan', '2025-09-08 14:30:06'),
(189, 'admin_sinergi', 'Administrator Sinergi', 'create', 89, NULL, 'indonesia merdeka dari penjajahan', NULL, 83, NULL, 'Pindah ke Rancangan', '2025-09-15 11:30:46'),
(190, 'admin_sinergi', 'Administrator Sinergi', 'create', 89, NULL, 'indonesia merdeka dari penjajahan', NULL, 87, NULL, 'Pindah ke Musrenbang', '2025-09-15 11:46:37'),
(191, 'admin_sinergi', 'Administrator Sinergi', 'create', 89, NULL, 'indonesia merdeka dari penjajahan', NULL, 91, NULL, 'Pindah ke Final', '2025-09-15 12:53:40'),
(192, 'admin_sinergi', 'Administrator Sinergi', 'create', 90, NULL, 'ujicoba misi 2', NULL, 74, NULL, 'rancangan_awal', '2025-08-24 21:47:03'),
(193, 'admin_sinergi', 'Administrator Sinergi', 'create', 90, NULL, 'ujicoba misi 2', NULL, 76, NULL, 'Pindah ke Rancangan Awal', '2025-08-24 22:06:15'),
(194, 'admin_sinergi', 'Administrator Sinergi', 'delete', 90, 'ujicoba misi 2', NULL, 76, NULL, NULL, 'rancangan', '2025-08-26 14:08:29'),
(195, 'admin_sinergi', 'Administrator Sinergi', 'restore', 90, 'ujicoba misi 2', NULL, 76, NULL, NULL, 'rancangan', '2025-09-04 14:10:48'),
(196, 'admin_sinergi', 'Administrator Sinergi', 'update', 90, 'ujicoba misi 2', 'misi Penjelasan Pokok visi Pengulang teks adalah tool online sederhana yang memungkinkan Anda mengulang teks sebanyak yang Anda inginkan. Anda kemudian dapat menyalin dan menempelkan teks berulang Anda di mana pun Anda inginkan, termasuk What', 76, NULL, NULL, 'rancangan', '2025-09-07 16:24:00'),
(197, 'admin_sinergi', 'Administrator Sinergi', 'update', 90, 'misi Penjelasan Pokok visi Pengulang teks adalah tool online sederhana yang memungkinkan Anda mengulang teks sebanyak yang Anda inginkan. Anda kemudian dapat menyalin dan menempelkan teks berulang Anda di mana pun Anda inginkan, termasuk What', NULL, 76, 79, NULL, 'rancangan', '2025-09-07 16:29:23'),
(198, 'admin_sinergi', 'Administrator Sinergi', 'delete', 90, 'misi Penjelasan Pokok visi Pengulang teks adalah tool online sederhana yang memungkinkan Anda mengulang teks sebanyak yang Anda inginkan. Anda kemudian dapat menyalin dan menempelkan teks berulang Anda di mana pun Anda inginkan, termasuk What', NULL, 79, NULL, NULL, 'rancangan', '2025-09-07 16:39:05'),
(199, 'admin_sinergi', 'Administrator Sinergi', 'restore', 90, 'misi Penjelasan Pokok visi Pengulang teks adalah tool online sederhana yang memungkinkan Anda mengulang teks sebanyak yang Anda inginkan. Anda kemudian dapat menyalin dan menempelkan teks berulang Anda di mana pun Anda inginkan, termasuk What', NULL, 79, NULL, NULL, 'rancangan', '2025-09-07 16:40:12'),
(200, 'admin_sinergi', 'Administrator Sinergi', 'update', 90, 'misi Penjelasan Pokok visi Pengulang teks adalah tool online sederhana yang memungkinkan Anda mengulang teks sebanyak yang Anda inginkan. Anda kemudian dapat menyalin dan menempelkan teks berulang Anda di mana pun Anda inginkan, termasuk What', 'indonesia merdeka dari penjajahan', 79, NULL, '', 'rancangan', '2025-09-08 14:30:06'),
(201, 'admin_sinergi', 'Administrator Sinergi', 'create', 90, NULL, 'indonesia merdeka dari penjajahan', NULL, 83, NULL, 'Pindah ke Rancangan', '2025-09-15 11:30:46'),
(202, 'admin_sinergi', 'Administrator Sinergi', 'create', 90, NULL, 'indonesia merdeka dari penjajahan', NULL, 87, NULL, 'Pindah ke Musrenbang', '2025-09-15 11:46:38'),
(203, 'admin_sinergi', 'Administrator Sinergi', 'create', 90, NULL, 'indonesia merdeka dari penjajahan', NULL, 91, NULL, 'Pindah ke Final', '2025-09-15 12:53:40'),
(204, 'admin_sinergi', 'Administrator Sinergi', 'create', 91, NULL, 'ujicoba', NULL, 74, NULL, 'rancangan_awal', '2025-08-24 21:47:25'),
(205, 'admin_sinergi', 'Administrator Sinergi', 'create', 91, NULL, 'ujicoba', NULL, 76, NULL, 'Pindah ke Rancangan Awal', '2025-08-24 22:06:15'),
(206, 'admin_sinergi', 'Administrator Sinergi', 'update', 91, 'ujicoba', 'ujicoba misi', 76, NULL, NULL, 'rancangan', '2025-09-04 14:10:14'),
(207, 'admin_sinergi', 'Administrator Sinergi', 'update', 91, 'ujicoba misi', 'ujicoba misi edit', 76, NULL, NULL, 'rancangan', '2025-09-04 14:10:29'),
(208, 'admin_sinergi', 'Administrator Sinergi', 'delete', 91, 'ujicoba misi edit', NULL, 76, NULL, NULL, 'rancangan', '2025-09-04 14:10:36'),
(209, 'admin_sinergi', 'Administrator Sinergi', 'create', 91, NULL, 'ujicoba misi edit', NULL, 80, NULL, 'Pindah ke Rancangan', '2025-09-15 11:30:46'),
(210, 'admin_sinergi', 'Administrator Sinergi', 'create', 91, NULL, 'ujicoba misi edit', NULL, 84, NULL, 'Pindah ke Musrenbang', '2025-09-15 11:46:37'),
(211, 'admin_sinergi', 'Administrator Sinergi', 'create', 91, NULL, 'ujicoba misi edit', NULL, 88, NULL, 'Pindah ke Final', '2025-09-15 12:53:39'),
(212, 'admin_sinergi', 'Administrator Sinergi', 'create', 91, NULL, 'ujicoba misi edit', NULL, 92, NULL, 'Pindah ke Perubahan ke-1', '2025-09-22 00:20:21'),
(213, 'admin_sinergi', 'Administrator Sinergi', 'create', 92, NULL, 'Tambah', NULL, 76, NULL, 'rancangan', '2025-09-04 14:11:41'),
(214, 'admin_sinergi', 'Administrator Sinergi', 'update', 92, 'Tambah', 'Tambah misi', 76, NULL, 'misi Penjelasan Pokok visi Pengulang teks adalah tool online sederhana yang memungkinkan Anda mengulang teks sebanyak yang Anda inginkan. Anda kemudian dapat menyalin dan menempelkan teks berulang Anda di mana pun Anda inginkan, termasuk What', 'rancangan', '2025-09-07 16:32:19'),
(215, 'admin_sinergi', 'Administrator Sinergi', 'create', 92, NULL, 'Tambah misi', NULL, 80, NULL, 'Pindah ke Rancangan', '2025-09-15 11:30:46'),
(216, 'admin_sinergi', 'Administrator Sinergi', 'create', 92, NULL, 'Tambah misi', NULL, 84, NULL, 'Pindah ke Musrenbang', '2025-09-15 11:46:37'),
(217, 'admin_sinergi', 'Administrator Sinergi', 'create', 92, NULL, 'Tambah misi', NULL, 88, NULL, 'Pindah ke Final', '2025-09-15 12:53:39'),
(218, 'admin_sinergi', 'Administrator Sinergi', 'create', 92, NULL, 'Tambah misi', NULL, 92, NULL, 'Pindah ke Perubahan ke-1', '2025-09-22 00:20:21'),
(219, 'admin_sinergi', 'Administrator Sinergi', 'create', 93, NULL, 'ujicoba', NULL, 74, NULL, 'rancangan_awal', '2025-08-24 21:47:25'),
(220, 'admin_sinergi', 'Administrator Sinergi', 'create', 93, NULL, 'ujicoba', NULL, 76, NULL, 'Pindah ke Rancangan Awal', '2025-08-24 22:06:15'),
(221, 'admin_sinergi', 'Administrator Sinergi', 'update', 93, 'ujicoba', 'ujicoba misi', 76, NULL, NULL, 'rancangan', '2025-09-04 14:10:14'),
(222, 'admin_sinergi', 'Administrator Sinergi', 'update', 93, 'ujicoba misi', 'ujicoba misi edit', 76, NULL, NULL, 'rancangan', '2025-09-04 14:10:29'),
(223, 'admin_sinergi', 'Administrator Sinergi', 'delete', 93, 'ujicoba misi edit', NULL, 76, NULL, NULL, 'rancangan', '2025-09-04 14:10:36'),
(224, 'admin_sinergi', 'Administrator Sinergi', 'create', 93, NULL, 'ujicoba misi edit', NULL, 80, NULL, 'Pindah ke Rancangan', '2025-09-15 11:30:46'),
(225, 'admin_sinergi', 'Administrator Sinergi', 'create', 93, NULL, 'ujicoba misi edit', NULL, 84, NULL, 'Pindah ke Musrenbang', '2025-09-15 11:46:37'),
(226, 'admin_sinergi', 'Administrator Sinergi', 'create', 93, NULL, 'ujicoba misi edit', NULL, 88, NULL, 'Pindah ke Final', '2025-09-15 12:53:39'),
(227, 'admin_sinergi', 'Administrator Sinergi', 'create', 93, NULL, 'ujicoba misi edit', NULL, 92, NULL, 'Pindah ke Perubahan ke-1', '2025-09-22 00:20:21'),
(228, 'admin_sinergi', 'Administrator Sinergi', 'create', 94, NULL, 'Tambah', NULL, 76, NULL, 'rancangan', '2025-09-04 14:11:41'),
(229, 'admin_sinergi', 'Administrator Sinergi', 'update', 94, 'Tambah', 'Tambah misi', 76, NULL, 'misi Penjelasan Pokok visi Pengulang teks adalah tool online sederhana yang memungkinkan Anda mengulang teks sebanyak yang Anda inginkan. Anda kemudian dapat menyalin dan menempelkan teks berulang Anda di mana pun Anda inginkan, termasuk What', 'rancangan', '2025-09-07 16:32:19'),
(230, 'admin_sinergi', 'Administrator Sinergi', 'create', 94, NULL, 'Tambah misi', NULL, 80, NULL, 'Pindah ke Rancangan', '2025-09-15 11:30:46'),
(231, 'admin_sinergi', 'Administrator Sinergi', 'create', 94, NULL, 'Tambah misi', NULL, 84, NULL, 'Pindah ke Musrenbang', '2025-09-15 11:46:37'),
(232, 'admin_sinergi', 'Administrator Sinergi', 'create', 94, NULL, 'Tambah misi', NULL, 88, NULL, 'Pindah ke Final', '2025-09-15 12:53:39'),
(233, 'admin_sinergi', 'Administrator Sinergi', 'create', 94, NULL, 'Tambah misi', NULL, 92, NULL, 'Pindah ke Perubahan ke-1', '2025-09-22 00:20:21'),
(234, 'admin_sinergi', 'Administrator Sinergi', 'create', 95, NULL, 'ujicoba', NULL, 74, NULL, 'rancangan_awal', '2025-08-24 21:47:25'),
(235, 'admin_sinergi', 'Administrator Sinergi', 'create', 95, NULL, 'ujicoba', NULL, 76, NULL, 'Pindah ke Rancangan Awal', '2025-08-24 22:06:15'),
(236, 'admin_sinergi', 'Administrator Sinergi', 'update', 95, 'ujicoba', 'ujicoba misi', 76, NULL, NULL, 'rancangan', '2025-09-04 14:10:14'),
(237, 'admin_sinergi', 'Administrator Sinergi', 'update', 95, 'ujicoba misi', 'ujicoba misi edit', 76, NULL, NULL, 'rancangan', '2025-09-04 14:10:29'),
(238, 'admin_sinergi', 'Administrator Sinergi', 'delete', 95, 'ujicoba misi edit', NULL, 76, NULL, NULL, 'rancangan', '2025-09-04 14:10:36'),
(239, 'admin_sinergi', 'Administrator Sinergi', 'create', 95, NULL, 'ujicoba misi edit', NULL, 80, NULL, 'Pindah ke Rancangan', '2025-09-15 11:30:46'),
(240, 'admin_sinergi', 'Administrator Sinergi', 'create', 95, NULL, 'ujicoba misi edit', NULL, 84, NULL, 'Pindah ke Musrenbang', '2025-09-15 11:46:37'),
(241, 'admin_sinergi', 'Administrator Sinergi', 'create', 95, NULL, 'ujicoba misi edit', NULL, 88, NULL, 'Pindah ke Final', '2025-09-15 12:53:39'),
(242, 'admin_sinergi', 'Administrator Sinergi', 'create', 95, NULL, 'ujicoba misi edit', NULL, 92, NULL, 'Pindah ke Perubahan ke-1', '2025-09-22 00:20:22'),
(243, 'admin_sinergi', 'Administrator Sinergi', 'create', 96, NULL, 'Tambah', NULL, 76, NULL, 'rancangan', '2025-09-04 14:11:41'),
(244, 'admin_sinergi', 'Administrator Sinergi', 'update', 96, 'Tambah', 'Tambah misi', 76, NULL, 'misi Penjelasan Pokok visi Pengulang teks adalah tool online sederhana yang memungkinkan Anda mengulang teks sebanyak yang Anda inginkan. Anda kemudian dapat menyalin dan menempelkan teks berulang Anda di mana pun Anda inginkan, termasuk What', 'rancangan', '2025-09-07 16:32:19'),
(245, 'admin_sinergi', 'Administrator Sinergi', 'create', 96, NULL, 'Tambah misi', NULL, 80, NULL, 'Pindah ke Rancangan', '2025-09-15 11:30:46'),
(246, 'admin_sinergi', 'Administrator Sinergi', 'create', 96, NULL, 'Tambah misi', NULL, 84, NULL, 'Pindah ke Musrenbang', '2025-09-15 11:46:37'),
(247, 'admin_sinergi', 'Administrator Sinergi', 'create', 96, NULL, 'Tambah misi', NULL, 88, NULL, 'Pindah ke Final', '2025-09-15 12:53:39'),
(248, 'admin_sinergi', 'Administrator Sinergi', 'create', 96, NULL, 'Tambah misi', NULL, 92, NULL, 'Pindah ke Perubahan ke-1', '2025-09-22 00:20:22'),
(249, 'admin_sinergi', 'Administrator Sinergi', 'create', 97, NULL, 'ujicoba', NULL, 74, NULL, 'rancangan_awal', '2025-08-24 21:47:25'),
(250, 'admin_sinergi', 'Administrator Sinergi', 'create', 97, NULL, 'ujicoba', NULL, 76, NULL, 'Pindah ke Rancangan Awal', '2025-08-24 22:06:15'),
(251, 'admin_sinergi', 'Administrator Sinergi', 'update', 97, 'ujicoba', 'ujicoba misi', 76, NULL, NULL, 'rancangan', '2025-09-04 14:10:14'),
(252, 'admin_sinergi', 'Administrator Sinergi', 'update', 97, 'ujicoba misi', 'ujicoba misi edit', 76, NULL, NULL, 'rancangan', '2025-09-04 14:10:29'),
(253, 'admin_sinergi', 'Administrator Sinergi', 'delete', 97, 'ujicoba misi edit', NULL, 76, NULL, NULL, 'rancangan', '2025-09-04 14:10:36'),
(254, 'admin_sinergi', 'Administrator Sinergi', 'create', 97, NULL, 'ujicoba misi edit', NULL, 80, NULL, 'Pindah ke Rancangan', '2025-09-15 11:30:46'),
(255, 'admin_sinergi', 'Administrator Sinergi', 'create', 97, NULL, 'ujicoba misi edit', NULL, 84, NULL, 'Pindah ke Musrenbang', '2025-09-15 11:46:37'),
(256, 'admin_sinergi', 'Administrator Sinergi', 'create', 97, NULL, 'ujicoba misi edit', NULL, 88, NULL, 'Pindah ke Final', '2025-09-15 12:53:39'),
(257, 'admin_sinergi', 'Administrator Sinergi', 'create', 97, NULL, 'ujicoba misi edit', NULL, 92, NULL, 'Pindah ke Perubahan ke-1', '2025-09-22 00:20:22'),
(258, 'admin_sinergi', 'Administrator Sinergi', 'create', 98, NULL, 'Tambah', NULL, 76, NULL, 'rancangan', '2025-09-04 14:11:41'),
(259, 'admin_sinergi', 'Administrator Sinergi', 'update', 98, 'Tambah', 'Tambah misi', 76, NULL, 'misi Penjelasan Pokok visi Pengulang teks adalah tool online sederhana yang memungkinkan Anda mengulang teks sebanyak yang Anda inginkan. Anda kemudian dapat menyalin dan menempelkan teks berulang Anda di mana pun Anda inginkan, termasuk What', 'rancangan', '2025-09-07 16:32:19'),
(260, 'admin_sinergi', 'Administrator Sinergi', 'create', 98, NULL, 'Tambah misi', NULL, 80, NULL, 'Pindah ke Rancangan', '2025-09-15 11:30:46'),
(261, 'admin_sinergi', 'Administrator Sinergi', 'create', 98, NULL, 'Tambah misi', NULL, 84, NULL, 'Pindah ke Musrenbang', '2025-09-15 11:46:37'),
(262, 'admin_sinergi', 'Administrator Sinergi', 'create', 98, NULL, 'Tambah misi', NULL, 88, NULL, 'Pindah ke Final', '2025-09-15 12:53:39'),
(263, 'admin_sinergi', 'Administrator Sinergi', 'create', 98, NULL, 'Tambah misi', NULL, 92, NULL, 'Pindah ke Perubahan ke-1', '2025-09-22 00:20:22'),
(264, 'admin_sinergi', 'Administrator Sinergi', 'create', 99, NULL, 'ujicoba', NULL, 74, NULL, 'rancangan_awal', '2025-08-24 21:47:25'),
(265, 'admin_sinergi', 'Administrator Sinergi', 'create', 99, NULL, 'ujicoba', NULL, 76, NULL, 'Pindah ke Rancangan Awal', '2025-08-24 22:06:15'),
(266, 'admin_sinergi', 'Administrator Sinergi', 'update', 99, 'ujicoba', 'ujicoba misi', 76, NULL, NULL, 'rancangan', '2025-09-04 14:10:14'),
(267, 'admin_sinergi', 'Administrator Sinergi', 'update', 99, 'ujicoba misi', 'ujicoba misi edit', 76, NULL, NULL, 'rancangan', '2025-09-04 14:10:29'),
(268, 'admin_sinergi', 'Administrator Sinergi', 'delete', 99, 'ujicoba misi edit', NULL, 76, NULL, NULL, 'rancangan', '2025-09-04 14:10:36'),
(269, 'admin_sinergi', 'Administrator Sinergi', 'create', 99, NULL, 'ujicoba misi edit', NULL, 80, NULL, 'Pindah ke Rancangan', '2025-09-15 11:30:46'),
(270, 'admin_sinergi', 'Administrator Sinergi', 'create', 99, NULL, 'ujicoba misi edit', NULL, 84, NULL, 'Pindah ke Musrenbang', '2025-09-15 11:46:38'),
(271, 'admin_sinergi', 'Administrator Sinergi', 'create', 99, NULL, 'ujicoba misi edit', NULL, 88, NULL, 'Pindah ke Final', '2025-09-15 12:53:39'),
(272, 'admin_sinergi', 'Administrator Sinergi', 'create', 99, NULL, 'ujicoba misi edit', NULL, 92, NULL, 'Pindah ke Perubahan ke-1', '2025-09-22 00:20:22');
INSERT INTO `history_misi` (`id`, `username`, `nama`, `aksi`, `record_id`, `uraian_misi_old`, `uraian_misi_new`, `id_pokok_visi_old`, `id_pokok_visi_new`, `catatan`, `tahapan`, `created_at`) VALUES
(273, 'admin_sinergi', 'Administrator Sinergi', 'create', 100, NULL, 'Tambah', NULL, 76, NULL, 'rancangan', '2025-09-04 14:11:41'),
(274, 'admin_sinergi', 'Administrator Sinergi', 'update', 100, 'Tambah', 'Tambah misi', 76, NULL, 'misi Penjelasan Pokok visi Pengulang teks adalah tool online sederhana yang memungkinkan Anda mengulang teks sebanyak yang Anda inginkan. Anda kemudian dapat menyalin dan menempelkan teks berulang Anda di mana pun Anda inginkan, termasuk What', 'rancangan', '2025-09-07 16:32:19'),
(275, 'admin_sinergi', 'Administrator Sinergi', 'create', 100, NULL, 'Tambah misi', NULL, 80, NULL, 'Pindah ke Rancangan', '2025-09-15 11:30:46'),
(276, 'admin_sinergi', 'Administrator Sinergi', 'create', 100, NULL, 'Tambah misi', NULL, 84, NULL, 'Pindah ke Musrenbang', '2025-09-15 11:46:38'),
(277, 'admin_sinergi', 'Administrator Sinergi', 'create', 100, NULL, 'Tambah misi', NULL, 88, NULL, 'Pindah ke Final', '2025-09-15 12:53:40'),
(278, 'admin_sinergi', 'Administrator Sinergi', 'create', 100, NULL, 'Tambah misi', NULL, 92, NULL, 'Pindah ke Perubahan ke-1', '2025-09-22 00:20:22'),
(279, 'admin_sinergi', 'Administrator Sinergi', 'create', 101, NULL, 'ujicoba misi 2', NULL, 74, NULL, 'rancangan_awal', '2025-08-24 21:47:03'),
(280, 'admin_sinergi', 'Administrator Sinergi', 'create', 101, NULL, 'ujicoba misi 2', NULL, 76, NULL, 'Pindah ke Rancangan Awal', '2025-08-24 22:06:15'),
(281, 'admin_sinergi', 'Administrator Sinergi', 'delete', 101, 'ujicoba misi 2', NULL, 76, NULL, NULL, 'rancangan', '2025-08-26 14:08:29'),
(282, 'admin_sinergi', 'Administrator Sinergi', 'restore', 101, 'ujicoba misi 2', NULL, 76, NULL, NULL, 'rancangan', '2025-09-04 14:10:48'),
(283, 'admin_sinergi', 'Administrator Sinergi', 'update', 101, 'ujicoba misi 2', 'misi Penjelasan Pokok visi Pengulang teks adalah tool online sederhana yang memungkinkan Anda mengulang teks sebanyak yang Anda inginkan. Anda kemudian dapat menyalin dan menempelkan teks berulang Anda di mana pun Anda inginkan, termasuk What', 76, NULL, NULL, 'rancangan', '2025-09-07 16:24:00'),
(284, 'admin_sinergi', 'Administrator Sinergi', 'update', 101, 'misi Penjelasan Pokok visi Pengulang teks adalah tool online sederhana yang memungkinkan Anda mengulang teks sebanyak yang Anda inginkan. Anda kemudian dapat menyalin dan menempelkan teks berulang Anda di mana pun Anda inginkan, termasuk What', NULL, 76, 79, NULL, 'rancangan', '2025-09-07 16:29:23'),
(285, 'admin_sinergi', 'Administrator Sinergi', 'delete', 101, 'misi Penjelasan Pokok visi Pengulang teks adalah tool online sederhana yang memungkinkan Anda mengulang teks sebanyak yang Anda inginkan. Anda kemudian dapat menyalin dan menempelkan teks berulang Anda di mana pun Anda inginkan, termasuk What', NULL, 79, NULL, NULL, 'rancangan', '2025-09-07 16:39:05'),
(286, 'admin_sinergi', 'Administrator Sinergi', 'restore', 101, 'misi Penjelasan Pokok visi Pengulang teks adalah tool online sederhana yang memungkinkan Anda mengulang teks sebanyak yang Anda inginkan. Anda kemudian dapat menyalin dan menempelkan teks berulang Anda di mana pun Anda inginkan, termasuk What', NULL, 79, NULL, NULL, 'rancangan', '2025-09-07 16:40:12'),
(287, 'admin_sinergi', 'Administrator Sinergi', 'update', 101, 'misi Penjelasan Pokok visi Pengulang teks adalah tool online sederhana yang memungkinkan Anda mengulang teks sebanyak yang Anda inginkan. Anda kemudian dapat menyalin dan menempelkan teks berulang Anda di mana pun Anda inginkan, termasuk What', 'indonesia merdeka dari penjajahan', 79, NULL, '', 'rancangan', '2025-09-08 14:30:06'),
(288, 'admin_sinergi', 'Administrator Sinergi', 'create', 101, NULL, 'indonesia merdeka dari penjajahan', NULL, 83, NULL, 'Pindah ke Rancangan', '2025-09-15 11:30:46'),
(289, 'admin_sinergi', 'Administrator Sinergi', 'create', 101, NULL, 'indonesia merdeka dari penjajahan', NULL, 87, NULL, 'Pindah ke Musrenbang', '2025-09-15 11:46:37'),
(290, 'admin_sinergi', 'Administrator Sinergi', 'create', 101, NULL, 'indonesia merdeka dari penjajahan', NULL, 91, NULL, 'Pindah ke Final', '2025-09-15 12:53:40'),
(291, 'admin_sinergi', 'Administrator Sinergi', 'create', 101, NULL, 'indonesia merdeka dari penjajahan', NULL, 95, NULL, 'Pindah ke Perubahan ke-1', '2025-09-22 00:20:22'),
(292, 'admin_sinergi', 'Administrator Sinergi', 'create', 102, NULL, 'ujicoba misi 2', NULL, 74, NULL, 'rancangan_awal', '2025-08-24 21:47:03'),
(293, 'admin_sinergi', 'Administrator Sinergi', 'create', 102, NULL, 'ujicoba misi 2', NULL, 76, NULL, 'Pindah ke Rancangan Awal', '2025-08-24 22:06:15'),
(294, 'admin_sinergi', 'Administrator Sinergi', 'delete', 102, 'ujicoba misi 2', NULL, 76, NULL, NULL, 'rancangan', '2025-08-26 14:08:29'),
(295, 'admin_sinergi', 'Administrator Sinergi', 'restore', 102, 'ujicoba misi 2', NULL, 76, NULL, NULL, 'rancangan', '2025-09-04 14:10:48'),
(296, 'admin_sinergi', 'Administrator Sinergi', 'update', 102, 'ujicoba misi 2', 'misi Penjelasan Pokok visi Pengulang teks adalah tool online sederhana yang memungkinkan Anda mengulang teks sebanyak yang Anda inginkan. Anda kemudian dapat menyalin dan menempelkan teks berulang Anda di mana pun Anda inginkan, termasuk What', 76, NULL, NULL, 'rancangan', '2025-09-07 16:24:00'),
(297, 'admin_sinergi', 'Administrator Sinergi', 'update', 102, 'misi Penjelasan Pokok visi Pengulang teks adalah tool online sederhana yang memungkinkan Anda mengulang teks sebanyak yang Anda inginkan. Anda kemudian dapat menyalin dan menempelkan teks berulang Anda di mana pun Anda inginkan, termasuk What', NULL, 76, 79, NULL, 'rancangan', '2025-09-07 16:29:23'),
(298, 'admin_sinergi', 'Administrator Sinergi', 'delete', 102, 'misi Penjelasan Pokok visi Pengulang teks adalah tool online sederhana yang memungkinkan Anda mengulang teks sebanyak yang Anda inginkan. Anda kemudian dapat menyalin dan menempelkan teks berulang Anda di mana pun Anda inginkan, termasuk What', NULL, 79, NULL, NULL, 'rancangan', '2025-09-07 16:39:05'),
(299, 'admin_sinergi', 'Administrator Sinergi', 'restore', 102, 'misi Penjelasan Pokok visi Pengulang teks adalah tool online sederhana yang memungkinkan Anda mengulang teks sebanyak yang Anda inginkan. Anda kemudian dapat menyalin dan menempelkan teks berulang Anda di mana pun Anda inginkan, termasuk What', NULL, 79, NULL, NULL, 'rancangan', '2025-09-07 16:40:12'),
(300, 'admin_sinergi', 'Administrator Sinergi', 'update', 102, 'misi Penjelasan Pokok visi Pengulang teks adalah tool online sederhana yang memungkinkan Anda mengulang teks sebanyak yang Anda inginkan. Anda kemudian dapat menyalin dan menempelkan teks berulang Anda di mana pun Anda inginkan, termasuk What', 'indonesia merdeka dari penjajahan', 79, NULL, '', 'rancangan', '2025-09-08 14:30:06'),
(301, 'admin_sinergi', 'Administrator Sinergi', 'create', 102, NULL, 'indonesia merdeka dari penjajahan', NULL, 83, NULL, 'Pindah ke Rancangan', '2025-09-15 11:30:46'),
(302, 'admin_sinergi', 'Administrator Sinergi', 'create', 102, NULL, 'indonesia merdeka dari penjajahan', NULL, 87, NULL, 'Pindah ke Musrenbang', '2025-09-15 11:46:38'),
(303, 'admin_sinergi', 'Administrator Sinergi', 'create', 102, NULL, 'indonesia merdeka dari penjajahan', NULL, 91, NULL, 'Pindah ke Final', '2025-09-15 12:53:40'),
(304, 'admin_sinergi', 'Administrator Sinergi', 'create', 102, NULL, 'indonesia merdeka dari penjajahan', NULL, 95, NULL, 'Pindah ke Perubahan ke-1', '2025-09-22 00:20:22'),
(305, 'admin_sinergi', 'Administrator Sinergi', 'create', 103, NULL, 'Untuk mengetahui jumlah karakter dalam teks, Anda dapat membuka dokumen Anda dengan Word atau LibreOffice. Sebagai alternatif, Anda dapat menggunakan alat online seperti Penghitung Karakter untuk menghitung jumlah karakter dalam suatu dokumen.', NULL, 95, NULL, 'perubahan_ke-1', '2025-09-22 00:21:44'),
(306, 'admin_sinergi', 'Administrator Sinergi', 'update', 103, 'Untuk mengetahui jumlah karakter dalam teks, Anda dapat membuka dokumen Anda dengan Word atau LibreOffice. Sebagai alternatif, Anda dapat menggunakan alat online seperti Penghitung Karakter untuk menghitung jumlah karakter dalam suatu dokumen.', NULL, 95, 92, '', 'perubahan_ke-1', '2025-09-22 00:41:12');

-- --------------------------------------------------------

--
-- Table structure for table `history_periode`
--

CREATE TABLE `history_periode` (
  `id` bigint UNSIGNED NOT NULL,
  `username` varchar(255) NOT NULL,
  `nama` varchar(255) NOT NULL,
  `aksi` varchar(20) NOT NULL,
  `record_id` bigint UNSIGNED NOT NULL,
  `jenis_perencanaan_old` text,
  `jenis_perencanaan_new` text,
  `tahun_awal_old` smallint DEFAULT NULL,
  `tahun_awal_new` smallint DEFAULT NULL,
  `tahun_akhir_old` smallint DEFAULT NULL,
  `tahun_akhir_new` smallint DEFAULT NULL,
  `id_parent_periode_old` text CHARACTER SET utf8mb4 COLLATE utf8mb4_0900_ai_ci,
  `id_parent_periode_new` text CHARACTER SET utf8mb4 COLLATE utf8mb4_0900_ai_ci,
  `created_at` datetime NOT NULL
) ENGINE=InnoDB DEFAULT CHARSET=utf8mb4 COLLATE=utf8mb4_0900_ai_ci;

--
-- Dumping data for table `history_periode`
--

INSERT INTO `history_periode` (`id`, `username`, `nama`, `aksi`, `record_id`, `jenis_perencanaan_old`, `jenis_perencanaan_new`, `tahun_awal_old`, `tahun_awal_new`, `tahun_akhir_old`, `tahun_akhir_new`, `id_parent_periode_old`, `id_parent_periode_new`, `created_at`) VALUES
(1, 'admin_sinergi', 'Administrator Sinergi', 'create', 79, NULL, 'RPJMD', NULL, 2025, NULL, 2030, NULL, '78', '2025-08-25 00:02:22');

-- --------------------------------------------------------

--
-- Table structure for table `history_pokok_visi`
--

CREATE TABLE `history_pokok_visi` (
  `id` bigint UNSIGNED NOT NULL,
  `username` varchar(255) CHARACTER SET utf8mb4 COLLATE utf8mb4_0900_ai_ci NOT NULL,
  `nama` varchar(255) CHARACTER SET utf8mb4 COLLATE utf8mb4_0900_ai_ci NOT NULL,
  `aksi` varchar(20) NOT NULL,
  `record_id` bigint UNSIGNED NOT NULL,
  `uraian_pokok_visi_old` text CHARACTER SET utf8mb4 COLLATE utf8mb4_0900_ai_ci,
  `uraian_pokok_visi_new` text CHARACTER SET utf8mb4 COLLATE utf8mb4_0900_ai_ci,
  `penjelasan_pokok_visi_old` text CHARACTER SET utf8mb4 COLLATE utf8mb4_0900_ai_ci,
  `penjelasan_pokok_visi_new` text CHARACTER SET utf8mb4 COLLATE utf8mb4_0900_ai_ci,
  `id_visi` int NOT NULL,
  `catatan` text,
  `tahapan` varchar(255) CHARACTER SET utf8mb4 COLLATE utf8mb4_0900_ai_ci NOT NULL,
  `created_at` datetime NOT NULL
) ENGINE=InnoDB DEFAULT CHARSET=utf8mb4 COLLATE=utf8mb4_0900_ai_ci;

--
-- Dumping data for table `history_pokok_visi`
--

INSERT INTO `history_pokok_visi` (`id`, `username`, `nama`, `aksi`, `record_id`, `uraian_pokok_visi_old`, `uraian_pokok_visi_new`, `penjelasan_pokok_visi_old`, `penjelasan_pokok_visi_new`, `id_visi`, `catatan`, `tahapan`, `created_at`) VALUES
(1, 'admin_sinergi', 'Administrator Sinergi', 'create', 74, NULL, 'pokok visi', NULL, 'okok visi ujicoba', 51, NULL, 'rancangan_awal', '2025-08-24 21:42:39'),
(2, 'admin_sinergi', 'Administrator Sinergi', 'create', 75, NULL, 'pokok visi', NULL, 'visi hapus', 51, NULL, 'rancangan_awal', '2025-08-24 21:42:54'),
(3, 'admin_sinergi', 'Administrator Sinergi', 'delete', 75, 'pokok visi', NULL, 'visi hapus', NULL, 51, NULL, 'rancangan_awal', '2025-08-24 21:43:42'),
(4, 'admin_sinergi', 'Administrator Sinergi', 'create', 76, NULL, 'pokok visi', NULL, 'okok visi ujicoba', 51, NULL, 'rancangan_awal', '2025-08-24 21:42:39'),
(5, 'admin_sinergi', 'Administrator Sinergi', 'create', 76, NULL, 'pokok visi', NULL, 'okok visi ujicoba', 52, NULL, 'Pindah ke Rancangan', '2025-08-24 22:06:15'),
(6, 'admin_sinergi', 'Administrator Sinergi', 'create', 77, NULL, 'pokok visi', NULL, 'visi hapus', 51, NULL, 'rancangan_awal', '2025-08-24 21:42:54'),
(7, 'admin_sinergi', 'Administrator Sinergi', 'delete', 77, 'pokok visi', NULL, 'visi hapus', NULL, 51, NULL, 'rancangan_awal', '2025-08-24 21:43:42'),
(8, 'admin_sinergi', 'Administrator Sinergi', 'create', 77, NULL, 'pokok visi', NULL, 'visi hapus', 52, NULL, 'Pindah ke Rancangan', '2025-08-24 22:06:15'),
(9, 'admin_sinergi', 'Administrator Sinergi', 'update', 74, 'pokok visi', NULL, 'okok visi ujicoba', 'okok visi ujicoba gan', 51, NULL, 'rancangan_awal', '2025-08-25 01:54:39'),
(10, 'admin_sinergi', 'Administrator Sinergi', 'restore', 77, 'pokok visi', NULL, 'visi hapus', NULL, 52, NULL, 'rancangan', '2025-08-25 02:14:53'),
(11, 'admin_sinergi', 'Administrator Sinergi', 'delete', 77, 'pokok visi', NULL, 'visi hapus', NULL, 52, NULL, 'rancangan', '2025-08-26 14:02:29'),
(12, 'admin_sinergi', 'Administrator Sinergi', 'delete', 76, 'pokok visi', NULL, 'okok visi ujicoba', NULL, 52, NULL, 'rancangan', '2025-09-03 14:44:56'),
(13, 'admin_sinergi', 'Administrator Sinergi', 'create', 78, NULL, 'Saat ini saya ujicoba tambah', NULL, 'semoga berhasil', 52, NULL, 'rancangan', '2025-09-03 14:45:46'),
(14, 'admin_sinergi', 'Administrator Sinergi', 'update', 78, 'Saat ini saya ujicoba tambah', 'Saat ini saya ujicoba edit', 'semoga berhasil', NULL, 52, NULL, 'rancangan', '2025-09-03 14:45:59'),
(15, 'admin_sinergi', 'Administrator Sinergi', 'restore', 76, 'pokok visi', NULL, 'okok visi ujicoba', NULL, 52, NULL, 'rancangan', '2025-09-03 14:47:39'),
(16, 'admin_sinergi', 'Administrator Sinergi', 'delete', 76, 'pokok visi', NULL, 'okok visi ujicoba', NULL, 52, NULL, 'rancangan', '2025-09-03 14:49:06'),
(17, 'admin_sinergi', 'Administrator Sinergi', 'delete', 78, 'Saat ini saya ujicoba edit', NULL, 'semoga berhasil', NULL, 52, NULL, 'rancangan', '2025-09-03 14:49:28'),
(18, 'admin_sinergi', 'Administrator Sinergi', 'restore', 76, 'pokok visi', NULL, 'okok visi ujicoba', NULL, 52, NULL, 'rancangan', '2025-09-03 14:50:10'),
(19, 'admin_sinergi', 'Administrator Sinergi', 'delete', 76, 'pokok visi', NULL, 'okok visi ujicoba', NULL, 52, NULL, 'rancangan', '2025-09-03 14:50:22'),
(20, 'admin_sinergi', 'Administrator Sinergi', 'restore', 76, 'pokok visi', NULL, 'okok visi ujicoba', NULL, 52, NULL, 'rancangan', '2025-09-03 14:50:43'),
(21, 'admin_sinergi', 'Administrator Sinergi', 'update', 76, 'pokok visi', NULL, 'okok visi ujicoba', 'okok visi ujicoba 1', 52, NULL, 'rancangan', '2025-09-03 14:52:12'),
(22, 'admin_sinergi', 'Administrator Sinergi', 'update', 76, 'pokok visi', NULL, 'okok visi ujicoba 1', 'okok visi ujicoba 2', 52, NULL, 'rancangan', '2025-09-03 14:52:47'),
(23, 'admin_sinergi', 'Administrator Sinergi', 'update', 76, 'pokok visi', NULL, 'okok visi ujicoba 2', 'okok visi ujicoba 1', 52, NULL, 'rancangan', '2025-09-03 14:53:10'),
(24, 'admin_sinergi', 'Administrator Sinergi', 'update', 76, 'pokok visi', NULL, 'okok visi ujicoba 1', 'Pokok visi ujicoba 1', 52, NULL, 'rancangan', '2025-09-03 14:53:42'),
(25, 'admin_sinergi', 'Administrator Sinergi', 'update', 76, 'pokok visi', NULL, 'Pokok visi ujicoba 1', 'Pokok visi ujicoba 2\r\n', 52, NULL, 'rancangan', '2025-09-03 14:53:58'),
(26, 'admin_sinergi', 'Administrator Sinergi', 'update', 76, 'pokok visi', NULL, 'Pokok visi ujicoba 2\r\n', 'Pokok visi ujicoba 3', 52, NULL, 'rancangan', '2025-09-04 00:28:59'),
(27, 'nailul12', 'Muh Nailul Author', 'update', 76, 'pokok visi', NULL, 'Pokok visi ujicoba 3', 'Pokok visi ujicoba 5', 52, NULL, 'rancangan', '2025-09-04 00:34:28'),
(28, 'admin_sinergi', 'Administrator Sinergi', 'update', 76, 'pokok visi', NULL, 'Pokok visi ujicoba 5', 'Pokok visi ujicoba 3', 52, NULL, 'rancangan', '2025-09-04 00:35:45'),
(29, 'admin_sinergi', 'Administrator Sinergi', 'update', 76, 'pokok visi', NULL, 'Pokok visi ujicoba 3', 'Pokok visi ujicoba 2', 52, NULL, 'rancangan', '2025-09-04 00:35:53'),
(30, 'admin_sinergi', 'Administrator Sinergi', 'update', 76, 'pokok visi', NULL, 'Pokok visi ujicoba 2', 'Pokok visi ujicoba 1', 52, NULL, 'rancangan', '2025-09-04 00:36:24'),
(31, 'nailul12', 'Muh Nailul Author', 'delete', 76, 'pokok visi', NULL, 'Pokok visi ujicoba 1', NULL, 52, NULL, 'rancangan', '2025-09-04 00:38:49'),
(32, 'admin_sinergi', 'Administrator Sinergi', 'restore', 76, 'pokok visi', NULL, 'Pokok visi ujicoba 1', NULL, 52, NULL, 'rancangan', '2025-09-04 00:39:17'),
(33, 'nailul12', 'Muh Nailul Author', 'delete', 76, 'pokok visi', NULL, 'Pokok visi ujicoba 1', NULL, 52, NULL, 'rancangan', '2025-09-04 00:49:34'),
(34, 'admin_sinergi', 'Administrator Sinergi', 'restore', 76, 'pokok visi', NULL, 'Pokok visi ujicoba 1', NULL, 52, NULL, 'rancangan', '2025-09-04 14:00:53'),
(35, 'admin_sinergi', 'Administrator Sinergi', 'restore', 77, 'pokok visi', NULL, 'visi hapus', NULL, 52, NULL, 'rancangan', '2025-09-06 15:26:25'),
(36, 'admin_sinergi', 'Administrator Sinergi', 'update', 77, 'pokok visi', 'pokok visi Pengulang teks adalah tool online sederhana yang memungkinkan Anda mengulang teks sebanyak yang Anda inginkan. Anda kemudian dapat menyalin dan menempelkan teks berulang Anda di mana pun Anda inginkan, termasuk WhatsApp, Messenger, SMS, Telegra', 'visi hapus', 'visi hapus Pengulang teks adalah tool online sederhana yang memungkinkan Anda mengulang teks sebanyak yang Anda inginkan. Anda kemudian dapat menyalin dan menempelkan teks berulang Anda di mana pun Anda inginkan, termasuk WhatsApp, Messenger, SMS, Telegram, atau media sosial lainnya.Pengulang teks adalah tool online sederhana yang memungkinkan Anda mengulang teks sebanyak yang Anda inginkan. Anda kemudian dapat menyalin dan menempelkan teks berulang Anda di mana pun Anda inginkan, termasuk WhatsApp, Messenger, SMS, Telegram, atau media sosial lainnya.', 52, NULL, 'rancangan', '2025-09-06 15:26:39'),
(37, 'admin_sinergi', 'Administrator Sinergi', 'delete', 77, 'pokok visi Pengulang teks adalah tool online sederhana yang memungkinkan Anda mengulang teks sebanyak yang Anda inginkan. Anda kemudian dapat menyalin dan menempelkan teks berulang Anda di mana pun Anda inginkan, termasuk WhatsApp, Messenger, SMS, Telegra', NULL, 'visi hapus Pengulang teks adalah tool online sederhana yang memungkinkan Anda mengulang teks sebanyak yang Anda inginkan. Anda kemudian dapat menyalin dan menempelkan teks berulang Anda di mana pun Anda inginkan, termasuk WhatsApp, Messenger, SMS, Telegram, atau media sosial lainnya.Pengulang teks adalah tool online sederhana yang memungkinkan Anda mengulang teks sebanyak yang Anda inginkan. Anda kemudian dapat menyalin dan menempelkan teks berulang Anda di mana pun Anda inginkan, termasuk WhatsApp, Messenger, SMS, Telegram, atau media sosial lainnya.', NULL, 52, NULL, 'rancangan', '2025-09-06 15:26:49'),
(38, 'admin_sinergi', 'Administrator Sinergi', 'restore', 77, 'pokok visi Pengulang teks adalah tool online sederhana yang memungkinkan Anda mengulang teks sebanyak yang Anda inginkan. Anda kemudian dapat menyalin dan menempelkan teks berulang Anda di mana pun Anda inginkan, termasuk WhatsApp, Messenger, SMS, Telegra', NULL, 'visi hapus Pengulang teks adalah tool online sederhana yang memungkinkan Anda mengulang teks sebanyak yang Anda inginkan. Anda kemudian dapat menyalin dan menempelkan teks berulang Anda di mana pun Anda inginkan, termasuk WhatsApp, Messenger, SMS, Telegram, atau media sosial lainnya.Pengulang teks adalah tool online sederhana yang memungkinkan Anda mengulang teks sebanyak yang Anda inginkan. Anda kemudian dapat menyalin dan menempelkan teks berulang Anda di mana pun Anda inginkan, termasuk WhatsApp, Messenger, SMS, Telegram, atau media sosial lainnya.', NULL, 52, NULL, 'rancangan', '2025-09-06 16:07:32'),
(39, 'admin_sinergi', 'Administrator Sinergi', 'delete', 77, 'pokok visi Pengulang teks adalah tool online sederhana yang memungkinkan Anda mengulang teks sebanyak yang Anda inginkan. Anda kemudian dapat menyalin dan menempelkan teks berulang Anda di mana pun Anda inginkan, termasuk WhatsApp, Messenger, SMS, Telegra', NULL, 'visi hapus Pengulang teks adalah tool online sederhana yang memungkinkan Anda mengulang teks sebanyak yang Anda inginkan. Anda kemudian dapat menyalin dan menempelkan teks berulang Anda di mana pun Anda inginkan, termasuk WhatsApp, Messenger, SMS, Telegram, atau media sosial lainnya.Pengulang teks adalah tool online sederhana yang memungkinkan Anda mengulang teks sebanyak yang Anda inginkan. Anda kemudian dapat menyalin dan menempelkan teks berulang Anda di mana pun Anda inginkan, termasuk WhatsApp, Messenger, SMS, Telegram, atau media sosial lainnya.', NULL, 52, NULL, 'rancangan', '2025-09-06 16:50:11'),
(40, 'admin_sinergi', 'Administrator Sinergi', 'update', 76, 'pokok visi', 'Pengulang teks adalah tool online sederhana yang memungkinkan Anda mengulang teks sebanyak yang Anda inginkan. Anda kemudian dapat menyalin dan menempelkan teks berulang Anda di mana pun Anda inginkan, termasuk WhatsApp, Messenger, SMS, Telegram, atau med', 'Pokok visi ujicoba 1', 'Penjelasan Pokok visi Pengulang teks adalah tool online sederhana yang memungkinkan Anda mengulang teks sebanyak yang Anda inginkan. Anda kemudian dapat menyalin dan menempelkan teks berulang Anda di mana pun Anda inginkan, termasuk WhatsApp, Messenger, SMS, Telegram, atau media sosial lainnya.Pengulang teks adalah tool online sederhana yang memungkinkan Anda mengulang teks sebanyak yang Anda inginkan. Anda kemudian dapat menyalin dan menempelkan teks berulang Anda di mana pun Anda inginkan, termasuk WhatsApp, Messenger, SMS, Telegram, atau media sosial lainnya.', 52, '', 'rancangan', '2025-09-06 17:14:58'),
(41, 'admin_sinergi', 'Administrator Sinergi', 'update', 76, 'Pengulang teks adalah tool online sederhana yang memungkinkan Anda mengulang teks sebanyak yang Anda inginkan. Anda kemudian dapat menyalin dan menempelkan teks berulang Anda di mana pun Anda inginkan, termasuk WhatsApp, Messenger, SMS, Telegram, atau med', NULL, 'Penjelasan Pokok visi Pengulang teks adalah tool online sederhana yang memungkinkan Anda mengulang teks sebanyak yang Anda inginkan. Anda kemudian dapat menyalin dan menempelkan teks berulang Anda di mana pun Anda inginkan, termasuk WhatsApp, Messenger, SMS, Telegram, atau media sosial lainnya.Pengulang teks adalah tool online sederhana yang memungkinkan Anda mengulang teks sebanyak yang Anda inginkan. Anda kemudian dapat menyalin dan menempelkan teks berulang Anda di mana pun Anda inginkan, termasuk WhatsApp, Messenger, SMS, Telegram, atau media sosial lainnya.', NULL, 52, 'Pengulang teks adalah tool online sederhana yang memungkinkan Anda mengulang teks sebanyak yang Anda inginkan. Anda kemudian dapat menyalin dan menempelkan teks berulang Anda di mana pun Anda inginkan, termasuk WhatsApp, Messenger, SMS, Telegram, atau media sosial lainnya.Pengulang teks adalah tool online sederhana yang memungkinkan Anda mengulang teks sebanyak yang Anda inginkan. Anda kemudian dapat menyalin dan menempelkan teks berulang Anda di mana pun Anda inginkan, termasuk WhatsApp, Messenger, SMS, Telegram, atau media sosial lainnya.', 'rancangan', '2025-09-06 17:15:35'),
(42, 'admin_sinergi', 'Administrator Sinergi', 'update', 76, 'Pengulang teks adalah tool online sederhana yang memungkinkan Anda mengulang teks sebanyak yang Anda inginkan. Anda kemudian dapat menyalin dan menempelkan teks berulang Anda di mana pun Anda inginkan, termasuk WhatsApp, Messenger, SMS, Telegram, atau med', NULL, 'Penjelasan Pokok visi Pengulang teks adalah tool online sederhana yang memungkinkan Anda mengulang teks sebanyak yang Anda inginkan. Anda kemudian dapat menyalin dan menempelkan teks berulang Anda di mana pun Anda inginkan, termasuk WhatsApp, Messenger, SMS, Telegram, atau media sosial lainnya.Pengulang teks adalah tool online sederhana yang memungkinkan Anda mengulang teks sebanyak yang Anda inginkan. Anda kemudian dapat menyalin dan menempelkan teks berulang Anda di mana pun Anda inginkan, termasuk WhatsApp, Messenger, SMS, Telegram, atau media sosial lainnya.', 'Penjelasan Pokok visi Pengulang teks adalah tool online sederhana yang memungkinkan Anda mengulang teks sebanyak yang Anda inginkan. Anda kemudian dapat menyalin dan menempelkan teks berulang Anda di mana pun Anda inginkan, termasuk WhatsApp, Messenger, SMS, Telegram, atau media sosial lainnya.Pengulang teks adalah tool online sederhana yang memungkinkan Anda mengulang teks sebanyak yang Anda inginkan. Anda kemudian dapat menyalin dan menempelkan teks berulang Anda di mana pun Anda inginkan, termasuk WhatsApp, Messenger, SMS, Telegram, atau media sosial lainnyaa', 52, 'Pengulang teks adalah tool online sederhana yang memungkinkan Anda mengulang teks sebanyak yang Anda inginkan. Anda kemudian dapat menyalin dan menempelkan teks berulang Anda di mana pun Anda inginkan, termasuk WhatsApp, Messenger, SMS, Telegram, atau media sosial lainnya.Pengulang teks adalah tool online sederhana yang memungkinkan Anda mengulang teks sebanyak yang Anda inginkan. Anda kemudian dapat menyalin dan menempelkan teks berulang Anda di mana pun Anda inginkan, termasuk WhatsApp, Messenger, SMS, Telegram, atau media sosial lainnya.', 'rancangan', '2025-09-06 17:16:08'),
(43, 'admin_sinergi', 'Administrator Sinergi', 'delete', 76, 'Pengulang teks adalah tool online sederhana yang memungkinkan Anda mengulang teks sebanyak yang Anda inginkan. Anda kemudian dapat menyalin dan menempelkan teks berulang Anda di mana pun Anda inginkan, termasuk WhatsApp, Messenger, SMS, Telegram, atau med', NULL, 'Penjelasan Pokok visi Pengulang teks adalah tool online sederhana yang memungkinkan Anda mengulang teks sebanyak yang Anda inginkan. Anda kemudian dapat menyalin dan menempelkan teks berulang Anda di mana pun Anda inginkan, termasuk WhatsApp, Messenger, SMS, Telegram, atau media sosial lainnya.Pengulang teks adalah tool online sederhana yang memungkinkan Anda mengulang teks sebanyak yang Anda inginkan. Anda kemudian dapat menyalin dan menempelkan teks berulang Anda di mana pun Anda inginkan, termasuk WhatsApp, Messenger, SMS, Telegram, atau media sosial lainnyaa', NULL, 52, NULL, 'rancangan', '2025-09-06 17:25:36'),
(44, 'admin_sinergi', 'Administrator Sinergi', 'restore', 76, 'Pengulang teks adalah tool online sederhana yang memungkinkan Anda mengulang teks sebanyak yang Anda inginkan. Anda kemudian dapat menyalin dan menempelkan teks berulang Anda di mana pun Anda inginkan, termasuk WhatsApp, Messenger, SMS, Telegram, atau med', NULL, 'Penjelasan Pokok visi Pengulang teks adalah tool online sederhana yang memungkinkan Anda mengulang teks sebanyak yang Anda inginkan. Anda kemudian dapat menyalin dan menempelkan teks berulang Anda di mana pun Anda inginkan, termasuk WhatsApp, Messenger, SMS, Telegram, atau media sosial lainnya.Pengulang teks adalah tool online sederhana yang memungkinkan Anda mengulang teks sebanyak yang Anda inginkan. Anda kemudian dapat menyalin dan menempelkan teks berulang Anda di mana pun Anda inginkan, termasuk WhatsApp, Messenger, SMS, Telegram, atau media sosial lainnyaa', NULL, 52, NULL, 'rancangan', '2025-09-06 17:26:12'),
(45, 'admin_sinergi', 'Administrator Sinergi', 'create', 79, NULL, '222', NULL, '22222', 52, NULL, 'rancangan', '2025-09-06 22:44:11'),
(46, 'admin_sinergi', 'Administrator Sinergi', 'update', 76, 'Pengulang teks adalah tool online sederhana yang memungkinkan Anda mengulang teks sebanyak yang Anda inginkan. Anda kemudian dapat menyalin dan menempelkan teks berulang Anda di mana pun Anda inginkan, termasuk WhatsApp, Messenger, SMS, Telegram, atau med', 'oke ini ujicoba', 'Penjelasan Pokok visi Pengulang teks adalah tool online sederhana yang memungkinkan Anda mengulang teks sebanyak yang Anda inginkan. Anda kemudian dapat menyalin dan menempelkan teks berulang Anda di mana pun Anda inginkan, termasuk WhatsApp, Messenger, SMS, Telegram, atau media sosial lainnya.Pengulang teks adalah tool online sederhana yang memungkinkan Anda mengulang teks sebanyak yang Anda inginkan. Anda kemudian dapat menyalin dan menempelkan teks berulang Anda di mana pun Anda inginkan, termasuk WhatsApp, Messenger, SMS, Telegram, atau media sosial lainnyaa', NULL, 52, '', 'rancangan', '2025-09-06 22:45:05'),
(47, 'admin_sinergi', 'Administrator Sinergi', 'update', 76, 'oke ini ujicoba', 'Uraian pokok visi Penjelasan Pokok visi Pengulang teks adalah tool online sederhana yang memungkinkan Anda mengulang teks sebanyak yang Anda inginkan. Anda kemudian dapat menyalin dan menempelkan teks berulang Anda di mana pun Anda inginkan, termasuk What', 'Penjelasan Pokok visi Pengulang teks adalah tool online sederhana yang memungkinkan Anda mengulang teks sebanyak yang Anda inginkan. Anda kemudian dapat menyalin dan menempelkan teks berulang Anda di mana pun Anda inginkan, termasuk WhatsApp, Messenger, SMS, Telegram, atau media sosial lainnya.Pengulang teks adalah tool online sederhana yang memungkinkan Anda mengulang teks sebanyak yang Anda inginkan. Anda kemudian dapat menyalin dan menempelkan teks berulang Anda di mana pun Anda inginkan, termasuk WhatsApp, Messenger, SMS, Telegram, atau media sosial lainnyaa', NULL, 52, '', 'rancangan', '2025-09-07 15:44:14'),
(48, 'admin_sinergi', 'Administrator Sinergi', 'delete', 76, 'Uraian pokok visi Penjelasan Pokok visi Pengulang teks adalah tool online sederhana yang memungkinkan Anda mengulang teks sebanyak yang Anda inginkan. Anda kemudian dapat menyalin dan menempelkan teks berulang Anda di mana pun Anda inginkan, termasuk What', NULL, 'Penjelasan Pokok visi Pengulang teks adalah tool online sederhana yang memungkinkan Anda mengulang teks sebanyak yang Anda inginkan. Anda kemudian dapat menyalin dan menempelkan teks berulang Anda di mana pun Anda inginkan, termasuk WhatsApp, Messenger, SMS, Telegram, atau media sosial lainnya.Pengulang teks adalah tool online sederhana yang memungkinkan Anda mengulang teks sebanyak yang Anda inginkan. Anda kemudian dapat menyalin dan menempelkan teks berulang Anda di mana pun Anda inginkan, termasuk WhatsApp, Messenger, SMS, Telegram, atau media sosial lainnyaa', NULL, 52, NULL, 'rancangan', '2025-09-12 23:34:47'),
(49, 'admin_sinergi', 'Administrator Sinergi', 'restore', 76, 'Uraian pokok visi Penjelasan Pokok visi Pengulang teks adalah tool online sederhana yang memungkinkan Anda mengulang teks sebanyak yang Anda inginkan. Anda kemudian dapat menyalin dan menempelkan teks berulang Anda di mana pun Anda inginkan, termasuk What', NULL, 'Penjelasan Pokok visi Pengulang teks adalah tool online sederhana yang memungkinkan Anda mengulang teks sebanyak yang Anda inginkan. Anda kemudian dapat menyalin dan menempelkan teks berulang Anda di mana pun Anda inginkan, termasuk WhatsApp, Messenger, SMS, Telegram, atau media sosial lainnya.Pengulang teks adalah tool online sederhana yang memungkinkan Anda mengulang teks sebanyak yang Anda inginkan. Anda kemudian dapat menyalin dan menempelkan teks berulang Anda di mana pun Anda inginkan, termasuk WhatsApp, Messenger, SMS, Telegram, atau media sosial lainnyaa', NULL, 52, NULL, 'rancangan', '2025-09-12 23:35:06'),
(50, 'admin_sinergi', 'Administrator Sinergi', 'create', 80, NULL, 'pokok visi', NULL, 'okok visi ujicoba', 51, NULL, 'rancangan_awal', '2025-08-24 21:42:39'),
(51, 'admin_sinergi', 'Administrator Sinergi', 'create', 80, NULL, 'pokok visi', NULL, 'okok visi ujicoba', 52, NULL, 'Pindah ke Rancangan', '2025-08-24 22:06:15'),
(52, 'admin_sinergi', 'Administrator Sinergi', 'delete', 80, 'pokok visi', NULL, 'okok visi ujicoba', NULL, 52, NULL, 'rancangan', '2025-09-03 14:44:56'),
(53, 'admin_sinergi', 'Administrator Sinergi', 'restore', 80, 'pokok visi', NULL, 'okok visi ujicoba', NULL, 52, NULL, 'rancangan', '2025-09-03 14:47:39'),
(54, 'admin_sinergi', 'Administrator Sinergi', 'delete', 80, 'pokok visi', NULL, 'okok visi ujicoba', NULL, 52, NULL, 'rancangan', '2025-09-03 14:49:06'),
(55, 'admin_sinergi', 'Administrator Sinergi', 'restore', 80, 'pokok visi', NULL, 'okok visi ujicoba', NULL, 52, NULL, 'rancangan', '2025-09-03 14:50:10'),
(56, 'admin_sinergi', 'Administrator Sinergi', 'delete', 80, 'pokok visi', NULL, 'okok visi ujicoba', NULL, 52, NULL, 'rancangan', '2025-09-03 14:50:22'),
(57, 'admin_sinergi', 'Administrator Sinergi', 'restore', 80, 'pokok visi', NULL, 'okok visi ujicoba', NULL, 52, NULL, 'rancangan', '2025-09-03 14:50:43'),
(58, 'admin_sinergi', 'Administrator Sinergi', 'update', 80, 'pokok visi', NULL, 'okok visi ujicoba', 'okok visi ujicoba 1', 52, NULL, 'rancangan', '2025-09-03 14:52:12'),
(59, 'admin_sinergi', 'Administrator Sinergi', 'update', 80, 'pokok visi', NULL, 'okok visi ujicoba 1', 'okok visi ujicoba 2', 52, NULL, 'rancangan', '2025-09-03 14:52:47'),
(60, 'admin_sinergi', 'Administrator Sinergi', 'update', 80, 'pokok visi', NULL, 'okok visi ujicoba 2', 'okok visi ujicoba 1', 52, NULL, 'rancangan', '2025-09-03 14:53:10'),
(61, 'admin_sinergi', 'Administrator Sinergi', 'update', 80, 'pokok visi', NULL, 'okok visi ujicoba 1', 'Pokok visi ujicoba 1', 52, NULL, 'rancangan', '2025-09-03 14:53:42'),
(62, 'admin_sinergi', 'Administrator Sinergi', 'update', 80, 'pokok visi', NULL, 'Pokok visi ujicoba 1', 'Pokok visi ujicoba 2\r\n', 52, NULL, 'rancangan', '2025-09-03 14:53:58'),
(63, 'admin_sinergi', 'Administrator Sinergi', 'update', 80, 'pokok visi', NULL, 'Pokok visi ujicoba 2\r\n', 'Pokok visi ujicoba 3', 52, NULL, 'rancangan', '2025-09-04 00:28:59'),
(64, 'nailul12', 'Muh Nailul Author', 'update', 80, 'pokok visi', NULL, 'Pokok visi ujicoba 3', 'Pokok visi ujicoba 5', 52, NULL, 'rancangan', '2025-09-04 00:34:28'),
(65, 'admin_sinergi', 'Administrator Sinergi', 'update', 80, 'pokok visi', NULL, 'Pokok visi ujicoba 5', 'Pokok visi ujicoba 3', 52, NULL, 'rancangan', '2025-09-04 00:35:45'),
(66, 'admin_sinergi', 'Administrator Sinergi', 'update', 80, 'pokok visi', NULL, 'Pokok visi ujicoba 3', 'Pokok visi ujicoba 2', 52, NULL, 'rancangan', '2025-09-04 00:35:53'),
(67, 'admin_sinergi', 'Administrator Sinergi', 'update', 80, 'pokok visi', NULL, 'Pokok visi ujicoba 2', 'Pokok visi ujicoba 1', 52, NULL, 'rancangan', '2025-09-04 00:36:24'),
(68, 'nailul12', 'Muh Nailul Author', 'delete', 80, 'pokok visi', NULL, 'Pokok visi ujicoba 1', NULL, 52, NULL, 'rancangan', '2025-09-04 00:38:49'),
(69, 'admin_sinergi', 'Administrator Sinergi', 'restore', 80, 'pokok visi', NULL, 'Pokok visi ujicoba 1', NULL, 52, NULL, 'rancangan', '2025-09-04 00:39:17'),
(70, 'nailul12', 'Muh Nailul Author', 'delete', 80, 'pokok visi', NULL, 'Pokok visi ujicoba 1', NULL, 52, NULL, 'rancangan', '2025-09-04 00:49:34'),
(71, 'admin_sinergi', 'Administrator Sinergi', 'restore', 80, 'pokok visi', NULL, 'Pokok visi ujicoba 1', NULL, 52, NULL, 'rancangan', '2025-09-04 14:00:53'),
(72, 'admin_sinergi', 'Administrator Sinergi', 'update', 80, 'pokok visi', 'Pengulang teks adalah tool online sederhana yang memungkinkan Anda mengulang teks sebanyak yang Anda inginkan. Anda kemudian dapat menyalin dan menempelkan teks berulang Anda di mana pun Anda inginkan, termasuk WhatsApp, Messenger, SMS, Telegram, atau med', 'Pokok visi ujicoba 1', 'Penjelasan Pokok visi Pengulang teks adalah tool online sederhana yang memungkinkan Anda mengulang teks sebanyak yang Anda inginkan. Anda kemudian dapat menyalin dan menempelkan teks berulang Anda di mana pun Anda inginkan, termasuk WhatsApp, Messenger, SMS, Telegram, atau media sosial lainnya.Pengulang teks adalah tool online sederhana yang memungkinkan Anda mengulang teks sebanyak yang Anda inginkan. Anda kemudian dapat menyalin dan menempelkan teks berulang Anda di mana pun Anda inginkan, termasuk WhatsApp, Messenger, SMS, Telegram, atau media sosial lainnya.', 52, '', 'rancangan', '2025-09-06 17:14:58'),
(73, 'admin_sinergi', 'Administrator Sinergi', 'update', 80, 'Pengulang teks adalah tool online sederhana yang memungkinkan Anda mengulang teks sebanyak yang Anda inginkan. Anda kemudian dapat menyalin dan menempelkan teks berulang Anda di mana pun Anda inginkan, termasuk WhatsApp, Messenger, SMS, Telegram, atau med', NULL, 'Penjelasan Pokok visi Pengulang teks adalah tool online sederhana yang memungkinkan Anda mengulang teks sebanyak yang Anda inginkan. Anda kemudian dapat menyalin dan menempelkan teks berulang Anda di mana pun Anda inginkan, termasuk WhatsApp, Messenger, SMS, Telegram, atau media sosial lainnya.Pengulang teks adalah tool online sederhana yang memungkinkan Anda mengulang teks sebanyak yang Anda inginkan. Anda kemudian dapat menyalin dan menempelkan teks berulang Anda di mana pun Anda inginkan, termasuk WhatsApp, Messenger, SMS, Telegram, atau media sosial lainnya.', NULL, 52, 'Pengulang teks adalah tool online sederhana yang memungkinkan Anda mengulang teks sebanyak yang Anda inginkan. Anda kemudian dapat menyalin dan menempelkan teks berulang Anda di mana pun Anda inginkan, termasuk WhatsApp, Messenger, SMS, Telegram, atau media sosial lainnya.Pengulang teks adalah tool online sederhana yang memungkinkan Anda mengulang teks sebanyak yang Anda inginkan. Anda kemudian dapat menyalin dan menempelkan teks berulang Anda di mana pun Anda inginkan, termasuk WhatsApp, Messenger, SMS, Telegram, atau media sosial lainnya.', 'rancangan', '2025-09-06 17:15:35'),
(74, 'admin_sinergi', 'Administrator Sinergi', 'update', 80, 'Pengulang teks adalah tool online sederhana yang memungkinkan Anda mengulang teks sebanyak yang Anda inginkan. Anda kemudian dapat menyalin dan menempelkan teks berulang Anda di mana pun Anda inginkan, termasuk WhatsApp, Messenger, SMS, Telegram, atau med', NULL, 'Penjelasan Pokok visi Pengulang teks adalah tool online sederhana yang memungkinkan Anda mengulang teks sebanyak yang Anda inginkan. Anda kemudian dapat menyalin dan menempelkan teks berulang Anda di mana pun Anda inginkan, termasuk WhatsApp, Messenger, SMS, Telegram, atau media sosial lainnya.Pengulang teks adalah tool online sederhana yang memungkinkan Anda mengulang teks sebanyak yang Anda inginkan. Anda kemudian dapat menyalin dan menempelkan teks berulang Anda di mana pun Anda inginkan, termasuk WhatsApp, Messenger, SMS, Telegram, atau media sosial lainnya.', 'Penjelasan Pokok visi Pengulang teks adalah tool online sederhana yang memungkinkan Anda mengulang teks sebanyak yang Anda inginkan. Anda kemudian dapat menyalin dan menempelkan teks berulang Anda di mana pun Anda inginkan, termasuk WhatsApp, Messenger, SMS, Telegram, atau media sosial lainnya.Pengulang teks adalah tool online sederhana yang memungkinkan Anda mengulang teks sebanyak yang Anda inginkan. Anda kemudian dapat menyalin dan menempelkan teks berulang Anda di mana pun Anda inginkan, termasuk WhatsApp, Messenger, SMS, Telegram, atau media sosial lainnyaa', 52, 'Pengulang teks adalah tool online sederhana yang memungkinkan Anda mengulang teks sebanyak yang Anda inginkan. Anda kemudian dapat menyalin dan menempelkan teks berulang Anda di mana pun Anda inginkan, termasuk WhatsApp, Messenger, SMS, Telegram, atau media sosial lainnya.Pengulang teks adalah tool online sederhana yang memungkinkan Anda mengulang teks sebanyak yang Anda inginkan. Anda kemudian dapat menyalin dan menempelkan teks berulang Anda di mana pun Anda inginkan, termasuk WhatsApp, Messenger, SMS, Telegram, atau media sosial lainnya.', 'rancangan', '2025-09-06 17:16:08'),
(75, 'admin_sinergi', 'Administrator Sinergi', 'delete', 80, 'Pengulang teks adalah tool online sederhana yang memungkinkan Anda mengulang teks sebanyak yang Anda inginkan. Anda kemudian dapat menyalin dan menempelkan teks berulang Anda di mana pun Anda inginkan, termasuk WhatsApp, Messenger, SMS, Telegram, atau med', NULL, 'Penjelasan Pokok visi Pengulang teks adalah tool online sederhana yang memungkinkan Anda mengulang teks sebanyak yang Anda inginkan. Anda kemudian dapat menyalin dan menempelkan teks berulang Anda di mana pun Anda inginkan, termasuk WhatsApp, Messenger, SMS, Telegram, atau media sosial lainnya.Pengulang teks adalah tool online sederhana yang memungkinkan Anda mengulang teks sebanyak yang Anda inginkan. Anda kemudian dapat menyalin dan menempelkan teks berulang Anda di mana pun Anda inginkan, termasuk WhatsApp, Messenger, SMS, Telegram, atau media sosial lainnyaa', NULL, 52, NULL, 'rancangan', '2025-09-06 17:25:36'),
(76, 'admin_sinergi', 'Administrator Sinergi', 'restore', 80, 'Pengulang teks adalah tool online sederhana yang memungkinkan Anda mengulang teks sebanyak yang Anda inginkan. Anda kemudian dapat menyalin dan menempelkan teks berulang Anda di mana pun Anda inginkan, termasuk WhatsApp, Messenger, SMS, Telegram, atau med', NULL, 'Penjelasan Pokok visi Pengulang teks adalah tool online sederhana yang memungkinkan Anda mengulang teks sebanyak yang Anda inginkan. Anda kemudian dapat menyalin dan menempelkan teks berulang Anda di mana pun Anda inginkan, termasuk WhatsApp, Messenger, SMS, Telegram, atau media sosial lainnya.Pengulang teks adalah tool online sederhana yang memungkinkan Anda mengulang teks sebanyak yang Anda inginkan. Anda kemudian dapat menyalin dan menempelkan teks berulang Anda di mana pun Anda inginkan, termasuk WhatsApp, Messenger, SMS, Telegram, atau media sosial lainnyaa', NULL, 52, NULL, 'rancangan', '2025-09-06 17:26:12'),
(77, 'admin_sinergi', 'Administrator Sinergi', 'update', 80, 'Pengulang teks adalah tool online sederhana yang memungkinkan Anda mengulang teks sebanyak yang Anda inginkan. Anda kemudian dapat menyalin dan menempelkan teks berulang Anda di mana pun Anda inginkan, termasuk WhatsApp, Messenger, SMS, Telegram, atau med', 'oke ini ujicoba', 'Penjelasan Pokok visi Pengulang teks adalah tool online sederhana yang memungkinkan Anda mengulang teks sebanyak yang Anda inginkan. Anda kemudian dapat menyalin dan menempelkan teks berulang Anda di mana pun Anda inginkan, termasuk WhatsApp, Messenger, SMS, Telegram, atau media sosial lainnya.Pengulang teks adalah tool online sederhana yang memungkinkan Anda mengulang teks sebanyak yang Anda inginkan. Anda kemudian dapat menyalin dan menempelkan teks berulang Anda di mana pun Anda inginkan, termasuk WhatsApp, Messenger, SMS, Telegram, atau media sosial lainnyaa', NULL, 52, '', 'rancangan', '2025-09-06 22:45:05'),
(78, 'admin_sinergi', 'Administrator Sinergi', 'update', 80, 'oke ini ujicoba', 'Uraian pokok visi Penjelasan Pokok visi Pengulang teks adalah tool online sederhana yang memungkinkan Anda mengulang teks sebanyak yang Anda inginkan. Anda kemudian dapat menyalin dan menempelkan teks berulang Anda di mana pun Anda inginkan, termasuk What', 'Penjelasan Pokok visi Pengulang teks adalah tool online sederhana yang memungkinkan Anda mengulang teks sebanyak yang Anda inginkan. Anda kemudian dapat menyalin dan menempelkan teks berulang Anda di mana pun Anda inginkan, termasuk WhatsApp, Messenger, SMS, Telegram, atau media sosial lainnya.Pengulang teks adalah tool online sederhana yang memungkinkan Anda mengulang teks sebanyak yang Anda inginkan. Anda kemudian dapat menyalin dan menempelkan teks berulang Anda di mana pun Anda inginkan, termasuk WhatsApp, Messenger, SMS, Telegram, atau media sosial lainnyaa', NULL, 52, '', 'rancangan', '2025-09-07 15:44:14'),
(79, 'admin_sinergi', 'Administrator Sinergi', 'delete', 80, 'Uraian pokok visi Penjelasan Pokok visi Pengulang teks adalah tool online sederhana yang memungkinkan Anda mengulang teks sebanyak yang Anda inginkan. Anda kemudian dapat menyalin dan menempelkan teks berulang Anda di mana pun Anda inginkan, termasuk What', NULL, 'Penjelasan Pokok visi Pengulang teks adalah tool online sederhana yang memungkinkan Anda mengulang teks sebanyak yang Anda inginkan. Anda kemudian dapat menyalin dan menempelkan teks berulang Anda di mana pun Anda inginkan, termasuk WhatsApp, Messenger, SMS, Telegram, atau media sosial lainnya.Pengulang teks adalah tool online sederhana yang memungkinkan Anda mengulang teks sebanyak yang Anda inginkan. Anda kemudian dapat menyalin dan menempelkan teks berulang Anda di mana pun Anda inginkan, termasuk WhatsApp, Messenger, SMS, Telegram, atau media sosial lainnyaa', NULL, 52, NULL, 'rancangan', '2025-09-12 23:34:47'),
(80, 'admin_sinergi', 'Administrator Sinergi', 'restore', 80, 'Uraian pokok visi Penjelasan Pokok visi Pengulang teks adalah tool online sederhana yang memungkinkan Anda mengulang teks sebanyak yang Anda inginkan. Anda kemudian dapat menyalin dan menempelkan teks berulang Anda di mana pun Anda inginkan, termasuk What', NULL, 'Penjelasan Pokok visi Pengulang teks adalah tool online sederhana yang memungkinkan Anda mengulang teks sebanyak yang Anda inginkan. Anda kemudian dapat menyalin dan menempelkan teks berulang Anda di mana pun Anda inginkan, termasuk WhatsApp, Messenger, SMS, Telegram, atau media sosial lainnya.Pengulang teks adalah tool online sederhana yang memungkinkan Anda mengulang teks sebanyak yang Anda inginkan. Anda kemudian dapat menyalin dan menempelkan teks berulang Anda di mana pun Anda inginkan, termasuk WhatsApp, Messenger, SMS, Telegram, atau media sosial lainnyaa', NULL, 52, NULL, 'rancangan', '2025-09-12 23:35:06'),
(81, 'admin_sinergi', 'Administrator Sinergi', 'create', 80, NULL, 'Uraian pokok visi Penjelasan Pokok visi Pengulang teks adalah tool online sederhana yang memungkinkan Anda mengulang teks sebanyak yang Anda inginkan. Anda kemudian dapat menyalin dan menempelkan teks berulang Anda di mana pun Anda inginkan, termasuk What', NULL, 'Penjelasan Pokok visi Pengulang teks adalah tool online sederhana yang memungkinkan Anda mengulang teks sebanyak yang Anda inginkan. Anda kemudian dapat menyalin dan menempelkan teks berulang Anda di mana pun Anda inginkan, termasuk WhatsApp, Messenger, SMS, Telegram, atau media sosial lainnya.Pengulang teks adalah tool online sederhana yang memungkinkan Anda mengulang teks sebanyak yang Anda inginkan. Anda kemudian dapat menyalin dan menempelkan teks berulang Anda di mana pun Anda inginkan, termasuk WhatsApp, Messenger, SMS, Telegram, atau media sosial lainnyaa', 53, NULL, 'Pindah ke Musrenbang', '2025-09-15 11:30:46'),
(82, 'admin_sinergi', 'Administrator Sinergi', 'create', 81, NULL, 'pokok visi', NULL, 'visi hapus', 51, NULL, 'rancangan_awal', '2025-08-24 21:42:54'),
(83, 'admin_sinergi', 'Administrator Sinergi', 'delete', 81, 'pokok visi', NULL, 'visi hapus', NULL, 51, NULL, 'rancangan_awal', '2025-08-24 21:43:42'),
(84, 'admin_sinergi', 'Administrator Sinergi', 'create', 81, NULL, 'pokok visi', NULL, 'visi hapus', 52, NULL, 'Pindah ke Rancangan', '2025-08-24 22:06:15'),
(85, 'admin_sinergi', 'Administrator Sinergi', 'restore', 81, 'pokok visi', NULL, 'visi hapus', NULL, 52, NULL, 'rancangan', '2025-08-25 02:14:53'),
(86, 'admin_sinergi', 'Administrator Sinergi', 'delete', 81, 'pokok visi', NULL, 'visi hapus', NULL, 52, NULL, 'rancangan', '2025-08-26 14:02:29'),
(87, 'admin_sinergi', 'Administrator Sinergi', 'restore', 81, 'pokok visi', NULL, 'visi hapus', NULL, 52, NULL, 'rancangan', '2025-09-06 15:26:25'),
(88, 'admin_sinergi', 'Administrator Sinergi', 'update', 81, 'pokok visi', 'pokok visi Pengulang teks adalah tool online sederhana yang memungkinkan Anda mengulang teks sebanyak yang Anda inginkan. Anda kemudian dapat menyalin dan menempelkan teks berulang Anda di mana pun Anda inginkan, termasuk WhatsApp, Messenger, SMS, Telegra', 'visi hapus', 'visi hapus Pengulang teks adalah tool online sederhana yang memungkinkan Anda mengulang teks sebanyak yang Anda inginkan. Anda kemudian dapat menyalin dan menempelkan teks berulang Anda di mana pun Anda inginkan, termasuk WhatsApp, Messenger, SMS, Telegram, atau media sosial lainnya.Pengulang teks adalah tool online sederhana yang memungkinkan Anda mengulang teks sebanyak yang Anda inginkan. Anda kemudian dapat menyalin dan menempelkan teks berulang Anda di mana pun Anda inginkan, termasuk WhatsApp, Messenger, SMS, Telegram, atau media sosial lainnya.', 52, NULL, 'rancangan', '2025-09-06 15:26:39'),
(89, 'admin_sinergi', 'Administrator Sinergi', 'delete', 81, 'pokok visi Pengulang teks adalah tool online sederhana yang memungkinkan Anda mengulang teks sebanyak yang Anda inginkan. Anda kemudian dapat menyalin dan menempelkan teks berulang Anda di mana pun Anda inginkan, termasuk WhatsApp, Messenger, SMS, Telegra', NULL, 'visi hapus Pengulang teks adalah tool online sederhana yang memungkinkan Anda mengulang teks sebanyak yang Anda inginkan. Anda kemudian dapat menyalin dan menempelkan teks berulang Anda di mana pun Anda inginkan, termasuk WhatsApp, Messenger, SMS, Telegram, atau media sosial lainnya.Pengulang teks adalah tool online sederhana yang memungkinkan Anda mengulang teks sebanyak yang Anda inginkan. Anda kemudian dapat menyalin dan menempelkan teks berulang Anda di mana pun Anda inginkan, termasuk WhatsApp, Messenger, SMS, Telegram, atau media sosial lainnya.', NULL, 52, NULL, 'rancangan', '2025-09-06 15:26:49'),
(90, 'admin_sinergi', 'Administrator Sinergi', 'restore', 81, 'pokok visi Pengulang teks adalah tool online sederhana yang memungkinkan Anda mengulang teks sebanyak yang Anda inginkan. Anda kemudian dapat menyalin dan menempelkan teks berulang Anda di mana pun Anda inginkan, termasuk WhatsApp, Messenger, SMS, Telegra', NULL, 'visi hapus Pengulang teks adalah tool online sederhana yang memungkinkan Anda mengulang teks sebanyak yang Anda inginkan. Anda kemudian dapat menyalin dan menempelkan teks berulang Anda di mana pun Anda inginkan, termasuk WhatsApp, Messenger, SMS, Telegram, atau media sosial lainnya.Pengulang teks adalah tool online sederhana yang memungkinkan Anda mengulang teks sebanyak yang Anda inginkan. Anda kemudian dapat menyalin dan menempelkan teks berulang Anda di mana pun Anda inginkan, termasuk WhatsApp, Messenger, SMS, Telegram, atau media sosial lainnya.', NULL, 52, NULL, 'rancangan', '2025-09-06 16:07:32'),
(91, 'admin_sinergi', 'Administrator Sinergi', 'delete', 81, 'pokok visi Pengulang teks adalah tool online sederhana yang memungkinkan Anda mengulang teks sebanyak yang Anda inginkan. Anda kemudian dapat menyalin dan menempelkan teks berulang Anda di mana pun Anda inginkan, termasuk WhatsApp, Messenger, SMS, Telegra', NULL, 'visi hapus Pengulang teks adalah tool online sederhana yang memungkinkan Anda mengulang teks sebanyak yang Anda inginkan. Anda kemudian dapat menyalin dan menempelkan teks berulang Anda di mana pun Anda inginkan, termasuk WhatsApp, Messenger, SMS, Telegram, atau media sosial lainnya.Pengulang teks adalah tool online sederhana yang memungkinkan Anda mengulang teks sebanyak yang Anda inginkan. Anda kemudian dapat menyalin dan menempelkan teks berulang Anda di mana pun Anda inginkan, termasuk WhatsApp, Messenger, SMS, Telegram, atau media sosial lainnya.', NULL, 52, NULL, 'rancangan', '2025-09-06 16:50:11'),
(92, 'admin_sinergi', 'Administrator Sinergi', 'create', 81, NULL, 'pokok visi Pengulang teks adalah tool online sederhana yang memungkinkan Anda mengulang teks sebanyak yang Anda inginkan. Anda kemudian dapat menyalin dan menempelkan teks berulang Anda di mana pun Anda inginkan, termasuk WhatsApp, Messenger, SMS, Telegra', NULL, 'visi hapus Pengulang teks adalah tool online sederhana yang memungkinkan Anda mengulang teks sebanyak yang Anda inginkan. Anda kemudian dapat menyalin dan menempelkan teks berulang Anda di mana pun Anda inginkan, termasuk WhatsApp, Messenger, SMS, Telegram, atau media sosial lainnya.Pengulang teks adalah tool online sederhana yang memungkinkan Anda mengulang teks sebanyak yang Anda inginkan. Anda kemudian dapat menyalin dan menempelkan teks berulang Anda di mana pun Anda inginkan, termasuk WhatsApp, Messenger, SMS, Telegram, atau media sosial lainnya.', 53, NULL, 'Pindah ke Musrenbang', '2025-09-15 11:30:46'),
(93, 'admin_sinergi', 'Administrator Sinergi', 'create', 82, NULL, 'Saat ini saya ujicoba tambah', NULL, 'semoga berhasil', 52, NULL, 'rancangan', '2025-09-03 14:45:46'),
(94, 'admin_sinergi', 'Administrator Sinergi', 'update', 82, 'Saat ini saya ujicoba tambah', 'Saat ini saya ujicoba edit', 'semoga berhasil', NULL, 52, NULL, 'rancangan', '2025-09-03 14:45:59'),
(95, 'admin_sinergi', 'Administrator Sinergi', 'delete', 82, 'Saat ini saya ujicoba edit', NULL, 'semoga berhasil', NULL, 52, NULL, 'rancangan', '2025-09-03 14:49:28'),
(96, 'admin_sinergi', 'Administrator Sinergi', 'create', 82, NULL, 'Saat ini saya ujicoba edit', NULL, 'semoga berhasil', 53, NULL, 'Pindah ke Musrenbang', '2025-09-15 11:30:46'),
(97, 'admin_sinergi', 'Administrator Sinergi', 'create', 83, NULL, '222', NULL, '22222', 52, NULL, 'rancangan', '2025-09-06 22:44:11'),
(98, 'admin_sinergi', 'Administrator Sinergi', 'create', 83, NULL, '222', NULL, '22222', 53, NULL, 'Pindah ke Musrenbang', '2025-09-15 11:30:46'),
(99, 'admin_sinergi', 'Administrator Sinergi', 'create', 84, NULL, 'pokok visi', NULL, 'okok visi ujicoba', 51, NULL, 'rancangan_awal', '2025-08-24 21:42:39'),
(100, 'admin_sinergi', 'Administrator Sinergi', 'create', 84, NULL, 'pokok visi', NULL, 'okok visi ujicoba', 52, NULL, 'Pindah ke Rancangan', '2025-08-24 22:06:15'),
(101, 'admin_sinergi', 'Administrator Sinergi', 'delete', 84, 'pokok visi', NULL, 'okok visi ujicoba', NULL, 52, NULL, 'rancangan', '2025-09-03 14:44:56'),
(102, 'admin_sinergi', 'Administrator Sinergi', 'restore', 84, 'pokok visi', NULL, 'okok visi ujicoba', NULL, 52, NULL, 'rancangan', '2025-09-03 14:47:39'),
(103, 'admin_sinergi', 'Administrator Sinergi', 'delete', 84, 'pokok visi', NULL, 'okok visi ujicoba', NULL, 52, NULL, 'rancangan', '2025-09-03 14:49:06'),
(104, 'admin_sinergi', 'Administrator Sinergi', 'restore', 84, 'pokok visi', NULL, 'okok visi ujicoba', NULL, 52, NULL, 'rancangan', '2025-09-03 14:50:10'),
(105, 'admin_sinergi', 'Administrator Sinergi', 'delete', 84, 'pokok visi', NULL, 'okok visi ujicoba', NULL, 52, NULL, 'rancangan', '2025-09-03 14:50:22'),
(106, 'admin_sinergi', 'Administrator Sinergi', 'restore', 84, 'pokok visi', NULL, 'okok visi ujicoba', NULL, 52, NULL, 'rancangan', '2025-09-03 14:50:43'),
(107, 'admin_sinergi', 'Administrator Sinergi', 'update', 84, 'pokok visi', NULL, 'okok visi ujicoba', 'okok visi ujicoba 1', 52, NULL, 'rancangan', '2025-09-03 14:52:12'),
(108, 'admin_sinergi', 'Administrator Sinergi', 'update', 84, 'pokok visi', NULL, 'okok visi ujicoba 1', 'okok visi ujicoba 2', 52, NULL, 'rancangan', '2025-09-03 14:52:47'),
(109, 'admin_sinergi', 'Administrator Sinergi', 'update', 84, 'pokok visi', NULL, 'okok visi ujicoba 2', 'okok visi ujicoba 1', 52, NULL, 'rancangan', '2025-09-03 14:53:10'),
(110, 'admin_sinergi', 'Administrator Sinergi', 'update', 84, 'pokok visi', NULL, 'okok visi ujicoba 1', 'Pokok visi ujicoba 1', 52, NULL, 'rancangan', '2025-09-03 14:53:42'),
(111, 'admin_sinergi', 'Administrator Sinergi', 'update', 84, 'pokok visi', NULL, 'Pokok visi ujicoba 1', 'Pokok visi ujicoba 2\r\n', 52, NULL, 'rancangan', '2025-09-03 14:53:58'),
(112, 'admin_sinergi', 'Administrator Sinergi', 'update', 84, 'pokok visi', NULL, 'Pokok visi ujicoba 2\r\n', 'Pokok visi ujicoba 3', 52, NULL, 'rancangan', '2025-09-04 00:28:59'),
(113, 'nailul12', 'Muh Nailul Author', 'update', 84, 'pokok visi', NULL, 'Pokok visi ujicoba 3', 'Pokok visi ujicoba 5', 52, NULL, 'rancangan', '2025-09-04 00:34:28'),
(114, 'admin_sinergi', 'Administrator Sinergi', 'update', 84, 'pokok visi', NULL, 'Pokok visi ujicoba 5', 'Pokok visi ujicoba 3', 52, NULL, 'rancangan', '2025-09-04 00:35:45'),
(115, 'admin_sinergi', 'Administrator Sinergi', 'update', 84, 'pokok visi', NULL, 'Pokok visi ujicoba 3', 'Pokok visi ujicoba 2', 52, NULL, 'rancangan', '2025-09-04 00:35:53'),
(116, 'admin_sinergi', 'Administrator Sinergi', 'update', 84, 'pokok visi', NULL, 'Pokok visi ujicoba 2', 'Pokok visi ujicoba 1', 52, NULL, 'rancangan', '2025-09-04 00:36:24'),
(117, 'nailul12', 'Muh Nailul Author', 'delete', 84, 'pokok visi', NULL, 'Pokok visi ujicoba 1', NULL, 52, NULL, 'rancangan', '2025-09-04 00:38:49'),
(118, 'admin_sinergi', 'Administrator Sinergi', 'restore', 84, 'pokok visi', NULL, 'Pokok visi ujicoba 1', NULL, 52, NULL, 'rancangan', '2025-09-04 00:39:17'),
(119, 'nailul12', 'Muh Nailul Author', 'delete', 84, 'pokok visi', NULL, 'Pokok visi ujicoba 1', NULL, 52, NULL, 'rancangan', '2025-09-04 00:49:34'),
(120, 'admin_sinergi', 'Administrator Sinergi', 'restore', 84, 'pokok visi', NULL, 'Pokok visi ujicoba 1', NULL, 52, NULL, 'rancangan', '2025-09-04 14:00:53'),
(121, 'admin_sinergi', 'Administrator Sinergi', 'update', 84, 'pokok visi', 'Pengulang teks adalah tool online sederhana yang memungkinkan Anda mengulang teks sebanyak yang Anda inginkan. Anda kemudian dapat menyalin dan menempelkan teks berulang Anda di mana pun Anda inginkan, termasuk WhatsApp, Messenger, SMS, Telegram, atau med', 'Pokok visi ujicoba 1', 'Penjelasan Pokok visi Pengulang teks adalah tool online sederhana yang memungkinkan Anda mengulang teks sebanyak yang Anda inginkan. Anda kemudian dapat menyalin dan menempelkan teks berulang Anda di mana pun Anda inginkan, termasuk WhatsApp, Messenger, SMS, Telegram, atau media sosial lainnya.Pengulang teks adalah tool online sederhana yang memungkinkan Anda mengulang teks sebanyak yang Anda inginkan. Anda kemudian dapat menyalin dan menempelkan teks berulang Anda di mana pun Anda inginkan, termasuk WhatsApp, Messenger, SMS, Telegram, atau media sosial lainnya.', 52, '', 'rancangan', '2025-09-06 17:14:58'),
(122, 'admin_sinergi', 'Administrator Sinergi', 'update', 84, 'Pengulang teks adalah tool online sederhana yang memungkinkan Anda mengulang teks sebanyak yang Anda inginkan. Anda kemudian dapat menyalin dan menempelkan teks berulang Anda di mana pun Anda inginkan, termasuk WhatsApp, Messenger, SMS, Telegram, atau med', NULL, 'Penjelasan Pokok visi Pengulang teks adalah tool online sederhana yang memungkinkan Anda mengulang teks sebanyak yang Anda inginkan. Anda kemudian dapat menyalin dan menempelkan teks berulang Anda di mana pun Anda inginkan, termasuk WhatsApp, Messenger, SMS, Telegram, atau media sosial lainnya.Pengulang teks adalah tool online sederhana yang memungkinkan Anda mengulang teks sebanyak yang Anda inginkan. Anda kemudian dapat menyalin dan menempelkan teks berulang Anda di mana pun Anda inginkan, termasuk WhatsApp, Messenger, SMS, Telegram, atau media sosial lainnya.', NULL, 52, 'Pengulang teks adalah tool online sederhana yang memungkinkan Anda mengulang teks sebanyak yang Anda inginkan. Anda kemudian dapat menyalin dan menempelkan teks berulang Anda di mana pun Anda inginkan, termasuk WhatsApp, Messenger, SMS, Telegram, atau media sosial lainnya.Pengulang teks adalah tool online sederhana yang memungkinkan Anda mengulang teks sebanyak yang Anda inginkan. Anda kemudian dapat menyalin dan menempelkan teks berulang Anda di mana pun Anda inginkan, termasuk WhatsApp, Messenger, SMS, Telegram, atau media sosial lainnya.', 'rancangan', '2025-09-06 17:15:35'),
(123, 'admin_sinergi', 'Administrator Sinergi', 'update', 84, 'Pengulang teks adalah tool online sederhana yang memungkinkan Anda mengulang teks sebanyak yang Anda inginkan. Anda kemudian dapat menyalin dan menempelkan teks berulang Anda di mana pun Anda inginkan, termasuk WhatsApp, Messenger, SMS, Telegram, atau med', NULL, 'Penjelasan Pokok visi Pengulang teks adalah tool online sederhana yang memungkinkan Anda mengulang teks sebanyak yang Anda inginkan. Anda kemudian dapat menyalin dan menempelkan teks berulang Anda di mana pun Anda inginkan, termasuk WhatsApp, Messenger, SMS, Telegram, atau media sosial lainnya.Pengulang teks adalah tool online sederhana yang memungkinkan Anda mengulang teks sebanyak yang Anda inginkan. Anda kemudian dapat menyalin dan menempelkan teks berulang Anda di mana pun Anda inginkan, termasuk WhatsApp, Messenger, SMS, Telegram, atau media sosial lainnya.', 'Penjelasan Pokok visi Pengulang teks adalah tool online sederhana yang memungkinkan Anda mengulang teks sebanyak yang Anda inginkan. Anda kemudian dapat menyalin dan menempelkan teks berulang Anda di mana pun Anda inginkan, termasuk WhatsApp, Messenger, SMS, Telegram, atau media sosial lainnya.Pengulang teks adalah tool online sederhana yang memungkinkan Anda mengulang teks sebanyak yang Anda inginkan. Anda kemudian dapat menyalin dan menempelkan teks berulang Anda di mana pun Anda inginkan, termasuk WhatsApp, Messenger, SMS, Telegram, atau media sosial lainnyaa', 52, 'Pengulang teks adalah tool online sederhana yang memungkinkan Anda mengulang teks sebanyak yang Anda inginkan. Anda kemudian dapat menyalin dan menempelkan teks berulang Anda di mana pun Anda inginkan, termasuk WhatsApp, Messenger, SMS, Telegram, atau media sosial lainnya.Pengulang teks adalah tool online sederhana yang memungkinkan Anda mengulang teks sebanyak yang Anda inginkan. Anda kemudian dapat menyalin dan menempelkan teks berulang Anda di mana pun Anda inginkan, termasuk WhatsApp, Messenger, SMS, Telegram, atau media sosial lainnya.', 'rancangan', '2025-09-06 17:16:08');
INSERT INTO `history_pokok_visi` (`id`, `username`, `nama`, `aksi`, `record_id`, `uraian_pokok_visi_old`, `uraian_pokok_visi_new`, `penjelasan_pokok_visi_old`, `penjelasan_pokok_visi_new`, `id_visi`, `catatan`, `tahapan`, `created_at`) VALUES
(124, 'admin_sinergi', 'Administrator Sinergi', 'delete', 84, 'Pengulang teks adalah tool online sederhana yang memungkinkan Anda mengulang teks sebanyak yang Anda inginkan. Anda kemudian dapat menyalin dan menempelkan teks berulang Anda di mana pun Anda inginkan, termasuk WhatsApp, Messenger, SMS, Telegram, atau med', NULL, 'Penjelasan Pokok visi Pengulang teks adalah tool online sederhana yang memungkinkan Anda mengulang teks sebanyak yang Anda inginkan. Anda kemudian dapat menyalin dan menempelkan teks berulang Anda di mana pun Anda inginkan, termasuk WhatsApp, Messenger, SMS, Telegram, atau media sosial lainnya.Pengulang teks adalah tool online sederhana yang memungkinkan Anda mengulang teks sebanyak yang Anda inginkan. Anda kemudian dapat menyalin dan menempelkan teks berulang Anda di mana pun Anda inginkan, termasuk WhatsApp, Messenger, SMS, Telegram, atau media sosial lainnyaa', NULL, 52, NULL, 'rancangan', '2025-09-06 17:25:36'),
(125, 'admin_sinergi', 'Administrator Sinergi', 'restore', 84, 'Pengulang teks adalah tool online sederhana yang memungkinkan Anda mengulang teks sebanyak yang Anda inginkan. Anda kemudian dapat menyalin dan menempelkan teks berulang Anda di mana pun Anda inginkan, termasuk WhatsApp, Messenger, SMS, Telegram, atau med', NULL, 'Penjelasan Pokok visi Pengulang teks adalah tool online sederhana yang memungkinkan Anda mengulang teks sebanyak yang Anda inginkan. Anda kemudian dapat menyalin dan menempelkan teks berulang Anda di mana pun Anda inginkan, termasuk WhatsApp, Messenger, SMS, Telegram, atau media sosial lainnya.Pengulang teks adalah tool online sederhana yang memungkinkan Anda mengulang teks sebanyak yang Anda inginkan. Anda kemudian dapat menyalin dan menempelkan teks berulang Anda di mana pun Anda inginkan, termasuk WhatsApp, Messenger, SMS, Telegram, atau media sosial lainnyaa', NULL, 52, NULL, 'rancangan', '2025-09-06 17:26:12'),
(126, 'admin_sinergi', 'Administrator Sinergi', 'update', 84, 'Pengulang teks adalah tool online sederhana yang memungkinkan Anda mengulang teks sebanyak yang Anda inginkan. Anda kemudian dapat menyalin dan menempelkan teks berulang Anda di mana pun Anda inginkan, termasuk WhatsApp, Messenger, SMS, Telegram, atau med', 'oke ini ujicoba', 'Penjelasan Pokok visi Pengulang teks adalah tool online sederhana yang memungkinkan Anda mengulang teks sebanyak yang Anda inginkan. Anda kemudian dapat menyalin dan menempelkan teks berulang Anda di mana pun Anda inginkan, termasuk WhatsApp, Messenger, SMS, Telegram, atau media sosial lainnya.Pengulang teks adalah tool online sederhana yang memungkinkan Anda mengulang teks sebanyak yang Anda inginkan. Anda kemudian dapat menyalin dan menempelkan teks berulang Anda di mana pun Anda inginkan, termasuk WhatsApp, Messenger, SMS, Telegram, atau media sosial lainnyaa', NULL, 52, '', 'rancangan', '2025-09-06 22:45:05'),
(127, 'admin_sinergi', 'Administrator Sinergi', 'update', 84, 'oke ini ujicoba', 'Uraian pokok visi Penjelasan Pokok visi Pengulang teks adalah tool online sederhana yang memungkinkan Anda mengulang teks sebanyak yang Anda inginkan. Anda kemudian dapat menyalin dan menempelkan teks berulang Anda di mana pun Anda inginkan, termasuk What', 'Penjelasan Pokok visi Pengulang teks adalah tool online sederhana yang memungkinkan Anda mengulang teks sebanyak yang Anda inginkan. Anda kemudian dapat menyalin dan menempelkan teks berulang Anda di mana pun Anda inginkan, termasuk WhatsApp, Messenger, SMS, Telegram, atau media sosial lainnya.Pengulang teks adalah tool online sederhana yang memungkinkan Anda mengulang teks sebanyak yang Anda inginkan. Anda kemudian dapat menyalin dan menempelkan teks berulang Anda di mana pun Anda inginkan, termasuk WhatsApp, Messenger, SMS, Telegram, atau media sosial lainnyaa', NULL, 52, '', 'rancangan', '2025-09-07 15:44:14'),
(128, 'admin_sinergi', 'Administrator Sinergi', 'delete', 84, 'Uraian pokok visi Penjelasan Pokok visi Pengulang teks adalah tool online sederhana yang memungkinkan Anda mengulang teks sebanyak yang Anda inginkan. Anda kemudian dapat menyalin dan menempelkan teks berulang Anda di mana pun Anda inginkan, termasuk What', NULL, 'Penjelasan Pokok visi Pengulang teks adalah tool online sederhana yang memungkinkan Anda mengulang teks sebanyak yang Anda inginkan. Anda kemudian dapat menyalin dan menempelkan teks berulang Anda di mana pun Anda inginkan, termasuk WhatsApp, Messenger, SMS, Telegram, atau media sosial lainnya.Pengulang teks adalah tool online sederhana yang memungkinkan Anda mengulang teks sebanyak yang Anda inginkan. Anda kemudian dapat menyalin dan menempelkan teks berulang Anda di mana pun Anda inginkan, termasuk WhatsApp, Messenger, SMS, Telegram, atau media sosial lainnyaa', NULL, 52, NULL, 'rancangan', '2025-09-12 23:34:47'),
(129, 'admin_sinergi', 'Administrator Sinergi', 'restore', 84, 'Uraian pokok visi Penjelasan Pokok visi Pengulang teks adalah tool online sederhana yang memungkinkan Anda mengulang teks sebanyak yang Anda inginkan. Anda kemudian dapat menyalin dan menempelkan teks berulang Anda di mana pun Anda inginkan, termasuk What', NULL, 'Penjelasan Pokok visi Pengulang teks adalah tool online sederhana yang memungkinkan Anda mengulang teks sebanyak yang Anda inginkan. Anda kemudian dapat menyalin dan menempelkan teks berulang Anda di mana pun Anda inginkan, termasuk WhatsApp, Messenger, SMS, Telegram, atau media sosial lainnya.Pengulang teks adalah tool online sederhana yang memungkinkan Anda mengulang teks sebanyak yang Anda inginkan. Anda kemudian dapat menyalin dan menempelkan teks berulang Anda di mana pun Anda inginkan, termasuk WhatsApp, Messenger, SMS, Telegram, atau media sosial lainnyaa', NULL, 52, NULL, 'rancangan', '2025-09-12 23:35:06'),
(130, 'admin_sinergi', 'Administrator Sinergi', 'create', 84, NULL, 'Uraian pokok visi Penjelasan Pokok visi Pengulang teks adalah tool online sederhana yang memungkinkan Anda mengulang teks sebanyak yang Anda inginkan. Anda kemudian dapat menyalin dan menempelkan teks berulang Anda di mana pun Anda inginkan, termasuk What', NULL, 'Penjelasan Pokok visi Pengulang teks adalah tool online sederhana yang memungkinkan Anda mengulang teks sebanyak yang Anda inginkan. Anda kemudian dapat menyalin dan menempelkan teks berulang Anda di mana pun Anda inginkan, termasuk WhatsApp, Messenger, SMS, Telegram, atau media sosial lainnya.Pengulang teks adalah tool online sederhana yang memungkinkan Anda mengulang teks sebanyak yang Anda inginkan. Anda kemudian dapat menyalin dan menempelkan teks berulang Anda di mana pun Anda inginkan, termasuk WhatsApp, Messenger, SMS, Telegram, atau media sosial lainnyaa', 53, NULL, 'Pindah ke Musrenbang', '2025-09-15 11:30:46'),
(131, 'admin_sinergi', 'Administrator Sinergi', 'create', 84, NULL, 'Uraian pokok visi Penjelasan Pokok visi Pengulang teks adalah tool online sederhana yang memungkinkan Anda mengulang teks sebanyak yang Anda inginkan. Anda kemudian dapat menyalin dan menempelkan teks berulang Anda di mana pun Anda inginkan, termasuk What', NULL, 'Penjelasan Pokok visi Pengulang teks adalah tool online sederhana yang memungkinkan Anda mengulang teks sebanyak yang Anda inginkan. Anda kemudian dapat menyalin dan menempelkan teks berulang Anda di mana pun Anda inginkan, termasuk WhatsApp, Messenger, SMS, Telegram, atau media sosial lainnya.Pengulang teks adalah tool online sederhana yang memungkinkan Anda mengulang teks sebanyak yang Anda inginkan. Anda kemudian dapat menyalin dan menempelkan teks berulang Anda di mana pun Anda inginkan, termasuk WhatsApp, Messenger, SMS, Telegram, atau media sosial lainnyaa', 54, NULL, 'Pindah ke Rancangan Akhir', '2025-09-15 11:46:37'),
(132, 'admin_sinergi', 'Administrator Sinergi', 'create', 85, NULL, 'pokok visi', NULL, 'visi hapus', 51, NULL, 'rancangan_awal', '2025-08-24 21:42:54'),
(133, 'admin_sinergi', 'Administrator Sinergi', 'delete', 85, 'pokok visi', NULL, 'visi hapus', NULL, 51, NULL, 'rancangan_awal', '2025-08-24 21:43:42'),
(134, 'admin_sinergi', 'Administrator Sinergi', 'create', 85, NULL, 'pokok visi', NULL, 'visi hapus', 52, NULL, 'Pindah ke Rancangan', '2025-08-24 22:06:15'),
(135, 'admin_sinergi', 'Administrator Sinergi', 'restore', 85, 'pokok visi', NULL, 'visi hapus', NULL, 52, NULL, 'rancangan', '2025-08-25 02:14:53'),
(136, 'admin_sinergi', 'Administrator Sinergi', 'delete', 85, 'pokok visi', NULL, 'visi hapus', NULL, 52, NULL, 'rancangan', '2025-08-26 14:02:29'),
(137, 'admin_sinergi', 'Administrator Sinergi', 'restore', 85, 'pokok visi', NULL, 'visi hapus', NULL, 52, NULL, 'rancangan', '2025-09-06 15:26:25'),
(138, 'admin_sinergi', 'Administrator Sinergi', 'update', 85, 'pokok visi', 'pokok visi Pengulang teks adalah tool online sederhana yang memungkinkan Anda mengulang teks sebanyak yang Anda inginkan. Anda kemudian dapat menyalin dan menempelkan teks berulang Anda di mana pun Anda inginkan, termasuk WhatsApp, Messenger, SMS, Telegra', 'visi hapus', 'visi hapus Pengulang teks adalah tool online sederhana yang memungkinkan Anda mengulang teks sebanyak yang Anda inginkan. Anda kemudian dapat menyalin dan menempelkan teks berulang Anda di mana pun Anda inginkan, termasuk WhatsApp, Messenger, SMS, Telegram, atau media sosial lainnya.Pengulang teks adalah tool online sederhana yang memungkinkan Anda mengulang teks sebanyak yang Anda inginkan. Anda kemudian dapat menyalin dan menempelkan teks berulang Anda di mana pun Anda inginkan, termasuk WhatsApp, Messenger, SMS, Telegram, atau media sosial lainnya.', 52, NULL, 'rancangan', '2025-09-06 15:26:39'),
(139, 'admin_sinergi', 'Administrator Sinergi', 'delete', 85, 'pokok visi Pengulang teks adalah tool online sederhana yang memungkinkan Anda mengulang teks sebanyak yang Anda inginkan. Anda kemudian dapat menyalin dan menempelkan teks berulang Anda di mana pun Anda inginkan, termasuk WhatsApp, Messenger, SMS, Telegra', NULL, 'visi hapus Pengulang teks adalah tool online sederhana yang memungkinkan Anda mengulang teks sebanyak yang Anda inginkan. Anda kemudian dapat menyalin dan menempelkan teks berulang Anda di mana pun Anda inginkan, termasuk WhatsApp, Messenger, SMS, Telegram, atau media sosial lainnya.Pengulang teks adalah tool online sederhana yang memungkinkan Anda mengulang teks sebanyak yang Anda inginkan. Anda kemudian dapat menyalin dan menempelkan teks berulang Anda di mana pun Anda inginkan, termasuk WhatsApp, Messenger, SMS, Telegram, atau media sosial lainnya.', NULL, 52, NULL, 'rancangan', '2025-09-06 15:26:49'),
(140, 'admin_sinergi', 'Administrator Sinergi', 'restore', 85, 'pokok visi Pengulang teks adalah tool online sederhana yang memungkinkan Anda mengulang teks sebanyak yang Anda inginkan. Anda kemudian dapat menyalin dan menempelkan teks berulang Anda di mana pun Anda inginkan, termasuk WhatsApp, Messenger, SMS, Telegra', NULL, 'visi hapus Pengulang teks adalah tool online sederhana yang memungkinkan Anda mengulang teks sebanyak yang Anda inginkan. Anda kemudian dapat menyalin dan menempelkan teks berulang Anda di mana pun Anda inginkan, termasuk WhatsApp, Messenger, SMS, Telegram, atau media sosial lainnya.Pengulang teks adalah tool online sederhana yang memungkinkan Anda mengulang teks sebanyak yang Anda inginkan. Anda kemudian dapat menyalin dan menempelkan teks berulang Anda di mana pun Anda inginkan, termasuk WhatsApp, Messenger, SMS, Telegram, atau media sosial lainnya.', NULL, 52, NULL, 'rancangan', '2025-09-06 16:07:32'),
(141, 'admin_sinergi', 'Administrator Sinergi', 'delete', 85, 'pokok visi Pengulang teks adalah tool online sederhana yang memungkinkan Anda mengulang teks sebanyak yang Anda inginkan. Anda kemudian dapat menyalin dan menempelkan teks berulang Anda di mana pun Anda inginkan, termasuk WhatsApp, Messenger, SMS, Telegra', NULL, 'visi hapus Pengulang teks adalah tool online sederhana yang memungkinkan Anda mengulang teks sebanyak yang Anda inginkan. Anda kemudian dapat menyalin dan menempelkan teks berulang Anda di mana pun Anda inginkan, termasuk WhatsApp, Messenger, SMS, Telegram, atau media sosial lainnya.Pengulang teks adalah tool online sederhana yang memungkinkan Anda mengulang teks sebanyak yang Anda inginkan. Anda kemudian dapat menyalin dan menempelkan teks berulang Anda di mana pun Anda inginkan, termasuk WhatsApp, Messenger, SMS, Telegram, atau media sosial lainnya.', NULL, 52, NULL, 'rancangan', '2025-09-06 16:50:11'),
(142, 'admin_sinergi', 'Administrator Sinergi', 'create', 85, NULL, 'pokok visi Pengulang teks adalah tool online sederhana yang memungkinkan Anda mengulang teks sebanyak yang Anda inginkan. Anda kemudian dapat menyalin dan menempelkan teks berulang Anda di mana pun Anda inginkan, termasuk WhatsApp, Messenger, SMS, Telegra', NULL, 'visi hapus Pengulang teks adalah tool online sederhana yang memungkinkan Anda mengulang teks sebanyak yang Anda inginkan. Anda kemudian dapat menyalin dan menempelkan teks berulang Anda di mana pun Anda inginkan, termasuk WhatsApp, Messenger, SMS, Telegram, atau media sosial lainnya.Pengulang teks adalah tool online sederhana yang memungkinkan Anda mengulang teks sebanyak yang Anda inginkan. Anda kemudian dapat menyalin dan menempelkan teks berulang Anda di mana pun Anda inginkan, termasuk WhatsApp, Messenger, SMS, Telegram, atau media sosial lainnya.', 53, NULL, 'Pindah ke Musrenbang', '2025-09-15 11:30:46'),
(143, 'admin_sinergi', 'Administrator Sinergi', 'create', 85, NULL, 'pokok visi Pengulang teks adalah tool online sederhana yang memungkinkan Anda mengulang teks sebanyak yang Anda inginkan. Anda kemudian dapat menyalin dan menempelkan teks berulang Anda di mana pun Anda inginkan, termasuk WhatsApp, Messenger, SMS, Telegra', NULL, 'visi hapus Pengulang teks adalah tool online sederhana yang memungkinkan Anda mengulang teks sebanyak yang Anda inginkan. Anda kemudian dapat menyalin dan menempelkan teks berulang Anda di mana pun Anda inginkan, termasuk WhatsApp, Messenger, SMS, Telegram, atau media sosial lainnya.Pengulang teks adalah tool online sederhana yang memungkinkan Anda mengulang teks sebanyak yang Anda inginkan. Anda kemudian dapat menyalin dan menempelkan teks berulang Anda di mana pun Anda inginkan, termasuk WhatsApp, Messenger, SMS, Telegram, atau media sosial lainnya.', 54, NULL, 'Pindah ke Rancangan Akhir', '2025-09-15 11:46:37'),
(144, 'admin_sinergi', 'Administrator Sinergi', 'create', 86, NULL, 'Saat ini saya ujicoba tambah', NULL, 'semoga berhasil', 52, NULL, 'rancangan', '2025-09-03 14:45:46'),
(145, 'admin_sinergi', 'Administrator Sinergi', 'update', 86, 'Saat ini saya ujicoba tambah', 'Saat ini saya ujicoba edit', 'semoga berhasil', NULL, 52, NULL, 'rancangan', '2025-09-03 14:45:59'),
(146, 'admin_sinergi', 'Administrator Sinergi', 'delete', 86, 'Saat ini saya ujicoba edit', NULL, 'semoga berhasil', NULL, 52, NULL, 'rancangan', '2025-09-03 14:49:28'),
(147, 'admin_sinergi', 'Administrator Sinergi', 'create', 86, NULL, 'Saat ini saya ujicoba edit', NULL, 'semoga berhasil', 53, NULL, 'Pindah ke Musrenbang', '2025-09-15 11:30:46'),
(148, 'admin_sinergi', 'Administrator Sinergi', 'create', 86, NULL, 'Saat ini saya ujicoba edit', NULL, 'semoga berhasil', 54, NULL, 'Pindah ke Rancangan Akhir', '2025-09-15 11:46:37'),
(149, 'admin_sinergi', 'Administrator Sinergi', 'create', 87, NULL, '222', NULL, '22222', 52, NULL, 'rancangan', '2025-09-06 22:44:11'),
(150, 'admin_sinergi', 'Administrator Sinergi', 'create', 87, NULL, '222', NULL, '22222', 53, NULL, 'Pindah ke Musrenbang', '2025-09-15 11:30:46'),
(151, 'admin_sinergi', 'Administrator Sinergi', 'create', 87, NULL, '222', NULL, '22222', 54, NULL, 'Pindah ke Rancangan Akhir', '2025-09-15 11:46:37'),
(152, 'admin_sinergi', 'Administrator Sinergi', 'create', 88, NULL, 'pokok visi', NULL, 'okok visi ujicoba', 51, NULL, 'rancangan_awal', '2025-08-24 21:42:39'),
(153, 'admin_sinergi', 'Administrator Sinergi', 'create', 88, NULL, 'pokok visi', NULL, 'okok visi ujicoba', 52, NULL, 'Pindah ke Rancangan', '2025-08-24 22:06:15'),
(154, 'admin_sinergi', 'Administrator Sinergi', 'delete', 88, 'pokok visi', NULL, 'okok visi ujicoba', NULL, 52, NULL, 'rancangan', '2025-09-03 14:44:56'),
(155, 'admin_sinergi', 'Administrator Sinergi', 'restore', 88, 'pokok visi', NULL, 'okok visi ujicoba', NULL, 52, NULL, 'rancangan', '2025-09-03 14:47:39'),
(156, 'admin_sinergi', 'Administrator Sinergi', 'delete', 88, 'pokok visi', NULL, 'okok visi ujicoba', NULL, 52, NULL, 'rancangan', '2025-09-03 14:49:06'),
(157, 'admin_sinergi', 'Administrator Sinergi', 'restore', 88, 'pokok visi', NULL, 'okok visi ujicoba', NULL, 52, NULL, 'rancangan', '2025-09-03 14:50:10'),
(158, 'admin_sinergi', 'Administrator Sinergi', 'delete', 88, 'pokok visi', NULL, 'okok visi ujicoba', NULL, 52, NULL, 'rancangan', '2025-09-03 14:50:22'),
(159, 'admin_sinergi', 'Administrator Sinergi', 'restore', 88, 'pokok visi', NULL, 'okok visi ujicoba', NULL, 52, NULL, 'rancangan', '2025-09-03 14:50:43'),
(160, 'admin_sinergi', 'Administrator Sinergi', 'update', 88, 'pokok visi', NULL, 'okok visi ujicoba', 'okok visi ujicoba 1', 52, NULL, 'rancangan', '2025-09-03 14:52:12'),
(161, 'admin_sinergi', 'Administrator Sinergi', 'update', 88, 'pokok visi', NULL, 'okok visi ujicoba 1', 'okok visi ujicoba 2', 52, NULL, 'rancangan', '2025-09-03 14:52:47'),
(162, 'admin_sinergi', 'Administrator Sinergi', 'update', 88, 'pokok visi', NULL, 'okok visi ujicoba 2', 'okok visi ujicoba 1', 52, NULL, 'rancangan', '2025-09-03 14:53:10'),
(163, 'admin_sinergi', 'Administrator Sinergi', 'update', 88, 'pokok visi', NULL, 'okok visi ujicoba 1', 'Pokok visi ujicoba 1', 52, NULL, 'rancangan', '2025-09-03 14:53:42'),
(164, 'admin_sinergi', 'Administrator Sinergi', 'update', 88, 'pokok visi', NULL, 'Pokok visi ujicoba 1', 'Pokok visi ujicoba 2\r\n', 52, NULL, 'rancangan', '2025-09-03 14:53:58'),
(165, 'admin_sinergi', 'Administrator Sinergi', 'update', 88, 'pokok visi', NULL, 'Pokok visi ujicoba 2\r\n', 'Pokok visi ujicoba 3', 52, NULL, 'rancangan', '2025-09-04 00:28:59'),
(166, 'nailul12', 'Muh Nailul Author', 'update', 88, 'pokok visi', NULL, 'Pokok visi ujicoba 3', 'Pokok visi ujicoba 5', 52, NULL, 'rancangan', '2025-09-04 00:34:28'),
(167, 'admin_sinergi', 'Administrator Sinergi', 'update', 88, 'pokok visi', NULL, 'Pokok visi ujicoba 5', 'Pokok visi ujicoba 3', 52, NULL, 'rancangan', '2025-09-04 00:35:45'),
(168, 'admin_sinergi', 'Administrator Sinergi', 'update', 88, 'pokok visi', NULL, 'Pokok visi ujicoba 3', 'Pokok visi ujicoba 2', 52, NULL, 'rancangan', '2025-09-04 00:35:53'),
(169, 'admin_sinergi', 'Administrator Sinergi', 'update', 88, 'pokok visi', NULL, 'Pokok visi ujicoba 2', 'Pokok visi ujicoba 1', 52, NULL, 'rancangan', '2025-09-04 00:36:24'),
(170, 'nailul12', 'Muh Nailul Author', 'delete', 88, 'pokok visi', NULL, 'Pokok visi ujicoba 1', NULL, 52, NULL, 'rancangan', '2025-09-04 00:38:49'),
(171, 'admin_sinergi', 'Administrator Sinergi', 'restore', 88, 'pokok visi', NULL, 'Pokok visi ujicoba 1', NULL, 52, NULL, 'rancangan', '2025-09-04 00:39:17'),
(172, 'nailul12', 'Muh Nailul Author', 'delete', 88, 'pokok visi', NULL, 'Pokok visi ujicoba 1', NULL, 52, NULL, 'rancangan', '2025-09-04 00:49:34'),
(173, 'admin_sinergi', 'Administrator Sinergi', 'restore', 88, 'pokok visi', NULL, 'Pokok visi ujicoba 1', NULL, 52, NULL, 'rancangan', '2025-09-04 14:00:53'),
(174, 'admin_sinergi', 'Administrator Sinergi', 'update', 88, 'pokok visi', 'Pengulang teks adalah tool online sederhana yang memungkinkan Anda mengulang teks sebanyak yang Anda inginkan. Anda kemudian dapat menyalin dan menempelkan teks berulang Anda di mana pun Anda inginkan, termasuk WhatsApp, Messenger, SMS, Telegram, atau med', 'Pokok visi ujicoba 1', 'Penjelasan Pokok visi Pengulang teks adalah tool online sederhana yang memungkinkan Anda mengulang teks sebanyak yang Anda inginkan. Anda kemudian dapat menyalin dan menempelkan teks berulang Anda di mana pun Anda inginkan, termasuk WhatsApp, Messenger, SMS, Telegram, atau media sosial lainnya.Pengulang teks adalah tool online sederhana yang memungkinkan Anda mengulang teks sebanyak yang Anda inginkan. Anda kemudian dapat menyalin dan menempelkan teks berulang Anda di mana pun Anda inginkan, termasuk WhatsApp, Messenger, SMS, Telegram, atau media sosial lainnya.', 52, '', 'rancangan', '2025-09-06 17:14:58'),
(175, 'admin_sinergi', 'Administrator Sinergi', 'update', 88, 'Pengulang teks adalah tool online sederhana yang memungkinkan Anda mengulang teks sebanyak yang Anda inginkan. Anda kemudian dapat menyalin dan menempelkan teks berulang Anda di mana pun Anda inginkan, termasuk WhatsApp, Messenger, SMS, Telegram, atau med', NULL, 'Penjelasan Pokok visi Pengulang teks adalah tool online sederhana yang memungkinkan Anda mengulang teks sebanyak yang Anda inginkan. Anda kemudian dapat menyalin dan menempelkan teks berulang Anda di mana pun Anda inginkan, termasuk WhatsApp, Messenger, SMS, Telegram, atau media sosial lainnya.Pengulang teks adalah tool online sederhana yang memungkinkan Anda mengulang teks sebanyak yang Anda inginkan. Anda kemudian dapat menyalin dan menempelkan teks berulang Anda di mana pun Anda inginkan, termasuk WhatsApp, Messenger, SMS, Telegram, atau media sosial lainnya.', NULL, 52, 'Pengulang teks adalah tool online sederhana yang memungkinkan Anda mengulang teks sebanyak yang Anda inginkan. Anda kemudian dapat menyalin dan menempelkan teks berulang Anda di mana pun Anda inginkan, termasuk WhatsApp, Messenger, SMS, Telegram, atau media sosial lainnya.Pengulang teks adalah tool online sederhana yang memungkinkan Anda mengulang teks sebanyak yang Anda inginkan. Anda kemudian dapat menyalin dan menempelkan teks berulang Anda di mana pun Anda inginkan, termasuk WhatsApp, Messenger, SMS, Telegram, atau media sosial lainnya.', 'rancangan', '2025-09-06 17:15:35'),
(176, 'admin_sinergi', 'Administrator Sinergi', 'update', 88, 'Pengulang teks adalah tool online sederhana yang memungkinkan Anda mengulang teks sebanyak yang Anda inginkan. Anda kemudian dapat menyalin dan menempelkan teks berulang Anda di mana pun Anda inginkan, termasuk WhatsApp, Messenger, SMS, Telegram, atau med', NULL, 'Penjelasan Pokok visi Pengulang teks adalah tool online sederhana yang memungkinkan Anda mengulang teks sebanyak yang Anda inginkan. Anda kemudian dapat menyalin dan menempelkan teks berulang Anda di mana pun Anda inginkan, termasuk WhatsApp, Messenger, SMS, Telegram, atau media sosial lainnya.Pengulang teks adalah tool online sederhana yang memungkinkan Anda mengulang teks sebanyak yang Anda inginkan. Anda kemudian dapat menyalin dan menempelkan teks berulang Anda di mana pun Anda inginkan, termasuk WhatsApp, Messenger, SMS, Telegram, atau media sosial lainnya.', 'Penjelasan Pokok visi Pengulang teks adalah tool online sederhana yang memungkinkan Anda mengulang teks sebanyak yang Anda inginkan. Anda kemudian dapat menyalin dan menempelkan teks berulang Anda di mana pun Anda inginkan, termasuk WhatsApp, Messenger, SMS, Telegram, atau media sosial lainnya.Pengulang teks adalah tool online sederhana yang memungkinkan Anda mengulang teks sebanyak yang Anda inginkan. Anda kemudian dapat menyalin dan menempelkan teks berulang Anda di mana pun Anda inginkan, termasuk WhatsApp, Messenger, SMS, Telegram, atau media sosial lainnyaa', 52, 'Pengulang teks adalah tool online sederhana yang memungkinkan Anda mengulang teks sebanyak yang Anda inginkan. Anda kemudian dapat menyalin dan menempelkan teks berulang Anda di mana pun Anda inginkan, termasuk WhatsApp, Messenger, SMS, Telegram, atau media sosial lainnya.Pengulang teks adalah tool online sederhana yang memungkinkan Anda mengulang teks sebanyak yang Anda inginkan. Anda kemudian dapat menyalin dan menempelkan teks berulang Anda di mana pun Anda inginkan, termasuk WhatsApp, Messenger, SMS, Telegram, atau media sosial lainnya.', 'rancangan', '2025-09-06 17:16:08'),
(177, 'admin_sinergi', 'Administrator Sinergi', 'delete', 88, 'Pengulang teks adalah tool online sederhana yang memungkinkan Anda mengulang teks sebanyak yang Anda inginkan. Anda kemudian dapat menyalin dan menempelkan teks berulang Anda di mana pun Anda inginkan, termasuk WhatsApp, Messenger, SMS, Telegram, atau med', NULL, 'Penjelasan Pokok visi Pengulang teks adalah tool online sederhana yang memungkinkan Anda mengulang teks sebanyak yang Anda inginkan. Anda kemudian dapat menyalin dan menempelkan teks berulang Anda di mana pun Anda inginkan, termasuk WhatsApp, Messenger, SMS, Telegram, atau media sosial lainnya.Pengulang teks adalah tool online sederhana yang memungkinkan Anda mengulang teks sebanyak yang Anda inginkan. Anda kemudian dapat menyalin dan menempelkan teks berulang Anda di mana pun Anda inginkan, termasuk WhatsApp, Messenger, SMS, Telegram, atau media sosial lainnyaa', NULL, 52, NULL, 'rancangan', '2025-09-06 17:25:36'),
(178, 'admin_sinergi', 'Administrator Sinergi', 'restore', 88, 'Pengulang teks adalah tool online sederhana yang memungkinkan Anda mengulang teks sebanyak yang Anda inginkan. Anda kemudian dapat menyalin dan menempelkan teks berulang Anda di mana pun Anda inginkan, termasuk WhatsApp, Messenger, SMS, Telegram, atau med', NULL, 'Penjelasan Pokok visi Pengulang teks adalah tool online sederhana yang memungkinkan Anda mengulang teks sebanyak yang Anda inginkan. Anda kemudian dapat menyalin dan menempelkan teks berulang Anda di mana pun Anda inginkan, termasuk WhatsApp, Messenger, SMS, Telegram, atau media sosial lainnya.Pengulang teks adalah tool online sederhana yang memungkinkan Anda mengulang teks sebanyak yang Anda inginkan. Anda kemudian dapat menyalin dan menempelkan teks berulang Anda di mana pun Anda inginkan, termasuk WhatsApp, Messenger, SMS, Telegram, atau media sosial lainnyaa', NULL, 52, NULL, 'rancangan', '2025-09-06 17:26:12'),
(179, 'admin_sinergi', 'Administrator Sinergi', 'update', 88, 'Pengulang teks adalah tool online sederhana yang memungkinkan Anda mengulang teks sebanyak yang Anda inginkan. Anda kemudian dapat menyalin dan menempelkan teks berulang Anda di mana pun Anda inginkan, termasuk WhatsApp, Messenger, SMS, Telegram, atau med', 'oke ini ujicoba', 'Penjelasan Pokok visi Pengulang teks adalah tool online sederhana yang memungkinkan Anda mengulang teks sebanyak yang Anda inginkan. Anda kemudian dapat menyalin dan menempelkan teks berulang Anda di mana pun Anda inginkan, termasuk WhatsApp, Messenger, SMS, Telegram, atau media sosial lainnya.Pengulang teks adalah tool online sederhana yang memungkinkan Anda mengulang teks sebanyak yang Anda inginkan. Anda kemudian dapat menyalin dan menempelkan teks berulang Anda di mana pun Anda inginkan, termasuk WhatsApp, Messenger, SMS, Telegram, atau media sosial lainnyaa', NULL, 52, '', 'rancangan', '2025-09-06 22:45:05'),
(180, 'admin_sinergi', 'Administrator Sinergi', 'update', 88, 'oke ini ujicoba', 'Uraian pokok visi Penjelasan Pokok visi Pengulang teks adalah tool online sederhana yang memungkinkan Anda mengulang teks sebanyak yang Anda inginkan. Anda kemudian dapat menyalin dan menempelkan teks berulang Anda di mana pun Anda inginkan, termasuk What', 'Penjelasan Pokok visi Pengulang teks adalah tool online sederhana yang memungkinkan Anda mengulang teks sebanyak yang Anda inginkan. Anda kemudian dapat menyalin dan menempelkan teks berulang Anda di mana pun Anda inginkan, termasuk WhatsApp, Messenger, SMS, Telegram, atau media sosial lainnya.Pengulang teks adalah tool online sederhana yang memungkinkan Anda mengulang teks sebanyak yang Anda inginkan. Anda kemudian dapat menyalin dan menempelkan teks berulang Anda di mana pun Anda inginkan, termasuk WhatsApp, Messenger, SMS, Telegram, atau media sosial lainnyaa', NULL, 52, '', 'rancangan', '2025-09-07 15:44:14'),
(181, 'admin_sinergi', 'Administrator Sinergi', 'delete', 88, 'Uraian pokok visi Penjelasan Pokok visi Pengulang teks adalah tool online sederhana yang memungkinkan Anda mengulang teks sebanyak yang Anda inginkan. Anda kemudian dapat menyalin dan menempelkan teks berulang Anda di mana pun Anda inginkan, termasuk What', NULL, 'Penjelasan Pokok visi Pengulang teks adalah tool online sederhana yang memungkinkan Anda mengulang teks sebanyak yang Anda inginkan. Anda kemudian dapat menyalin dan menempelkan teks berulang Anda di mana pun Anda inginkan, termasuk WhatsApp, Messenger, SMS, Telegram, atau media sosial lainnya.Pengulang teks adalah tool online sederhana yang memungkinkan Anda mengulang teks sebanyak yang Anda inginkan. Anda kemudian dapat menyalin dan menempelkan teks berulang Anda di mana pun Anda inginkan, termasuk WhatsApp, Messenger, SMS, Telegram, atau media sosial lainnyaa', NULL, 52, NULL, 'rancangan', '2025-09-12 23:34:47'),
(182, 'admin_sinergi', 'Administrator Sinergi', 'restore', 88, 'Uraian pokok visi Penjelasan Pokok visi Pengulang teks adalah tool online sederhana yang memungkinkan Anda mengulang teks sebanyak yang Anda inginkan. Anda kemudian dapat menyalin dan menempelkan teks berulang Anda di mana pun Anda inginkan, termasuk What', NULL, 'Penjelasan Pokok visi Pengulang teks adalah tool online sederhana yang memungkinkan Anda mengulang teks sebanyak yang Anda inginkan. Anda kemudian dapat menyalin dan menempelkan teks berulang Anda di mana pun Anda inginkan, termasuk WhatsApp, Messenger, SMS, Telegram, atau media sosial lainnya.Pengulang teks adalah tool online sederhana yang memungkinkan Anda mengulang teks sebanyak yang Anda inginkan. Anda kemudian dapat menyalin dan menempelkan teks berulang Anda di mana pun Anda inginkan, termasuk WhatsApp, Messenger, SMS, Telegram, atau media sosial lainnyaa', NULL, 52, NULL, 'rancangan', '2025-09-12 23:35:06'),
(183, 'admin_sinergi', 'Administrator Sinergi', 'create', 88, NULL, 'Uraian pokok visi Penjelasan Pokok visi Pengulang teks adalah tool online sederhana yang memungkinkan Anda mengulang teks sebanyak yang Anda inginkan. Anda kemudian dapat menyalin dan menempelkan teks berulang Anda di mana pun Anda inginkan, termasuk What', NULL, 'Penjelasan Pokok visi Pengulang teks adalah tool online sederhana yang memungkinkan Anda mengulang teks sebanyak yang Anda inginkan. Anda kemudian dapat menyalin dan menempelkan teks berulang Anda di mana pun Anda inginkan, termasuk WhatsApp, Messenger, SMS, Telegram, atau media sosial lainnya.Pengulang teks adalah tool online sederhana yang memungkinkan Anda mengulang teks sebanyak yang Anda inginkan. Anda kemudian dapat menyalin dan menempelkan teks berulang Anda di mana pun Anda inginkan, termasuk WhatsApp, Messenger, SMS, Telegram, atau media sosial lainnyaa', 53, NULL, 'Pindah ke Musrenbang', '2025-09-15 11:30:46'),
(184, 'admin_sinergi', 'Administrator Sinergi', 'create', 88, NULL, 'Uraian pokok visi Penjelasan Pokok visi Pengulang teks adalah tool online sederhana yang memungkinkan Anda mengulang teks sebanyak yang Anda inginkan. Anda kemudian dapat menyalin dan menempelkan teks berulang Anda di mana pun Anda inginkan, termasuk What', NULL, 'Penjelasan Pokok visi Pengulang teks adalah tool online sederhana yang memungkinkan Anda mengulang teks sebanyak yang Anda inginkan. Anda kemudian dapat menyalin dan menempelkan teks berulang Anda di mana pun Anda inginkan, termasuk WhatsApp, Messenger, SMS, Telegram, atau media sosial lainnya.Pengulang teks adalah tool online sederhana yang memungkinkan Anda mengulang teks sebanyak yang Anda inginkan. Anda kemudian dapat menyalin dan menempelkan teks berulang Anda di mana pun Anda inginkan, termasuk WhatsApp, Messenger, SMS, Telegram, atau media sosial lainnyaa', 54, NULL, 'Pindah ke Rancangan Akhir', '2025-09-15 11:46:37'),
(185, 'admin_sinergi', 'Administrator Sinergi', 'create', 88, NULL, 'Uraian pokok visi Penjelasan Pokok visi Pengulang teks adalah tool online sederhana yang memungkinkan Anda mengulang teks sebanyak yang Anda inginkan. Anda kemudian dapat menyalin dan menempelkan teks berulang Anda di mana pun Anda inginkan, termasuk What', NULL, 'Penjelasan Pokok visi Pengulang teks adalah tool online sederhana yang memungkinkan Anda mengulang teks sebanyak yang Anda inginkan. Anda kemudian dapat menyalin dan menempelkan teks berulang Anda di mana pun Anda inginkan, termasuk WhatsApp, Messenger, SMS, Telegram, atau media sosial lainnya.Pengulang teks adalah tool online sederhana yang memungkinkan Anda mengulang teks sebanyak yang Anda inginkan. Anda kemudian dapat menyalin dan menempelkan teks berulang Anda di mana pun Anda inginkan, termasuk WhatsApp, Messenger, SMS, Telegram, atau media sosial lainnyaa', 55, NULL, 'Pindah ke Final', '2025-09-15 12:53:38'),
(186, 'admin_sinergi', 'Administrator Sinergi', 'create', 89, NULL, 'pokok visi', NULL, 'visi hapus', 51, NULL, 'rancangan_awal', '2025-08-24 21:42:54'),
(187, 'admin_sinergi', 'Administrator Sinergi', 'delete', 89, 'pokok visi', NULL, 'visi hapus', NULL, 51, NULL, 'rancangan_awal', '2025-08-24 21:43:42'),
(188, 'admin_sinergi', 'Administrator Sinergi', 'create', 89, NULL, 'pokok visi', NULL, 'visi hapus', 52, NULL, 'Pindah ke Rancangan', '2025-08-24 22:06:15'),
(189, 'admin_sinergi', 'Administrator Sinergi', 'restore', 89, 'pokok visi', NULL, 'visi hapus', NULL, 52, NULL, 'rancangan', '2025-08-25 02:14:53'),
(190, 'admin_sinergi', 'Administrator Sinergi', 'delete', 89, 'pokok visi', NULL, 'visi hapus', NULL, 52, NULL, 'rancangan', '2025-08-26 14:02:29'),
(191, 'admin_sinergi', 'Administrator Sinergi', 'restore', 89, 'pokok visi', NULL, 'visi hapus', NULL, 52, NULL, 'rancangan', '2025-09-06 15:26:25'),
(192, 'admin_sinergi', 'Administrator Sinergi', 'update', 89, 'pokok visi', 'pokok visi Pengulang teks adalah tool online sederhana yang memungkinkan Anda mengulang teks sebanyak yang Anda inginkan. Anda kemudian dapat menyalin dan menempelkan teks berulang Anda di mana pun Anda inginkan, termasuk WhatsApp, Messenger, SMS, Telegra', 'visi hapus', 'visi hapus Pengulang teks adalah tool online sederhana yang memungkinkan Anda mengulang teks sebanyak yang Anda inginkan. Anda kemudian dapat menyalin dan menempelkan teks berulang Anda di mana pun Anda inginkan, termasuk WhatsApp, Messenger, SMS, Telegram, atau media sosial lainnya.Pengulang teks adalah tool online sederhana yang memungkinkan Anda mengulang teks sebanyak yang Anda inginkan. Anda kemudian dapat menyalin dan menempelkan teks berulang Anda di mana pun Anda inginkan, termasuk WhatsApp, Messenger, SMS, Telegram, atau media sosial lainnya.', 52, NULL, 'rancangan', '2025-09-06 15:26:39'),
(193, 'admin_sinergi', 'Administrator Sinergi', 'delete', 89, 'pokok visi Pengulang teks adalah tool online sederhana yang memungkinkan Anda mengulang teks sebanyak yang Anda inginkan. Anda kemudian dapat menyalin dan menempelkan teks berulang Anda di mana pun Anda inginkan, termasuk WhatsApp, Messenger, SMS, Telegra', NULL, 'visi hapus Pengulang teks adalah tool online sederhana yang memungkinkan Anda mengulang teks sebanyak yang Anda inginkan. Anda kemudian dapat menyalin dan menempelkan teks berulang Anda di mana pun Anda inginkan, termasuk WhatsApp, Messenger, SMS, Telegram, atau media sosial lainnya.Pengulang teks adalah tool online sederhana yang memungkinkan Anda mengulang teks sebanyak yang Anda inginkan. Anda kemudian dapat menyalin dan menempelkan teks berulang Anda di mana pun Anda inginkan, termasuk WhatsApp, Messenger, SMS, Telegram, atau media sosial lainnya.', NULL, 52, NULL, 'rancangan', '2025-09-06 15:26:49'),
(194, 'admin_sinergi', 'Administrator Sinergi', 'restore', 89, 'pokok visi Pengulang teks adalah tool online sederhana yang memungkinkan Anda mengulang teks sebanyak yang Anda inginkan. Anda kemudian dapat menyalin dan menempelkan teks berulang Anda di mana pun Anda inginkan, termasuk WhatsApp, Messenger, SMS, Telegra', NULL, 'visi hapus Pengulang teks adalah tool online sederhana yang memungkinkan Anda mengulang teks sebanyak yang Anda inginkan. Anda kemudian dapat menyalin dan menempelkan teks berulang Anda di mana pun Anda inginkan, termasuk WhatsApp, Messenger, SMS, Telegram, atau media sosial lainnya.Pengulang teks adalah tool online sederhana yang memungkinkan Anda mengulang teks sebanyak yang Anda inginkan. Anda kemudian dapat menyalin dan menempelkan teks berulang Anda di mana pun Anda inginkan, termasuk WhatsApp, Messenger, SMS, Telegram, atau media sosial lainnya.', NULL, 52, NULL, 'rancangan', '2025-09-06 16:07:32'),
(195, 'admin_sinergi', 'Administrator Sinergi', 'delete', 89, 'pokok visi Pengulang teks adalah tool online sederhana yang memungkinkan Anda mengulang teks sebanyak yang Anda inginkan. Anda kemudian dapat menyalin dan menempelkan teks berulang Anda di mana pun Anda inginkan, termasuk WhatsApp, Messenger, SMS, Telegra', NULL, 'visi hapus Pengulang teks adalah tool online sederhana yang memungkinkan Anda mengulang teks sebanyak yang Anda inginkan. Anda kemudian dapat menyalin dan menempelkan teks berulang Anda di mana pun Anda inginkan, termasuk WhatsApp, Messenger, SMS, Telegram, atau media sosial lainnya.Pengulang teks adalah tool online sederhana yang memungkinkan Anda mengulang teks sebanyak yang Anda inginkan. Anda kemudian dapat menyalin dan menempelkan teks berulang Anda di mana pun Anda inginkan, termasuk WhatsApp, Messenger, SMS, Telegram, atau media sosial lainnya.', NULL, 52, NULL, 'rancangan', '2025-09-06 16:50:11'),
(196, 'admin_sinergi', 'Administrator Sinergi', 'create', 89, NULL, 'pokok visi Pengulang teks adalah tool online sederhana yang memungkinkan Anda mengulang teks sebanyak yang Anda inginkan. Anda kemudian dapat menyalin dan menempelkan teks berulang Anda di mana pun Anda inginkan, termasuk WhatsApp, Messenger, SMS, Telegra', NULL, 'visi hapus Pengulang teks adalah tool online sederhana yang memungkinkan Anda mengulang teks sebanyak yang Anda inginkan. Anda kemudian dapat menyalin dan menempelkan teks berulang Anda di mana pun Anda inginkan, termasuk WhatsApp, Messenger, SMS, Telegram, atau media sosial lainnya.Pengulang teks adalah tool online sederhana yang memungkinkan Anda mengulang teks sebanyak yang Anda inginkan. Anda kemudian dapat menyalin dan menempelkan teks berulang Anda di mana pun Anda inginkan, termasuk WhatsApp, Messenger, SMS, Telegram, atau media sosial lainnya.', 53, NULL, 'Pindah ke Musrenbang', '2025-09-15 11:30:46'),
(197, 'admin_sinergi', 'Administrator Sinergi', 'create', 89, NULL, 'pokok visi Pengulang teks adalah tool online sederhana yang memungkinkan Anda mengulang teks sebanyak yang Anda inginkan. Anda kemudian dapat menyalin dan menempelkan teks berulang Anda di mana pun Anda inginkan, termasuk WhatsApp, Messenger, SMS, Telegra', NULL, 'visi hapus Pengulang teks adalah tool online sederhana yang memungkinkan Anda mengulang teks sebanyak yang Anda inginkan. Anda kemudian dapat menyalin dan menempelkan teks berulang Anda di mana pun Anda inginkan, termasuk WhatsApp, Messenger, SMS, Telegram, atau media sosial lainnya.Pengulang teks adalah tool online sederhana yang memungkinkan Anda mengulang teks sebanyak yang Anda inginkan. Anda kemudian dapat menyalin dan menempelkan teks berulang Anda di mana pun Anda inginkan, termasuk WhatsApp, Messenger, SMS, Telegram, atau media sosial lainnya.', 54, NULL, 'Pindah ke Rancangan Akhir', '2025-09-15 11:46:37'),
(198, 'admin_sinergi', 'Administrator Sinergi', 'create', 89, NULL, 'pokok visi Pengulang teks adalah tool online sederhana yang memungkinkan Anda mengulang teks sebanyak yang Anda inginkan. Anda kemudian dapat menyalin dan menempelkan teks berulang Anda di mana pun Anda inginkan, termasuk WhatsApp, Messenger, SMS, Telegra', NULL, 'visi hapus Pengulang teks adalah tool online sederhana yang memungkinkan Anda mengulang teks sebanyak yang Anda inginkan. Anda kemudian dapat menyalin dan menempelkan teks berulang Anda di mana pun Anda inginkan, termasuk WhatsApp, Messenger, SMS, Telegram, atau media sosial lainnya.Pengulang teks adalah tool online sederhana yang memungkinkan Anda mengulang teks sebanyak yang Anda inginkan. Anda kemudian dapat menyalin dan menempelkan teks berulang Anda di mana pun Anda inginkan, termasuk WhatsApp, Messenger, SMS, Telegram, atau media sosial lainnya.', 55, NULL, 'Pindah ke Final', '2025-09-15 12:53:38'),
(199, 'admin_sinergi', 'Administrator Sinergi', 'create', 90, NULL, 'Saat ini saya ujicoba tambah', NULL, 'semoga berhasil', 52, NULL, 'rancangan', '2025-09-03 14:45:46'),
(200, 'admin_sinergi', 'Administrator Sinergi', 'update', 90, 'Saat ini saya ujicoba tambah', 'Saat ini saya ujicoba edit', 'semoga berhasil', NULL, 52, NULL, 'rancangan', '2025-09-03 14:45:59'),
(201, 'admin_sinergi', 'Administrator Sinergi', 'delete', 90, 'Saat ini saya ujicoba edit', NULL, 'semoga berhasil', NULL, 52, NULL, 'rancangan', '2025-09-03 14:49:28'),
(202, 'admin_sinergi', 'Administrator Sinergi', 'create', 90, NULL, 'Saat ini saya ujicoba edit', NULL, 'semoga berhasil', 53, NULL, 'Pindah ke Musrenbang', '2025-09-15 11:30:46'),
(203, 'admin_sinergi', 'Administrator Sinergi', 'create', 90, NULL, 'Saat ini saya ujicoba edit', NULL, 'semoga berhasil', 54, NULL, 'Pindah ke Rancangan Akhir', '2025-09-15 11:46:37'),
(204, 'admin_sinergi', 'Administrator Sinergi', 'create', 90, NULL, 'Saat ini saya ujicoba edit', NULL, 'semoga berhasil', 55, NULL, 'Pindah ke Final', '2025-09-15 12:53:39'),
(205, 'admin_sinergi', 'Administrator Sinergi', 'create', 91, NULL, '222', NULL, '22222', 52, NULL, 'rancangan', '2025-09-06 22:44:11'),
(206, 'admin_sinergi', 'Administrator Sinergi', 'create', 91, NULL, '222', NULL, '22222', 53, NULL, 'Pindah ke Musrenbang', '2025-09-15 11:30:46'),
(207, 'admin_sinergi', 'Administrator Sinergi', 'create', 91, NULL, '222', NULL, '22222', 54, NULL, 'Pindah ke Rancangan Akhir', '2025-09-15 11:46:37'),
(208, 'admin_sinergi', 'Administrator Sinergi', 'create', 91, NULL, '222', NULL, '22222', 55, NULL, 'Pindah ke Final', '2025-09-15 12:53:39'),
(209, 'admin_sinergi', 'Administrator Sinergi', 'create', 92, NULL, 'pokok visi', NULL, 'okok visi ujicoba', 51, NULL, 'rancangan_awal', '2025-08-24 21:42:39'),
(210, 'admin_sinergi', 'Administrator Sinergi', 'create', 92, NULL, 'pokok visi', NULL, 'okok visi ujicoba', 52, NULL, 'Pindah ke Rancangan', '2025-08-24 22:06:15'),
(211, 'admin_sinergi', 'Administrator Sinergi', 'delete', 92, 'pokok visi', NULL, 'okok visi ujicoba', NULL, 52, NULL, 'rancangan', '2025-09-03 14:44:56'),
(212, 'admin_sinergi', 'Administrator Sinergi', 'restore', 92, 'pokok visi', NULL, 'okok visi ujicoba', NULL, 52, NULL, 'rancangan', '2025-09-03 14:47:39'),
(213, 'admin_sinergi', 'Administrator Sinergi', 'delete', 92, 'pokok visi', NULL, 'okok visi ujicoba', NULL, 52, NULL, 'rancangan', '2025-09-03 14:49:06'),
(214, 'admin_sinergi', 'Administrator Sinergi', 'restore', 92, 'pokok visi', NULL, 'okok visi ujicoba', NULL, 52, NULL, 'rancangan', '2025-09-03 14:50:10'),
(215, 'admin_sinergi', 'Administrator Sinergi', 'delete', 92, 'pokok visi', NULL, 'okok visi ujicoba', NULL, 52, NULL, 'rancangan', '2025-09-03 14:50:22'),
(216, 'admin_sinergi', 'Administrator Sinergi', 'restore', 92, 'pokok visi', NULL, 'okok visi ujicoba', NULL, 52, NULL, 'rancangan', '2025-09-03 14:50:43'),
(217, 'admin_sinergi', 'Administrator Sinergi', 'update', 92, 'pokok visi', NULL, 'okok visi ujicoba', 'okok visi ujicoba 1', 52, NULL, 'rancangan', '2025-09-03 14:52:12'),
(218, 'admin_sinergi', 'Administrator Sinergi', 'update', 92, 'pokok visi', NULL, 'okok visi ujicoba 1', 'okok visi ujicoba 2', 52, NULL, 'rancangan', '2025-09-03 14:52:47'),
(219, 'admin_sinergi', 'Administrator Sinergi', 'update', 92, 'pokok visi', NULL, 'okok visi ujicoba 2', 'okok visi ujicoba 1', 52, NULL, 'rancangan', '2025-09-03 14:53:10'),
(220, 'admin_sinergi', 'Administrator Sinergi', 'update', 92, 'pokok visi', NULL, 'okok visi ujicoba 1', 'Pokok visi ujicoba 1', 52, NULL, 'rancangan', '2025-09-03 14:53:42'),
(221, 'admin_sinergi', 'Administrator Sinergi', 'update', 92, 'pokok visi', NULL, 'Pokok visi ujicoba 1', 'Pokok visi ujicoba 2\r\n', 52, NULL, 'rancangan', '2025-09-03 14:53:58'),
(222, 'admin_sinergi', 'Administrator Sinergi', 'update', 92, 'pokok visi', NULL, 'Pokok visi ujicoba 2\r\n', 'Pokok visi ujicoba 3', 52, NULL, 'rancangan', '2025-09-04 00:28:59'),
(223, 'nailul12', 'Muh Nailul Author', 'update', 92, 'pokok visi', NULL, 'Pokok visi ujicoba 3', 'Pokok visi ujicoba 5', 52, NULL, 'rancangan', '2025-09-04 00:34:28'),
(224, 'admin_sinergi', 'Administrator Sinergi', 'update', 92, 'pokok visi', NULL, 'Pokok visi ujicoba 5', 'Pokok visi ujicoba 3', 52, NULL, 'rancangan', '2025-09-04 00:35:45'),
(225, 'admin_sinergi', 'Administrator Sinergi', 'update', 92, 'pokok visi', NULL, 'Pokok visi ujicoba 3', 'Pokok visi ujicoba 2', 52, NULL, 'rancangan', '2025-09-04 00:35:53'),
(226, 'admin_sinergi', 'Administrator Sinergi', 'update', 92, 'pokok visi', NULL, 'Pokok visi ujicoba 2', 'Pokok visi ujicoba 1', 52, NULL, 'rancangan', '2025-09-04 00:36:24'),
(227, 'nailul12', 'Muh Nailul Author', 'delete', 92, 'pokok visi', NULL, 'Pokok visi ujicoba 1', NULL, 52, NULL, 'rancangan', '2025-09-04 00:38:49'),
(228, 'admin_sinergi', 'Administrator Sinergi', 'restore', 92, 'pokok visi', NULL, 'Pokok visi ujicoba 1', NULL, 52, NULL, 'rancangan', '2025-09-04 00:39:17'),
(229, 'nailul12', 'Muh Nailul Author', 'delete', 92, 'pokok visi', NULL, 'Pokok visi ujicoba 1', NULL, 52, NULL, 'rancangan', '2025-09-04 00:49:34'),
(230, 'admin_sinergi', 'Administrator Sinergi', 'restore', 92, 'pokok visi', NULL, 'Pokok visi ujicoba 1', NULL, 52, NULL, 'rancangan', '2025-09-04 14:00:53'),
(231, 'admin_sinergi', 'Administrator Sinergi', 'update', 92, 'pokok visi', 'Pengulang teks adalah tool online sederhana yang memungkinkan Anda mengulang teks sebanyak yang Anda inginkan. Anda kemudian dapat menyalin dan menempelkan teks berulang Anda di mana pun Anda inginkan, termasuk WhatsApp, Messenger, SMS, Telegram, atau med', 'Pokok visi ujicoba 1', 'Penjelasan Pokok visi Pengulang teks adalah tool online sederhana yang memungkinkan Anda mengulang teks sebanyak yang Anda inginkan. Anda kemudian dapat menyalin dan menempelkan teks berulang Anda di mana pun Anda inginkan, termasuk WhatsApp, Messenger, SMS, Telegram, atau media sosial lainnya.Pengulang teks adalah tool online sederhana yang memungkinkan Anda mengulang teks sebanyak yang Anda inginkan. Anda kemudian dapat menyalin dan menempelkan teks berulang Anda di mana pun Anda inginkan, termasuk WhatsApp, Messenger, SMS, Telegram, atau media sosial lainnya.', 52, '', 'rancangan', '2025-09-06 17:14:58'),
(232, 'admin_sinergi', 'Administrator Sinergi', 'update', 92, 'Pengulang teks adalah tool online sederhana yang memungkinkan Anda mengulang teks sebanyak yang Anda inginkan. Anda kemudian dapat menyalin dan menempelkan teks berulang Anda di mana pun Anda inginkan, termasuk WhatsApp, Messenger, SMS, Telegram, atau med', NULL, 'Penjelasan Pokok visi Pengulang teks adalah tool online sederhana yang memungkinkan Anda mengulang teks sebanyak yang Anda inginkan. Anda kemudian dapat menyalin dan menempelkan teks berulang Anda di mana pun Anda inginkan, termasuk WhatsApp, Messenger, SMS, Telegram, atau media sosial lainnya.Pengulang teks adalah tool online sederhana yang memungkinkan Anda mengulang teks sebanyak yang Anda inginkan. Anda kemudian dapat menyalin dan menempelkan teks berulang Anda di mana pun Anda inginkan, termasuk WhatsApp, Messenger, SMS, Telegram, atau media sosial lainnya.', NULL, 52, 'Pengulang teks adalah tool online sederhana yang memungkinkan Anda mengulang teks sebanyak yang Anda inginkan. Anda kemudian dapat menyalin dan menempelkan teks berulang Anda di mana pun Anda inginkan, termasuk WhatsApp, Messenger, SMS, Telegram, atau media sosial lainnya.Pengulang teks adalah tool online sederhana yang memungkinkan Anda mengulang teks sebanyak yang Anda inginkan. Anda kemudian dapat menyalin dan menempelkan teks berulang Anda di mana pun Anda inginkan, termasuk WhatsApp, Messenger, SMS, Telegram, atau media sosial lainnya.', 'rancangan', '2025-09-06 17:15:35'),
(233, 'admin_sinergi', 'Administrator Sinergi', 'update', 92, 'Pengulang teks adalah tool online sederhana yang memungkinkan Anda mengulang teks sebanyak yang Anda inginkan. Anda kemudian dapat menyalin dan menempelkan teks berulang Anda di mana pun Anda inginkan, termasuk WhatsApp, Messenger, SMS, Telegram, atau med', NULL, 'Penjelasan Pokok visi Pengulang teks adalah tool online sederhana yang memungkinkan Anda mengulang teks sebanyak yang Anda inginkan. Anda kemudian dapat menyalin dan menempelkan teks berulang Anda di mana pun Anda inginkan, termasuk WhatsApp, Messenger, SMS, Telegram, atau media sosial lainnya.Pengulang teks adalah tool online sederhana yang memungkinkan Anda mengulang teks sebanyak yang Anda inginkan. Anda kemudian dapat menyalin dan menempelkan teks berulang Anda di mana pun Anda inginkan, termasuk WhatsApp, Messenger, SMS, Telegram, atau media sosial lainnya.', 'Penjelasan Pokok visi Pengulang teks adalah tool online sederhana yang memungkinkan Anda mengulang teks sebanyak yang Anda inginkan. Anda kemudian dapat menyalin dan menempelkan teks berulang Anda di mana pun Anda inginkan, termasuk WhatsApp, Messenger, SMS, Telegram, atau media sosial lainnya.Pengulang teks adalah tool online sederhana yang memungkinkan Anda mengulang teks sebanyak yang Anda inginkan. Anda kemudian dapat menyalin dan menempelkan teks berulang Anda di mana pun Anda inginkan, termasuk WhatsApp, Messenger, SMS, Telegram, atau media sosial lainnyaa', 52, 'Pengulang teks adalah tool online sederhana yang memungkinkan Anda mengulang teks sebanyak yang Anda inginkan. Anda kemudian dapat menyalin dan menempelkan teks berulang Anda di mana pun Anda inginkan, termasuk WhatsApp, Messenger, SMS, Telegram, atau media sosial lainnya.Pengulang teks adalah tool online sederhana yang memungkinkan Anda mengulang teks sebanyak yang Anda inginkan. Anda kemudian dapat menyalin dan menempelkan teks berulang Anda di mana pun Anda inginkan, termasuk WhatsApp, Messenger, SMS, Telegram, atau media sosial lainnya.', 'rancangan', '2025-09-06 17:16:08');
INSERT INTO `history_pokok_visi` (`id`, `username`, `nama`, `aksi`, `record_id`, `uraian_pokok_visi_old`, `uraian_pokok_visi_new`, `penjelasan_pokok_visi_old`, `penjelasan_pokok_visi_new`, `id_visi`, `catatan`, `tahapan`, `created_at`) VALUES
(234, 'admin_sinergi', 'Administrator Sinergi', 'delete', 92, 'Pengulang teks adalah tool online sederhana yang memungkinkan Anda mengulang teks sebanyak yang Anda inginkan. Anda kemudian dapat menyalin dan menempelkan teks berulang Anda di mana pun Anda inginkan, termasuk WhatsApp, Messenger, SMS, Telegram, atau med', NULL, 'Penjelasan Pokok visi Pengulang teks adalah tool online sederhana yang memungkinkan Anda mengulang teks sebanyak yang Anda inginkan. Anda kemudian dapat menyalin dan menempelkan teks berulang Anda di mana pun Anda inginkan, termasuk WhatsApp, Messenger, SMS, Telegram, atau media sosial lainnya.Pengulang teks adalah tool online sederhana yang memungkinkan Anda mengulang teks sebanyak yang Anda inginkan. Anda kemudian dapat menyalin dan menempelkan teks berulang Anda di mana pun Anda inginkan, termasuk WhatsApp, Messenger, SMS, Telegram, atau media sosial lainnyaa', NULL, 52, NULL, 'rancangan', '2025-09-06 17:25:36'),
(235, 'admin_sinergi', 'Administrator Sinergi', 'restore', 92, 'Pengulang teks adalah tool online sederhana yang memungkinkan Anda mengulang teks sebanyak yang Anda inginkan. Anda kemudian dapat menyalin dan menempelkan teks berulang Anda di mana pun Anda inginkan, termasuk WhatsApp, Messenger, SMS, Telegram, atau med', NULL, 'Penjelasan Pokok visi Pengulang teks adalah tool online sederhana yang memungkinkan Anda mengulang teks sebanyak yang Anda inginkan. Anda kemudian dapat menyalin dan menempelkan teks berulang Anda di mana pun Anda inginkan, termasuk WhatsApp, Messenger, SMS, Telegram, atau media sosial lainnya.Pengulang teks adalah tool online sederhana yang memungkinkan Anda mengulang teks sebanyak yang Anda inginkan. Anda kemudian dapat menyalin dan menempelkan teks berulang Anda di mana pun Anda inginkan, termasuk WhatsApp, Messenger, SMS, Telegram, atau media sosial lainnyaa', NULL, 52, NULL, 'rancangan', '2025-09-06 17:26:12'),
(236, 'admin_sinergi', 'Administrator Sinergi', 'update', 92, 'Pengulang teks adalah tool online sederhana yang memungkinkan Anda mengulang teks sebanyak yang Anda inginkan. Anda kemudian dapat menyalin dan menempelkan teks berulang Anda di mana pun Anda inginkan, termasuk WhatsApp, Messenger, SMS, Telegram, atau med', 'oke ini ujicoba', 'Penjelasan Pokok visi Pengulang teks adalah tool online sederhana yang memungkinkan Anda mengulang teks sebanyak yang Anda inginkan. Anda kemudian dapat menyalin dan menempelkan teks berulang Anda di mana pun Anda inginkan, termasuk WhatsApp, Messenger, SMS, Telegram, atau media sosial lainnya.Pengulang teks adalah tool online sederhana yang memungkinkan Anda mengulang teks sebanyak yang Anda inginkan. Anda kemudian dapat menyalin dan menempelkan teks berulang Anda di mana pun Anda inginkan, termasuk WhatsApp, Messenger, SMS, Telegram, atau media sosial lainnyaa', NULL, 52, '', 'rancangan', '2025-09-06 22:45:05'),
(237, 'admin_sinergi', 'Administrator Sinergi', 'update', 92, 'oke ini ujicoba', 'Uraian pokok visi Penjelasan Pokok visi Pengulang teks adalah tool online sederhana yang memungkinkan Anda mengulang teks sebanyak yang Anda inginkan. Anda kemudian dapat menyalin dan menempelkan teks berulang Anda di mana pun Anda inginkan, termasuk What', 'Penjelasan Pokok visi Pengulang teks adalah tool online sederhana yang memungkinkan Anda mengulang teks sebanyak yang Anda inginkan. Anda kemudian dapat menyalin dan menempelkan teks berulang Anda di mana pun Anda inginkan, termasuk WhatsApp, Messenger, SMS, Telegram, atau media sosial lainnya.Pengulang teks adalah tool online sederhana yang memungkinkan Anda mengulang teks sebanyak yang Anda inginkan. Anda kemudian dapat menyalin dan menempelkan teks berulang Anda di mana pun Anda inginkan, termasuk WhatsApp, Messenger, SMS, Telegram, atau media sosial lainnyaa', NULL, 52, '', 'rancangan', '2025-09-07 15:44:14'),
(238, 'admin_sinergi', 'Administrator Sinergi', 'delete', 92, 'Uraian pokok visi Penjelasan Pokok visi Pengulang teks adalah tool online sederhana yang memungkinkan Anda mengulang teks sebanyak yang Anda inginkan. Anda kemudian dapat menyalin dan menempelkan teks berulang Anda di mana pun Anda inginkan, termasuk What', NULL, 'Penjelasan Pokok visi Pengulang teks adalah tool online sederhana yang memungkinkan Anda mengulang teks sebanyak yang Anda inginkan. Anda kemudian dapat menyalin dan menempelkan teks berulang Anda di mana pun Anda inginkan, termasuk WhatsApp, Messenger, SMS, Telegram, atau media sosial lainnya.Pengulang teks adalah tool online sederhana yang memungkinkan Anda mengulang teks sebanyak yang Anda inginkan. Anda kemudian dapat menyalin dan menempelkan teks berulang Anda di mana pun Anda inginkan, termasuk WhatsApp, Messenger, SMS, Telegram, atau media sosial lainnyaa', NULL, 52, NULL, 'rancangan', '2025-09-12 23:34:47'),
(239, 'admin_sinergi', 'Administrator Sinergi', 'restore', 92, 'Uraian pokok visi Penjelasan Pokok visi Pengulang teks adalah tool online sederhana yang memungkinkan Anda mengulang teks sebanyak yang Anda inginkan. Anda kemudian dapat menyalin dan menempelkan teks berulang Anda di mana pun Anda inginkan, termasuk What', NULL, 'Penjelasan Pokok visi Pengulang teks adalah tool online sederhana yang memungkinkan Anda mengulang teks sebanyak yang Anda inginkan. Anda kemudian dapat menyalin dan menempelkan teks berulang Anda di mana pun Anda inginkan, termasuk WhatsApp, Messenger, SMS, Telegram, atau media sosial lainnya.Pengulang teks adalah tool online sederhana yang memungkinkan Anda mengulang teks sebanyak yang Anda inginkan. Anda kemudian dapat menyalin dan menempelkan teks berulang Anda di mana pun Anda inginkan, termasuk WhatsApp, Messenger, SMS, Telegram, atau media sosial lainnyaa', NULL, 52, NULL, 'rancangan', '2025-09-12 23:35:06'),
(240, 'admin_sinergi', 'Administrator Sinergi', 'create', 92, NULL, 'Uraian pokok visi Penjelasan Pokok visi Pengulang teks adalah tool online sederhana yang memungkinkan Anda mengulang teks sebanyak yang Anda inginkan. Anda kemudian dapat menyalin dan menempelkan teks berulang Anda di mana pun Anda inginkan, termasuk What', NULL, 'Penjelasan Pokok visi Pengulang teks adalah tool online sederhana yang memungkinkan Anda mengulang teks sebanyak yang Anda inginkan. Anda kemudian dapat menyalin dan menempelkan teks berulang Anda di mana pun Anda inginkan, termasuk WhatsApp, Messenger, SMS, Telegram, atau media sosial lainnya.Pengulang teks adalah tool online sederhana yang memungkinkan Anda mengulang teks sebanyak yang Anda inginkan. Anda kemudian dapat menyalin dan menempelkan teks berulang Anda di mana pun Anda inginkan, termasuk WhatsApp, Messenger, SMS, Telegram, atau media sosial lainnyaa', 53, NULL, 'Pindah ke Musrenbang', '2025-09-15 11:30:46'),
(241, 'admin_sinergi', 'Administrator Sinergi', 'create', 92, NULL, 'Uraian pokok visi Penjelasan Pokok visi Pengulang teks adalah tool online sederhana yang memungkinkan Anda mengulang teks sebanyak yang Anda inginkan. Anda kemudian dapat menyalin dan menempelkan teks berulang Anda di mana pun Anda inginkan, termasuk What', NULL, 'Penjelasan Pokok visi Pengulang teks adalah tool online sederhana yang memungkinkan Anda mengulang teks sebanyak yang Anda inginkan. Anda kemudian dapat menyalin dan menempelkan teks berulang Anda di mana pun Anda inginkan, termasuk WhatsApp, Messenger, SMS, Telegram, atau media sosial lainnya.Pengulang teks adalah tool online sederhana yang memungkinkan Anda mengulang teks sebanyak yang Anda inginkan. Anda kemudian dapat menyalin dan menempelkan teks berulang Anda di mana pun Anda inginkan, termasuk WhatsApp, Messenger, SMS, Telegram, atau media sosial lainnyaa', 54, NULL, 'Pindah ke Rancangan Akhir', '2025-09-15 11:46:37'),
(242, 'admin_sinergi', 'Administrator Sinergi', 'create', 92, NULL, 'Uraian pokok visi Penjelasan Pokok visi Pengulang teks adalah tool online sederhana yang memungkinkan Anda mengulang teks sebanyak yang Anda inginkan. Anda kemudian dapat menyalin dan menempelkan teks berulang Anda di mana pun Anda inginkan, termasuk What', NULL, 'Penjelasan Pokok visi Pengulang teks adalah tool online sederhana yang memungkinkan Anda mengulang teks sebanyak yang Anda inginkan. Anda kemudian dapat menyalin dan menempelkan teks berulang Anda di mana pun Anda inginkan, termasuk WhatsApp, Messenger, SMS, Telegram, atau media sosial lainnya.Pengulang teks adalah tool online sederhana yang memungkinkan Anda mengulang teks sebanyak yang Anda inginkan. Anda kemudian dapat menyalin dan menempelkan teks berulang Anda di mana pun Anda inginkan, termasuk WhatsApp, Messenger, SMS, Telegram, atau media sosial lainnyaa', 55, NULL, 'Pindah ke Final', '2025-09-15 12:53:38'),
(243, 'admin_sinergi', 'Administrator Sinergi', 'create', 92, NULL, 'Uraian pokok visi Penjelasan Pokok visi Pengulang teks adalah tool online sederhana yang memungkinkan Anda mengulang teks sebanyak yang Anda inginkan. Anda kemudian dapat menyalin dan menempelkan teks berulang Anda di mana pun Anda inginkan, termasuk What', NULL, 'Penjelasan Pokok visi Pengulang teks adalah tool online sederhana yang memungkinkan Anda mengulang teks sebanyak yang Anda inginkan. Anda kemudian dapat menyalin dan menempelkan teks berulang Anda di mana pun Anda inginkan, termasuk WhatsApp, Messenger, SMS, Telegram, atau media sosial lainnya.Pengulang teks adalah tool online sederhana yang memungkinkan Anda mengulang teks sebanyak yang Anda inginkan. Anda kemudian dapat menyalin dan menempelkan teks berulang Anda di mana pun Anda inginkan, termasuk WhatsApp, Messenger, SMS, Telegram, atau media sosial lainnyaa', 56, NULL, 'Pindah ke Perubahan ke-1', '2025-09-22 00:20:21'),
(244, 'admin_sinergi', 'Administrator Sinergi', 'create', 93, NULL, 'pokok visi', NULL, 'visi hapus', 51, NULL, 'rancangan_awal', '2025-08-24 21:42:54'),
(245, 'admin_sinergi', 'Administrator Sinergi', 'delete', 93, 'pokok visi', NULL, 'visi hapus', NULL, 51, NULL, 'rancangan_awal', '2025-08-24 21:43:42'),
(246, 'admin_sinergi', 'Administrator Sinergi', 'create', 93, NULL, 'pokok visi', NULL, 'visi hapus', 52, NULL, 'Pindah ke Rancangan', '2025-08-24 22:06:15'),
(247, 'admin_sinergi', 'Administrator Sinergi', 'restore', 93, 'pokok visi', NULL, 'visi hapus', NULL, 52, NULL, 'rancangan', '2025-08-25 02:14:53'),
(248, 'admin_sinergi', 'Administrator Sinergi', 'delete', 93, 'pokok visi', NULL, 'visi hapus', NULL, 52, NULL, 'rancangan', '2025-08-26 14:02:29'),
(249, 'admin_sinergi', 'Administrator Sinergi', 'restore', 93, 'pokok visi', NULL, 'visi hapus', NULL, 52, NULL, 'rancangan', '2025-09-06 15:26:25'),
(250, 'admin_sinergi', 'Administrator Sinergi', 'update', 93, 'pokok visi', 'pokok visi Pengulang teks adalah tool online sederhana yang memungkinkan Anda mengulang teks sebanyak yang Anda inginkan. Anda kemudian dapat menyalin dan menempelkan teks berulang Anda di mana pun Anda inginkan, termasuk WhatsApp, Messenger, SMS, Telegra', 'visi hapus', 'visi hapus Pengulang teks adalah tool online sederhana yang memungkinkan Anda mengulang teks sebanyak yang Anda inginkan. Anda kemudian dapat menyalin dan menempelkan teks berulang Anda di mana pun Anda inginkan, termasuk WhatsApp, Messenger, SMS, Telegram, atau media sosial lainnya.Pengulang teks adalah tool online sederhana yang memungkinkan Anda mengulang teks sebanyak yang Anda inginkan. Anda kemudian dapat menyalin dan menempelkan teks berulang Anda di mana pun Anda inginkan, termasuk WhatsApp, Messenger, SMS, Telegram, atau media sosial lainnya.', 52, NULL, 'rancangan', '2025-09-06 15:26:39'),
(251, 'admin_sinergi', 'Administrator Sinergi', 'delete', 93, 'pokok visi Pengulang teks adalah tool online sederhana yang memungkinkan Anda mengulang teks sebanyak yang Anda inginkan. Anda kemudian dapat menyalin dan menempelkan teks berulang Anda di mana pun Anda inginkan, termasuk WhatsApp, Messenger, SMS, Telegra', NULL, 'visi hapus Pengulang teks adalah tool online sederhana yang memungkinkan Anda mengulang teks sebanyak yang Anda inginkan. Anda kemudian dapat menyalin dan menempelkan teks berulang Anda di mana pun Anda inginkan, termasuk WhatsApp, Messenger, SMS, Telegram, atau media sosial lainnya.Pengulang teks adalah tool online sederhana yang memungkinkan Anda mengulang teks sebanyak yang Anda inginkan. Anda kemudian dapat menyalin dan menempelkan teks berulang Anda di mana pun Anda inginkan, termasuk WhatsApp, Messenger, SMS, Telegram, atau media sosial lainnya.', NULL, 52, NULL, 'rancangan', '2025-09-06 15:26:49'),
(252, 'admin_sinergi', 'Administrator Sinergi', 'restore', 93, 'pokok visi Pengulang teks adalah tool online sederhana yang memungkinkan Anda mengulang teks sebanyak yang Anda inginkan. Anda kemudian dapat menyalin dan menempelkan teks berulang Anda di mana pun Anda inginkan, termasuk WhatsApp, Messenger, SMS, Telegra', NULL, 'visi hapus Pengulang teks adalah tool online sederhana yang memungkinkan Anda mengulang teks sebanyak yang Anda inginkan. Anda kemudian dapat menyalin dan menempelkan teks berulang Anda di mana pun Anda inginkan, termasuk WhatsApp, Messenger, SMS, Telegram, atau media sosial lainnya.Pengulang teks adalah tool online sederhana yang memungkinkan Anda mengulang teks sebanyak yang Anda inginkan. Anda kemudian dapat menyalin dan menempelkan teks berulang Anda di mana pun Anda inginkan, termasuk WhatsApp, Messenger, SMS, Telegram, atau media sosial lainnya.', NULL, 52, NULL, 'rancangan', '2025-09-06 16:07:32'),
(253, 'admin_sinergi', 'Administrator Sinergi', 'delete', 93, 'pokok visi Pengulang teks adalah tool online sederhana yang memungkinkan Anda mengulang teks sebanyak yang Anda inginkan. Anda kemudian dapat menyalin dan menempelkan teks berulang Anda di mana pun Anda inginkan, termasuk WhatsApp, Messenger, SMS, Telegra', NULL, 'visi hapus Pengulang teks adalah tool online sederhana yang memungkinkan Anda mengulang teks sebanyak yang Anda inginkan. Anda kemudian dapat menyalin dan menempelkan teks berulang Anda di mana pun Anda inginkan, termasuk WhatsApp, Messenger, SMS, Telegram, atau media sosial lainnya.Pengulang teks adalah tool online sederhana yang memungkinkan Anda mengulang teks sebanyak yang Anda inginkan. Anda kemudian dapat menyalin dan menempelkan teks berulang Anda di mana pun Anda inginkan, termasuk WhatsApp, Messenger, SMS, Telegram, atau media sosial lainnya.', NULL, 52, NULL, 'rancangan', '2025-09-06 16:50:11'),
(254, 'admin_sinergi', 'Administrator Sinergi', 'create', 93, NULL, 'pokok visi Pengulang teks adalah tool online sederhana yang memungkinkan Anda mengulang teks sebanyak yang Anda inginkan. Anda kemudian dapat menyalin dan menempelkan teks berulang Anda di mana pun Anda inginkan, termasuk WhatsApp, Messenger, SMS, Telegra', NULL, 'visi hapus Pengulang teks adalah tool online sederhana yang memungkinkan Anda mengulang teks sebanyak yang Anda inginkan. Anda kemudian dapat menyalin dan menempelkan teks berulang Anda di mana pun Anda inginkan, termasuk WhatsApp, Messenger, SMS, Telegram, atau media sosial lainnya.Pengulang teks adalah tool online sederhana yang memungkinkan Anda mengulang teks sebanyak yang Anda inginkan. Anda kemudian dapat menyalin dan menempelkan teks berulang Anda di mana pun Anda inginkan, termasuk WhatsApp, Messenger, SMS, Telegram, atau media sosial lainnya.', 53, NULL, 'Pindah ke Musrenbang', '2025-09-15 11:30:46'),
(255, 'admin_sinergi', 'Administrator Sinergi', 'create', 93, NULL, 'pokok visi Pengulang teks adalah tool online sederhana yang memungkinkan Anda mengulang teks sebanyak yang Anda inginkan. Anda kemudian dapat menyalin dan menempelkan teks berulang Anda di mana pun Anda inginkan, termasuk WhatsApp, Messenger, SMS, Telegra', NULL, 'visi hapus Pengulang teks adalah tool online sederhana yang memungkinkan Anda mengulang teks sebanyak yang Anda inginkan. Anda kemudian dapat menyalin dan menempelkan teks berulang Anda di mana pun Anda inginkan, termasuk WhatsApp, Messenger, SMS, Telegram, atau media sosial lainnya.Pengulang teks adalah tool online sederhana yang memungkinkan Anda mengulang teks sebanyak yang Anda inginkan. Anda kemudian dapat menyalin dan menempelkan teks berulang Anda di mana pun Anda inginkan, termasuk WhatsApp, Messenger, SMS, Telegram, atau media sosial lainnya.', 54, NULL, 'Pindah ke Rancangan Akhir', '2025-09-15 11:46:37'),
(256, 'admin_sinergi', 'Administrator Sinergi', 'create', 93, NULL, 'pokok visi Pengulang teks adalah tool online sederhana yang memungkinkan Anda mengulang teks sebanyak yang Anda inginkan. Anda kemudian dapat menyalin dan menempelkan teks berulang Anda di mana pun Anda inginkan, termasuk WhatsApp, Messenger, SMS, Telegra', NULL, 'visi hapus Pengulang teks adalah tool online sederhana yang memungkinkan Anda mengulang teks sebanyak yang Anda inginkan. Anda kemudian dapat menyalin dan menempelkan teks berulang Anda di mana pun Anda inginkan, termasuk WhatsApp, Messenger, SMS, Telegram, atau media sosial lainnya.Pengulang teks adalah tool online sederhana yang memungkinkan Anda mengulang teks sebanyak yang Anda inginkan. Anda kemudian dapat menyalin dan menempelkan teks berulang Anda di mana pun Anda inginkan, termasuk WhatsApp, Messenger, SMS, Telegram, atau media sosial lainnya.', 55, NULL, 'Pindah ke Final', '2025-09-15 12:53:38'),
(257, 'admin_sinergi', 'Administrator Sinergi', 'create', 93, NULL, 'pokok visi Pengulang teks adalah tool online sederhana yang memungkinkan Anda mengulang teks sebanyak yang Anda inginkan. Anda kemudian dapat menyalin dan menempelkan teks berulang Anda di mana pun Anda inginkan, termasuk WhatsApp, Messenger, SMS, Telegra', NULL, 'visi hapus Pengulang teks adalah tool online sederhana yang memungkinkan Anda mengulang teks sebanyak yang Anda inginkan. Anda kemudian dapat menyalin dan menempelkan teks berulang Anda di mana pun Anda inginkan, termasuk WhatsApp, Messenger, SMS, Telegram, atau media sosial lainnya.Pengulang teks adalah tool online sederhana yang memungkinkan Anda mengulang teks sebanyak yang Anda inginkan. Anda kemudian dapat menyalin dan menempelkan teks berulang Anda di mana pun Anda inginkan, termasuk WhatsApp, Messenger, SMS, Telegram, atau media sosial lainnya.', 56, NULL, 'Pindah ke Perubahan ke-1', '2025-09-22 00:20:21'),
(258, 'admin_sinergi', 'Administrator Sinergi', 'create', 94, NULL, 'Saat ini saya ujicoba tambah', NULL, 'semoga berhasil', 52, NULL, 'rancangan', '2025-09-03 14:45:46'),
(259, 'admin_sinergi', 'Administrator Sinergi', 'update', 94, 'Saat ini saya ujicoba tambah', 'Saat ini saya ujicoba edit', 'semoga berhasil', NULL, 52, NULL, 'rancangan', '2025-09-03 14:45:59'),
(260, 'admin_sinergi', 'Administrator Sinergi', 'delete', 94, 'Saat ini saya ujicoba edit', NULL, 'semoga berhasil', NULL, 52, NULL, 'rancangan', '2025-09-03 14:49:28'),
(261, 'admin_sinergi', 'Administrator Sinergi', 'create', 94, NULL, 'Saat ini saya ujicoba edit', NULL, 'semoga berhasil', 53, NULL, 'Pindah ke Musrenbang', '2025-09-15 11:30:46'),
(262, 'admin_sinergi', 'Administrator Sinergi', 'create', 94, NULL, 'Saat ini saya ujicoba edit', NULL, 'semoga berhasil', 54, NULL, 'Pindah ke Rancangan Akhir', '2025-09-15 11:46:37'),
(263, 'admin_sinergi', 'Administrator Sinergi', 'create', 94, NULL, 'Saat ini saya ujicoba edit', NULL, 'semoga berhasil', 55, NULL, 'Pindah ke Final', '2025-09-15 12:53:39'),
(264, 'admin_sinergi', 'Administrator Sinergi', 'create', 94, NULL, 'Saat ini saya ujicoba edit', NULL, 'semoga berhasil', 56, NULL, 'Pindah ke Perubahan ke-1', '2025-09-22 00:20:21'),
(265, 'admin_sinergi', 'Administrator Sinergi', 'create', 95, NULL, '222', NULL, '22222', 52, NULL, 'rancangan', '2025-09-06 22:44:11'),
(266, 'admin_sinergi', 'Administrator Sinergi', 'create', 95, NULL, '222', NULL, '22222', 53, NULL, 'Pindah ke Musrenbang', '2025-09-15 11:30:46'),
(267, 'admin_sinergi', 'Administrator Sinergi', 'create', 95, NULL, '222', NULL, '22222', 54, NULL, 'Pindah ke Rancangan Akhir', '2025-09-15 11:46:37'),
(268, 'admin_sinergi', 'Administrator Sinergi', 'create', 95, NULL, '222', NULL, '22222', 55, NULL, 'Pindah ke Final', '2025-09-15 12:53:39'),
(269, 'admin_sinergi', 'Administrator Sinergi', 'create', 95, NULL, '222', NULL, '22222', 56, NULL, 'Pindah ke Perubahan ke-1', '2025-09-22 00:20:21');

-- --------------------------------------------------------

--
-- Table structure for table `history_renstra_indikator_tujuan`
--

CREATE TABLE `history_renstra_indikator_tujuan` (
  `id` bigint UNSIGNED NOT NULL,
  `username` varchar(255) NOT NULL,
  `nama` varchar(255) NOT NULL,
  `aksi` varchar(20) NOT NULL,
  `record_id` bigint UNSIGNED NOT NULL,
  `uraian_indikator_tujuan_new` varchar(255) CHARACTER SET utf8mb4 COLLATE utf8mb4_0900_ai_ci DEFAULT NULL,
  `uraian_indikator_tujuan_old` varchar(255) CHARACTER SET utf8mb4 COLLATE utf8mb4_0900_ai_ci DEFAULT NULL,
  `satuan_new` varchar(255) CHARACTER SET utf8mb4 COLLATE utf8mb4_0900_ai_ci DEFAULT NULL,
  `satuan_old` varchar(255) CHARACTER SET utf8mb4 COLLATE utf8mb4_0900_ai_ci DEFAULT NULL,
  `kondisi_awal_I_new` varchar(255) CHARACTER SET utf8mb4 COLLATE utf8mb4_0900_ai_ci DEFAULT NULL,
  `kondisi_awal_I_old` varchar(255) CHARACTER SET utf8mb4 COLLATE utf8mb4_0900_ai_ci DEFAULT NULL,
  `kondisi_awal_II_new` varchar(255) CHARACTER SET utf8mb4 COLLATE utf8mb4_0900_ai_ci DEFAULT NULL,
  `kondisi_awal_II_old` varchar(255) CHARACTER SET utf8mb4 COLLATE utf8mb4_0900_ai_ci DEFAULT NULL,
  `target_I_new` varchar(255) CHARACTER SET utf8mb4 COLLATE utf8mb4_0900_ai_ci DEFAULT NULL,
  `target_I_old` varchar(255) CHARACTER SET utf8mb4 COLLATE utf8mb4_0900_ai_ci DEFAULT NULL,
  `target_II_new` varchar(255) CHARACTER SET utf8mb4 COLLATE utf8mb4_0900_ai_ci DEFAULT NULL,
  `target_II_old` varchar(255) CHARACTER SET utf8mb4 COLLATE utf8mb4_0900_ai_ci DEFAULT NULL,
  `target_III_new` varchar(255) CHARACTER SET utf8mb4 COLLATE utf8mb4_0900_ai_ci DEFAULT NULL,
  `target_III_old` varchar(255) CHARACTER SET utf8mb4 COLLATE utf8mb4_0900_ai_ci DEFAULT NULL,
  `target_IV_new` varchar(255) CHARACTER SET utf8mb4 COLLATE utf8mb4_0900_ai_ci DEFAULT NULL,
  `target_IV_old` varchar(255) CHARACTER SET utf8mb4 COLLATE utf8mb4_0900_ai_ci DEFAULT NULL,
  `target_V_new` varchar(255) CHARACTER SET utf8mb4 COLLATE utf8mb4_0900_ai_ci DEFAULT NULL,
  `target_V_old` varchar(255) CHARACTER SET utf8mb4 COLLATE utf8mb4_0900_ai_ci DEFAULT NULL,
  `kondisi_akhir_new` varchar(255) CHARACTER SET utf8mb4 COLLATE utf8mb4_0900_ai_ci DEFAULT NULL,
  `kondisi_akhir_old` varchar(255) DEFAULT NULL,
  `formulasi_new` text,
  `formulasi_old` text,
  `keterangan_new` text,
  `keterangan_old` text,
  `id_tujuan` bigint UNSIGNED NOT NULL,
  `tahapan` varchar(255) NOT NULL,
  `created_at` datetime NOT NULL
) ENGINE=InnoDB DEFAULT CHARSET=utf8mb4 COLLATE=utf8mb4_0900_ai_ci;

-- --------------------------------------------------------

--
-- Table structure for table `history_renstra_sasaran`
--

CREATE TABLE `history_renstra_sasaran` (
  `id` bigint UNSIGNED NOT NULL,
  `username` varchar(255) NOT NULL,
  `nama` varchar(255) NOT NULL,
  `aksi` varchar(20) NOT NULL,
  `record_id` bigint UNSIGNED NOT NULL,
  `uraian_sasaran_old` text,
  `uraian_sasaran_new` text,
  `id_indikator_tujuan_old` bigint UNSIGNED DEFAULT NULL,
  `id_indikator_tujuan_new` bigint UNSIGNED DEFAULT NULL,
  `tahapan` varchar(255) NOT NULL,
  `created_at` datetime NOT NULL
) ENGINE=InnoDB DEFAULT CHARSET=utf8mb4 COLLATE=utf8mb4_0900_ai_ci;

-- --------------------------------------------------------

--
-- Table structure for table `history_renstra_tujuan`
--

CREATE TABLE `history_renstra_tujuan` (
  `id` bigint UNSIGNED NOT NULL,
  `username` varchar(255) NOT NULL,
  `nama` varchar(255) NOT NULL,
  `aksi` varchar(20) NOT NULL,
  `record_id` bigint UNSIGNED NOT NULL,
  `uraian_tujuan_old` text CHARACTER SET utf8mb4 COLLATE utf8mb4_0900_ai_ci,
  `uraian_tujuan_new` text CHARACTER SET utf8mb4 COLLATE utf8mb4_0900_ai_ci,
  `id_indikator_sasaran_rpjmd_old` bigint UNSIGNED DEFAULT NULL,
  `id_indikator_sasaran_rpjmd_new` bigint UNSIGNED DEFAULT NULL,
  `id_renstra` bigint UNSIGNED NOT NULL,
  `tahapan` varchar(255) NOT NULL,
  `created_at` datetime NOT NULL
) ENGINE=InnoDB DEFAULT CHARSET=utf8mb4 COLLATE=utf8mb4_0900_ai_ci;

-- --------------------------------------------------------

--
-- Table structure for table `history_rpjmd_misi`
--

CREATE TABLE `history_rpjmd_misi` (
  `id` bigint UNSIGNED NOT NULL,
  `username` varchar(255) NOT NULL,
  `nama` varchar(255) NOT NULL,
  `aksi` varchar(20) NOT NULL,
  `record_id` bigint UNSIGNED NOT NULL,
  `uraian_misi_old` text,
  `uraian_misi_new` text,
  `id_visi` int NOT NULL,
  `catatan` text,
  `tahapan` varchar(255) NOT NULL,
  `created_at` datetime NOT NULL
) ENGINE=InnoDB DEFAULT CHARSET=utf8mb4 COLLATE=utf8mb4_0900_ai_ci;

--
-- Dumping data for table `history_rpjmd_misi`
--

INSERT INTO `history_rpjmd_misi` (`id`, `username`, `nama`, `aksi`, `record_id`, `uraian_misi_old`, `uraian_misi_new`, `id_visi`, `catatan`, `tahapan`, `created_at`) VALUES
(1, 'admin_sinergi', 'Administrator Sinergi', 'create', 35, NULL, 'misi', 18, NULL, 'rancangan_awal', '2025-08-25 02:15:57'),
(2, 'admin_sinergi', 'Administrator Sinergi', 'create', 36, NULL, 'misi 2', 18, NULL, 'rancangan_awal', '2025-08-25 02:18:11'),
(3, 'admin_sinergi', 'Administrator Sinergi', 'update', 36, 'misi 2', 'misi 0', 18, NULL, 'rancangan_awal', '2025-08-25 02:18:21'),
(4, 'admin_sinergi', 'Administrator Sinergi', 'delete', 36, 'misi 0', NULL, 18, NULL, 'rancangan_awal', '2025-08-25 02:19:47'),
(5, 'admin_sinergi', 'Administrator Sinergi', 'restore', 36, 'misi 0', NULL, 18, NULL, 'rancangan_awal', '2025-08-25 02:19:57'),
(6, 'admin_sinergi', 'Administrator Sinergi', 'create', 37, NULL, 'Pengulang teks adalah tool online sederhana yang memungkinkan Anda mengulang teks sebanyak yang Anda inginkan. Anda kemudian dapat menyalin dan menempelkan teks berulang Anda di mana pun Anda inginkan, termasuk WhatsApp, Messenger, SMS, Telegram, atau med', 18, NULL, 'rancangan_awal', '2025-09-13 15:43:50'),
(7, 'admin_sinergi', 'Administrator Sinergi', 'delete', 36, 'misi 0', NULL, 18, NULL, 'rancangan_awal', '2025-09-13 15:44:40'),
(8, 'admin_sinergi', 'Administrator Sinergi', 'update', 37, 'Pengulang teks adalah tool online sederhana yang memungkinkan Anda mengulang teks sebanyak yang Anda inginkan. Anda kemudian dapat menyalin dan menempelkan teks berulang Anda di mana pun Anda inginkan, termasuk WhatsApp, Messenger, SMS, Telegram, atau med', 'Pengulang misi RPJMD adalah tool online sederhana yang memungkinkan Anda mengulang teks sebanyak yang Anda inginkan. Anda kemudian dapat menyalin dan menempelkan teks berulang Anda di mana pun Anda inginkan, termasuk WhatsApp, Messenger, SMS, Telegram', 18, 'Misi Pengulang teks adalah tool online sederhana yang memungkinkan Anda mengulang teks sebanyak yang Anda inginkan. Anda kemudian dapat menyalin dan menempelkan teks berulang Anda di mana pun Anda inginkan, termasuk WhatsApp, Messenger, SMS, Telegram, atau med', 'rancangan_awal', '2025-09-13 15:45:16'),
(9, 'admin_sinergi', 'Administrator Sinergi', 'delete', 37, 'Pengulang misi RPJMD adalah tool online sederhana yang memungkinkan Anda mengulang teks sebanyak yang Anda inginkan. Anda kemudian dapat menyalin dan menempelkan teks berulang Anda di mana pun Anda inginkan, termasuk WhatsApp, Messenger, SMS, Telegram', NULL, 18, NULL, 'rancangan_awal', '2025-09-13 15:49:30'),
(10, 'admin_sinergi', 'Administrator Sinergi', 'restore', 37, 'Pengulang misi RPJMD adalah tool online sederhana yang memungkinkan Anda mengulang teks sebanyak yang Anda inginkan. Anda kemudian dapat menyalin dan menempelkan teks berulang Anda di mana pun Anda inginkan, termasuk WhatsApp, Messenger, SMS, Telegram', NULL, 18, NULL, 'rancangan_awal', '2025-09-13 15:49:44');

-- --------------------------------------------------------

--
-- Table structure for table `history_rpjmd_sasaran`
--

CREATE TABLE `history_rpjmd_sasaran` (
  `id` bigint UNSIGNED NOT NULL,
  `username` varchar(255) NOT NULL,
  `nama` varchar(255) NOT NULL,
  `aksi` varchar(20) NOT NULL,
  `record_id` bigint UNSIGNED NOT NULL,
  `uraian_sasaran_old` text,
  `uraian_sasaran_new` text,
  `id_tujuan_old` bigint UNSIGNED DEFAULT NULL,
  `id_tujuan_new` bigint UNSIGNED DEFAULT NULL,
  `catatan` text,
  `tahapan` varchar(255) NOT NULL,
  `created_at` datetime NOT NULL
) ENGINE=InnoDB DEFAULT CHARSET=utf8mb4 COLLATE=utf8mb4_0900_ai_ci;

--
-- Dumping data for table `history_rpjmd_sasaran`
--

INSERT INTO `history_rpjmd_sasaran` (`id`, `username`, `nama`, `aksi`, `record_id`, `uraian_sasaran_old`, `uraian_sasaran_new`, `id_tujuan_old`, `id_tujuan_new`, `catatan`, `tahapan`, `created_at`) VALUES
(1, 'admin_sinergi', 'Administrator Sinergi', 'create', 1, NULL, 'tes sasaran', NULL, 39, NULL, 'rancangan_awal', '2025-08-26 13:58:14'),
(2, 'admin_sinergi', 'Administrator Sinergi', 'update', 1, 'tes sasaran', 'tes sasaran edit', 39, NULL, NULL, 'rancangan_awal', '2025-08-26 14:01:21'),
(3, 'admin_sinergi', 'Administrator Sinergi', 'delete', 1, 'tes sasaran edit', NULL, 39, NULL, NULL, 'rancangan_awal', '2025-08-26 14:01:42'),
(4, 'admin_sinergi', 'Administrator Sinergi', 'restore', 1, 'tes sasaran edit', NULL, 39, NULL, NULL, 'rancangan_awal', '2025-08-26 14:02:03'),
(5, 'admin_sinergi', 'Administrator Sinergi', 'create', 2, NULL, 'Sasaran Pengulang teks adalah tool online sederhana yang memungkinkan Anda mengulang teks sebanyak yang Anda inginkan. Anda kemudian dapat menyalin dan menempelkan teks berulang Anda di mana pun Anda inginkan, termasuk WhatsApp, Messenger, SMS, Telegram', NULL, 40, NULL, 'rancangan_awal', '2025-09-13 22:39:59'),
(6, 'admin_sinergi', 'Administrator Sinergi', 'update', 2, 'Sasaran Pengulang teks adalah tool online sederhana yang memungkinkan Anda mengulang teks sebanyak yang Anda inginkan. Anda kemudian dapat menyalin dan menempelkan teks berulang Anda di mana pun Anda inginkan, termasuk WhatsApp, Messenger, SMS, Telegram', 'Sasaran teks adalah tool yang online sederhana yang memungkinkan Anda mengulang teks sebanyak yang Anda inginkan. Anda kemudian dapat menyalin dan menempelkan teks berulang Anda di mana pun Anda inginkan, termasuk WhatsApp, Messenger, SMS, Telegram', 40, 39, 'Pengulang teks adalah tool online sederhana yang memungkinkan Anda mengulang teks sebanyak yang Anda inginkan. Anda kemudian dapat menyalin dan menempelkan teks berulang Anda di mana pun Anda inginkan, termasuk WhatsApp, Messenger, SMS, Telegram, atau med', 'rancangan_awal', '2025-09-13 22:40:28'),
(7, 'admin_sinergi', 'Administrator Sinergi', 'delete', 2, 'Sasaran teks adalah tool yang online sederhana yang memungkinkan Anda mengulang teks sebanyak yang Anda inginkan. Anda kemudian dapat menyalin dan menempelkan teks berulang Anda di mana pun Anda inginkan, termasuk WhatsApp, Messenger, SMS, Telegram', NULL, 39, NULL, NULL, 'rancangan_awal', '2025-09-13 22:41:15'),
(8, 'admin_sinergi', 'Administrator Sinergi', 'restore', 2, 'Sasaran teks adalah tool yang online sederhana yang memungkinkan Anda mengulang teks sebanyak yang Anda inginkan. Anda kemudian dapat menyalin dan menempelkan teks berulang Anda di mana pun Anda inginkan, termasuk WhatsApp, Messenger, SMS, Telegram', NULL, 39, NULL, NULL, 'rancangan_awal', '2025-09-13 22:41:29');

-- --------------------------------------------------------

--
-- Table structure for table `history_rpjmd_visi`
--

CREATE TABLE `history_rpjmd_visi` (
  `id` bigint UNSIGNED NOT NULL,
  `username` varchar(255) NOT NULL,
  `nama` varchar(255) NOT NULL,
  `aksi` varchar(20) NOT NULL,
  `record_id` bigint UNSIGNED NOT NULL,
  `uraian_visi_old` text,
  `uraian_visi_new` text,
  `catatan` text,
  `tahapan` varchar(255) NOT NULL,
  `created_at` datetime NOT NULL
) ENGINE=InnoDB DEFAULT CHARSET=utf8mb4 COLLATE=utf8mb4_0900_ai_ci;

--
-- Dumping data for table `history_rpjmd_visi`
--

INSERT INTO `history_rpjmd_visi` (`id`, `username`, `nama`, `aksi`, `record_id`, `uraian_visi_old`, `uraian_visi_new`, `catatan`, `tahapan`, `created_at`) VALUES
(1, 'admin_sinergi', 'Administrator Sinergi', 'update', 18, 'coba', 'coba lah', NULL, 'rancangan_awal', '2025-08-25 00:50:44'),
(2, 'admin_sinergi', 'Administrator Sinergi', 'update', 18, 'coba lah', 'coba lah 3', NULL, 'rancangan_awal', '2025-08-25 01:25:27'),
(3, 'admin_sinergi', 'Administrator Sinergi', 'update', 18, 'coba lah 3', 'Visi Pengulang teks adalah tool online sederhana yang memungkinkan Anda mengulang teks sebanyak yang Anda inginkan. Anda kemudian dapat menyalin dan menempelkan teks berulang Anda di mana pun Anda inginkan, termasuk What', 'Mengubah sasaran pokok Pengulang teks adalah tool online sederhana yang memungkinkan Anda mengulang teks sebanyak yang Anda inginkan. Anda kemudian dapat menyalin dan menempelkan teks berulang Anda di mana pun Anda inginkan, termasuk What menjadi visi', 'rancangan_awal', '2025-09-13 01:36:45');

-- --------------------------------------------------------

--
-- Table structure for table `history_sasaran_pokok`
--

CREATE TABLE `history_sasaran_pokok` (
  `id` bigint UNSIGNED NOT NULL,
  `username` varchar(255) NOT NULL,
  `nama` varchar(255) NOT NULL,
  `aksi` varchar(20) NOT NULL,
  `record_id` bigint UNSIGNED NOT NULL,
  `uraian_sasaran_pokok_old` varchar(255) DEFAULT NULL,
  `uraian_sasaran_pokok_new` varchar(255) DEFAULT NULL,
  `id_misi_old` bigint DEFAULT NULL,
  `id_misi_new` bigint DEFAULT NULL,
  `catatan` text,
  `tahapan` varchar(255) NOT NULL,
  `created_at` datetime NOT NULL
) ENGINE=InnoDB DEFAULT CHARSET=utf8mb4 COLLATE=utf8mb4_0900_ai_ci;

--
-- Dumping data for table `history_sasaran_pokok`
--

INSERT INTO `history_sasaran_pokok` (`id`, `username`, `nama`, `aksi`, `record_id`, `uraian_sasaran_pokok_old`, `uraian_sasaran_pokok_new`, `id_misi_old`, `id_misi_new`, `catatan`, `tahapan`, `created_at`) VALUES
(1, 'admin_sinergi', 'Administrator Sinergi', 'create', 60, NULL, 'uji bro', NULL, 59, NULL, 'rancangan_awal', '2025-08-24 22:05:07'),
(2, 'admin_sinergi', 'Administrator Sinergi', 'create', 61, NULL, 'uji bro', NULL, 59, NULL, 'rancangan_awal', '2025-08-24 22:05:07'),
(3, 'admin_sinergi', 'Administrator Sinergi', 'create', 61, NULL, 'uji bro', NULL, 61, NULL, 'Pindah ke Rancangan Awal', '2025-08-24 22:06:15'),
(4, 'admin_sinergi', 'Administrator Sinergi', 'create', 62, NULL, 'Ujicoba sasaran pokok', NULL, 62, NULL, 'rancangan', '2025-08-28 10:53:37'),
(5, 'admin_sinergi', 'Administrator Sinergi', 'delete', 61, 'uji bro', NULL, 61, NULL, NULL, 'rancangan', '2025-09-04 15:11:34'),
(6, 'admin_sinergi', 'Administrator Sinergi', 'restore', 61, 'uji bro', NULL, 61, NULL, NULL, 'rancangan', '2025-09-04 15:11:43'),
(7, 'admin_sinergi', 'Administrator Sinergi', 'update', 61, 'uji bro', 'misi Penjelasan Pokok visi Pengulang teks adalah tool online sederhana yang memungkinkan Anda mengulang teks sebanyak yang Anda inginkan. Anda kemudian dapat menyalin dan menempelkan teks berulang Anda di mana pun Anda inginkan, termasuk What', 61, NULL, NULL, 'rancangan', '2025-09-08 14:59:26'),
(8, 'admin_sinergi', 'Administrator Sinergi', 'delete', 61, 'misi Penjelasan Pokok visi Pengulang teks adalah tool online sederhana yang memungkinkan Anda mengulang teks sebanyak yang Anda inginkan. Anda kemudian dapat menyalin dan menempelkan teks berulang Anda di mana pun Anda inginkan, termasuk What', NULL, 61, NULL, NULL, 'rancangan', '2025-09-08 15:20:05'),
(9, 'admin_sinergi', 'Administrator Sinergi', 'restore', 61, 'misi Penjelasan Pokok visi Pengulang teks adalah tool online sederhana yang memungkinkan Anda mengulang teks sebanyak yang Anda inginkan. Anda kemudian dapat menyalin dan menempelkan teks berulang Anda di mana pun Anda inginkan, termasuk What', NULL, 61, NULL, NULL, 'rancangan', '2025-09-08 15:20:56'),
(10, 'admin_sinergi', 'Administrator Sinergi', 'update', 61, 'sasaran pokok Penjelasan Pokok visi Pengulang teks adalah tool online sederhana yang memungkinkan Anda mengulang teks sebanyak yang Anda inginkan. Anda kemudian dapat menyalin dan menempelkan teks berulang Anda di mana pun Anda inginkan, termasuk What', 'sasaran pokok  Pengulang teks adalah tool online sederhana yang memungkinkan Anda mengulang teks sebanyak yang Anda inginkan. Anda kemudian dapat menyalin dan menempelkan teks berulang Anda di mana pun Anda inginkan, termasuk What', 61, NULL, 'sasaran pokok Penjelasan Pokok visi Pengulang teks adalah tool online sederhana yang memungkinkan Anda mengulang teks sebanyak yang Anda inginkan. Anda kemudian dapat menyalin dan menempelkan teks berulang Anda di mana pun Anda inginkan, termasuk What', 'rancangan', '2025-09-08 15:23:45'),
(11, 'admin_sinergi', 'Administrator Sinergi', 'delete', 61, 'sasaran pokok  Pengulang teks adalah tool online sederhana yang memungkinkan Anda mengulang teks sebanyak yang Anda inginkan. Anda kemudian dapat menyalin dan menempelkan teks berulang Anda di mana pun Anda inginkan, termasuk What', NULL, 61, NULL, NULL, 'rancangan', '2025-09-12 23:23:35'),
(12, 'admin_sinergi', 'Administrator Sinergi', 'restore', 61, 'sasaran pokok  Pengulang teks adalah tool online sederhana yang memungkinkan Anda mengulang teks sebanyak yang Anda inginkan. Anda kemudian dapat menyalin dan menempelkan teks berulang Anda di mana pun Anda inginkan, termasuk What', NULL, 61, NULL, NULL, 'rancangan', '2025-09-13 00:22:49'),
(13, 'admin_sinergi', 'Administrator Sinergi', 'create', 63, NULL, 'Ujicoba sasaran pokok', NULL, 62, NULL, 'rancangan', '2025-08-28 10:53:37'),
(14, 'admin_sinergi', 'Administrator Sinergi', 'create', 63, NULL, 'Ujicoba sasaran pokok', NULL, 64, NULL, 'Pindah ke Rancangan', '2025-09-15 11:30:46'),
(15, 'admin_sinergi', 'Administrator Sinergi', 'create', 64, NULL, 'uji bro', NULL, 59, NULL, 'rancangan_awal', '2025-08-24 22:05:07'),
(16, 'admin_sinergi', 'Administrator Sinergi', 'create', 64, NULL, 'uji bro', NULL, 61, NULL, 'Pindah ke Rancangan Awal', '2025-08-24 22:06:15'),
(17, 'admin_sinergi', 'Administrator Sinergi', 'delete', 64, 'uji bro', NULL, 61, NULL, NULL, 'rancangan', '2025-09-04 15:11:34'),
(18, 'admin_sinergi', 'Administrator Sinergi', 'restore', 64, 'uji bro', NULL, 61, NULL, NULL, 'rancangan', '2025-09-04 15:11:43'),
(19, 'admin_sinergi', 'Administrator Sinergi', 'update', 64, 'uji bro', 'misi Penjelasan Pokok visi Pengulang teks adalah tool online sederhana yang memungkinkan Anda mengulang teks sebanyak yang Anda inginkan. Anda kemudian dapat menyalin dan menempelkan teks berulang Anda di mana pun Anda inginkan, termasuk What', 61, NULL, NULL, 'rancangan', '2025-09-08 14:59:26'),
(20, 'admin_sinergi', 'Administrator Sinergi', 'delete', 64, 'misi Penjelasan Pokok visi Pengulang teks adalah tool online sederhana yang memungkinkan Anda mengulang teks sebanyak yang Anda inginkan. Anda kemudian dapat menyalin dan menempelkan teks berulang Anda di mana pun Anda inginkan, termasuk What', NULL, 61, NULL, NULL, 'rancangan', '2025-09-08 15:20:05'),
(21, 'admin_sinergi', 'Administrator Sinergi', 'restore', 64, 'misi Penjelasan Pokok visi Pengulang teks adalah tool online sederhana yang memungkinkan Anda mengulang teks sebanyak yang Anda inginkan. Anda kemudian dapat menyalin dan menempelkan teks berulang Anda di mana pun Anda inginkan, termasuk What', NULL, 61, NULL, NULL, 'rancangan', '2025-09-08 15:20:56'),
(22, 'admin_sinergi', 'Administrator Sinergi', 'update', 64, 'sasaran pokok Penjelasan Pokok visi Pengulang teks adalah tool online sederhana yang memungkinkan Anda mengulang teks sebanyak yang Anda inginkan. Anda kemudian dapat menyalin dan menempelkan teks berulang Anda di mana pun Anda inginkan, termasuk What', 'sasaran pokok  Pengulang teks adalah tool online sederhana yang memungkinkan Anda mengulang teks sebanyak yang Anda inginkan. Anda kemudian dapat menyalin dan menempelkan teks berulang Anda di mana pun Anda inginkan, termasuk What', 61, NULL, 'sasaran pokok Penjelasan Pokok visi Pengulang teks adalah tool online sederhana yang memungkinkan Anda mengulang teks sebanyak yang Anda inginkan. Anda kemudian dapat menyalin dan menempelkan teks berulang Anda di mana pun Anda inginkan, termasuk What', 'rancangan', '2025-09-08 15:23:45'),
(23, 'admin_sinergi', 'Administrator Sinergi', 'delete', 64, 'sasaran pokok  Pengulang teks adalah tool online sederhana yang memungkinkan Anda mengulang teks sebanyak yang Anda inginkan. Anda kemudian dapat menyalin dan menempelkan teks berulang Anda di mana pun Anda inginkan, termasuk What', NULL, 61, NULL, NULL, 'rancangan', '2025-09-12 23:23:35'),
(24, 'admin_sinergi', 'Administrator Sinergi', 'restore', 64, 'sasaran pokok  Pengulang teks adalah tool online sederhana yang memungkinkan Anda mengulang teks sebanyak yang Anda inginkan. Anda kemudian dapat menyalin dan menempelkan teks berulang Anda di mana pun Anda inginkan, termasuk What', NULL, 61, NULL, NULL, 'rancangan', '2025-09-13 00:22:49'),
(25, 'admin_sinergi', 'Administrator Sinergi', 'create', 64, NULL, 'sasaran pokok  Pengulang teks adalah tool online sederhana yang memungkinkan Anda mengulang teks sebanyak yang Anda inginkan. Anda kemudian dapat menyalin dan menempelkan teks berulang Anda di mana pun Anda inginkan, termasuk What', NULL, 66, NULL, 'Pindah ke Rancangan', '2025-09-15 11:30:46'),
(26, 'admin_sinergi', 'Administrator Sinergi', 'create', 65, NULL, 'Ujicoba sasaran pokok', NULL, 62, NULL, 'rancangan', '2025-08-28 10:53:37'),
(27, 'admin_sinergi', 'Administrator Sinergi', 'create', 65, NULL, 'Ujicoba sasaran pokok', NULL, 64, NULL, 'Pindah ke Rancangan', '2025-09-15 11:30:46'),
(28, 'admin_sinergi', 'Administrator Sinergi', 'create', 65, NULL, 'Ujicoba sasaran pokok', NULL, 67, NULL, 'Pindah ke Musrenbang', '2025-09-15 11:46:37'),
(29, 'admin_sinergi', 'Administrator Sinergi', 'create', 66, NULL, 'Ujicoba sasaran pokok', NULL, 62, NULL, 'rancangan', '2025-08-28 10:53:37'),
(30, 'admin_sinergi', 'Administrator Sinergi', 'create', 66, NULL, 'Ujicoba sasaran pokok', NULL, 64, NULL, 'Pindah ke Rancangan', '2025-09-15 11:30:46'),
(31, 'admin_sinergi', 'Administrator Sinergi', 'create', 66, NULL, 'Ujicoba sasaran pokok', NULL, 69, NULL, 'Pindah ke Musrenbang', '2025-09-15 11:46:37'),
(32, 'admin_sinergi', 'Administrator Sinergi', 'create', 67, NULL, 'Ujicoba sasaran pokok', NULL, 62, NULL, 'rancangan', '2025-08-28 10:53:37'),
(33, 'admin_sinergi', 'Administrator Sinergi', 'create', 67, NULL, 'Ujicoba sasaran pokok', NULL, 64, NULL, 'Pindah ke Rancangan', '2025-09-15 11:30:46'),
(34, 'admin_sinergi', 'Administrator Sinergi', 'create', 67, NULL, 'Ujicoba sasaran pokok', NULL, 71, NULL, 'Pindah ke Musrenbang', '2025-09-15 11:46:37'),
(35, 'admin_sinergi', 'Administrator Sinergi', 'create', 68, NULL, 'Ujicoba sasaran pokok', NULL, 62, NULL, 'rancangan', '2025-08-28 10:53:37'),
(36, 'admin_sinergi', 'Administrator Sinergi', 'create', 68, NULL, 'Ujicoba sasaran pokok', NULL, 64, NULL, 'Pindah ke Rancangan', '2025-09-15 11:30:46'),
(37, 'admin_sinergi', 'Administrator Sinergi', 'create', 68, NULL, 'Ujicoba sasaran pokok', NULL, 73, NULL, 'Pindah ke Musrenbang', '2025-09-15 11:46:37'),
(38, 'admin_sinergi', 'Administrator Sinergi', 'create', 69, NULL, 'uji bro', NULL, 59, NULL, 'rancangan_awal', '2025-08-24 22:05:07'),
(39, 'admin_sinergi', 'Administrator Sinergi', 'create', 69, NULL, 'uji bro', NULL, 61, NULL, 'Pindah ke Rancangan Awal', '2025-08-24 22:06:15'),
(40, 'admin_sinergi', 'Administrator Sinergi', 'delete', 69, 'uji bro', NULL, 61, NULL, NULL, 'rancangan', '2025-09-04 15:11:34'),
(41, 'admin_sinergi', 'Administrator Sinergi', 'restore', 69, 'uji bro', NULL, 61, NULL, NULL, 'rancangan', '2025-09-04 15:11:43'),
(42, 'admin_sinergi', 'Administrator Sinergi', 'update', 69, 'uji bro', 'misi Penjelasan Pokok visi Pengulang teks adalah tool online sederhana yang memungkinkan Anda mengulang teks sebanyak yang Anda inginkan. Anda kemudian dapat menyalin dan menempelkan teks berulang Anda di mana pun Anda inginkan, termasuk What', 61, NULL, NULL, 'rancangan', '2025-09-08 14:59:26'),
(43, 'admin_sinergi', 'Administrator Sinergi', 'delete', 69, 'misi Penjelasan Pokok visi Pengulang teks adalah tool online sederhana yang memungkinkan Anda mengulang teks sebanyak yang Anda inginkan. Anda kemudian dapat menyalin dan menempelkan teks berulang Anda di mana pun Anda inginkan, termasuk What', NULL, 61, NULL, NULL, 'rancangan', '2025-09-08 15:20:05'),
(44, 'admin_sinergi', 'Administrator Sinergi', 'restore', 69, 'misi Penjelasan Pokok visi Pengulang teks adalah tool online sederhana yang memungkinkan Anda mengulang teks sebanyak yang Anda inginkan. Anda kemudian dapat menyalin dan menempelkan teks berulang Anda di mana pun Anda inginkan, termasuk What', NULL, 61, NULL, NULL, 'rancangan', '2025-09-08 15:20:56'),
(45, 'admin_sinergi', 'Administrator Sinergi', 'update', 69, 'sasaran pokok Penjelasan Pokok visi Pengulang teks adalah tool online sederhana yang memungkinkan Anda mengulang teks sebanyak yang Anda inginkan. Anda kemudian dapat menyalin dan menempelkan teks berulang Anda di mana pun Anda inginkan, termasuk What', 'sasaran pokok  Pengulang teks adalah tool online sederhana yang memungkinkan Anda mengulang teks sebanyak yang Anda inginkan. Anda kemudian dapat menyalin dan menempelkan teks berulang Anda di mana pun Anda inginkan, termasuk What', 61, NULL, 'sasaran pokok Penjelasan Pokok visi Pengulang teks adalah tool online sederhana yang memungkinkan Anda mengulang teks sebanyak yang Anda inginkan. Anda kemudian dapat menyalin dan menempelkan teks berulang Anda di mana pun Anda inginkan, termasuk What', 'rancangan', '2025-09-08 15:23:45'),
(46, 'admin_sinergi', 'Administrator Sinergi', 'delete', 69, 'sasaran pokok  Pengulang teks adalah tool online sederhana yang memungkinkan Anda mengulang teks sebanyak yang Anda inginkan. Anda kemudian dapat menyalin dan menempelkan teks berulang Anda di mana pun Anda inginkan, termasuk What', NULL, 61, NULL, NULL, 'rancangan', '2025-09-12 23:23:35'),
(47, 'admin_sinergi', 'Administrator Sinergi', 'restore', 69, 'sasaran pokok  Pengulang teks adalah tool online sederhana yang memungkinkan Anda mengulang teks sebanyak yang Anda inginkan. Anda kemudian dapat menyalin dan menempelkan teks berulang Anda di mana pun Anda inginkan, termasuk What', NULL, 61, NULL, NULL, 'rancangan', '2025-09-13 00:22:49'),
(48, 'admin_sinergi', 'Administrator Sinergi', 'create', 69, NULL, 'sasaran pokok  Pengulang teks adalah tool online sederhana yang memungkinkan Anda mengulang teks sebanyak yang Anda inginkan. Anda kemudian dapat menyalin dan menempelkan teks berulang Anda di mana pun Anda inginkan, termasuk What', NULL, 66, NULL, 'Pindah ke Rancangan', '2025-09-15 11:30:46'),
(49, 'admin_sinergi', 'Administrator Sinergi', 'create', 69, NULL, 'sasaran pokok  Pengulang teks adalah tool online sederhana yang memungkinkan Anda mengulang teks sebanyak yang Anda inginkan. Anda kemudian dapat menyalin dan menempelkan teks berulang Anda di mana pun Anda inginkan, termasuk What', NULL, 75, NULL, 'Pindah ke Musrenbang', '2025-09-15 11:46:37'),
(50, 'admin_sinergi', 'Administrator Sinergi', 'create', 70, NULL, 'Ujicoba sasaran pokok', NULL, 62, NULL, 'rancangan', '2025-08-28 10:53:37'),
(51, 'admin_sinergi', 'Administrator Sinergi', 'create', 70, NULL, 'Ujicoba sasaran pokok', NULL, 64, NULL, 'Pindah ke Rancangan', '2025-09-15 11:30:46'),
(52, 'admin_sinergi', 'Administrator Sinergi', 'create', 70, NULL, 'Ujicoba sasaran pokok', NULL, 76, NULL, 'Pindah ke Musrenbang', '2025-09-15 11:46:38'),
(53, 'admin_sinergi', 'Administrator Sinergi', 'create', 71, NULL, 'uji bro', NULL, 59, NULL, 'rancangan_awal', '2025-08-24 22:05:07'),
(54, 'admin_sinergi', 'Administrator Sinergi', 'create', 71, NULL, 'uji bro', NULL, 61, NULL, 'Pindah ke Rancangan Awal', '2025-08-24 22:06:15'),
(55, 'admin_sinergi', 'Administrator Sinergi', 'delete', 71, 'uji bro', NULL, 61, NULL, NULL, 'rancangan', '2025-09-04 15:11:34'),
(56, 'admin_sinergi', 'Administrator Sinergi', 'restore', 71, 'uji bro', NULL, 61, NULL, NULL, 'rancangan', '2025-09-04 15:11:43'),
(57, 'admin_sinergi', 'Administrator Sinergi', 'update', 71, 'uji bro', 'misi Penjelasan Pokok visi Pengulang teks adalah tool online sederhana yang memungkinkan Anda mengulang teks sebanyak yang Anda inginkan. Anda kemudian dapat menyalin dan menempelkan teks berulang Anda di mana pun Anda inginkan, termasuk What', 61, NULL, NULL, 'rancangan', '2025-09-08 14:59:26'),
(58, 'admin_sinergi', 'Administrator Sinergi', 'delete', 71, 'misi Penjelasan Pokok visi Pengulang teks adalah tool online sederhana yang memungkinkan Anda mengulang teks sebanyak yang Anda inginkan. Anda kemudian dapat menyalin dan menempelkan teks berulang Anda di mana pun Anda inginkan, termasuk What', NULL, 61, NULL, NULL, 'rancangan', '2025-09-08 15:20:05'),
(59, 'admin_sinergi', 'Administrator Sinergi', 'restore', 71, 'misi Penjelasan Pokok visi Pengulang teks adalah tool online sederhana yang memungkinkan Anda mengulang teks sebanyak yang Anda inginkan. Anda kemudian dapat menyalin dan menempelkan teks berulang Anda di mana pun Anda inginkan, termasuk What', NULL, 61, NULL, NULL, 'rancangan', '2025-09-08 15:20:56'),
(60, 'admin_sinergi', 'Administrator Sinergi', 'update', 71, 'sasaran pokok Penjelasan Pokok visi Pengulang teks adalah tool online sederhana yang memungkinkan Anda mengulang teks sebanyak yang Anda inginkan. Anda kemudian dapat menyalin dan menempelkan teks berulang Anda di mana pun Anda inginkan, termasuk What', 'sasaran pokok  Pengulang teks adalah tool online sederhana yang memungkinkan Anda mengulang teks sebanyak yang Anda inginkan. Anda kemudian dapat menyalin dan menempelkan teks berulang Anda di mana pun Anda inginkan, termasuk What', 61, NULL, 'sasaran pokok Penjelasan Pokok visi Pengulang teks adalah tool online sederhana yang memungkinkan Anda mengulang teks sebanyak yang Anda inginkan. Anda kemudian dapat menyalin dan menempelkan teks berulang Anda di mana pun Anda inginkan, termasuk What', 'rancangan', '2025-09-08 15:23:45'),
(61, 'admin_sinergi', 'Administrator Sinergi', 'delete', 71, 'sasaran pokok  Pengulang teks adalah tool online sederhana yang memungkinkan Anda mengulang teks sebanyak yang Anda inginkan. Anda kemudian dapat menyalin dan menempelkan teks berulang Anda di mana pun Anda inginkan, termasuk What', NULL, 61, NULL, NULL, 'rancangan', '2025-09-12 23:23:35'),
(62, 'admin_sinergi', 'Administrator Sinergi', 'restore', 71, 'sasaran pokok  Pengulang teks adalah tool online sederhana yang memungkinkan Anda mengulang teks sebanyak yang Anda inginkan. Anda kemudian dapat menyalin dan menempelkan teks berulang Anda di mana pun Anda inginkan, termasuk What', NULL, 61, NULL, NULL, 'rancangan', '2025-09-13 00:22:49'),
(63, 'admin_sinergi', 'Administrator Sinergi', 'create', 71, NULL, 'sasaran pokok  Pengulang teks adalah tool online sederhana yang memungkinkan Anda mengulang teks sebanyak yang Anda inginkan. Anda kemudian dapat menyalin dan menempelkan teks berulang Anda di mana pun Anda inginkan, termasuk What', NULL, 66, NULL, 'Pindah ke Rancangan', '2025-09-15 11:30:46'),
(64, 'admin_sinergi', 'Administrator Sinergi', 'create', 71, NULL, 'sasaran pokok  Pengulang teks adalah tool online sederhana yang memungkinkan Anda mengulang teks sebanyak yang Anda inginkan. Anda kemudian dapat menyalin dan menempelkan teks berulang Anda di mana pun Anda inginkan, termasuk What', NULL, 78, NULL, 'Pindah ke Musrenbang', '2025-09-15 11:46:38'),
(65, 'admin_sinergi', 'Administrator Sinergi', 'create', 72, NULL, 'Ujicoba sasaran pokok', NULL, 62, NULL, 'rancangan', '2025-08-28 10:53:37'),
(66, 'admin_sinergi', 'Administrator Sinergi', 'create', 72, NULL, 'Ujicoba sasaran pokok', NULL, 64, NULL, 'Pindah ke Rancangan', '2025-09-15 11:30:46'),
(67, 'admin_sinergi', 'Administrator Sinergi', 'create', 72, NULL, 'Ujicoba sasaran pokok', NULL, 67, NULL, 'Pindah ke Musrenbang', '2025-09-15 11:46:37'),
(68, 'admin_sinergi', 'Administrator Sinergi', 'create', 72, NULL, 'Ujicoba sasaran pokok', NULL, 79, NULL, 'Pindah ke Final', '2025-09-15 12:53:39'),
(69, 'admin_sinergi', 'Administrator Sinergi', 'create', 73, NULL, 'Ujicoba sasaran pokok', NULL, 62, NULL, 'rancangan', '2025-08-28 10:53:37'),
(70, 'admin_sinergi', 'Administrator Sinergi', 'create', 73, NULL, 'Ujicoba sasaran pokok', NULL, 64, NULL, 'Pindah ke Rancangan', '2025-09-15 11:30:46'),
(71, 'admin_sinergi', 'Administrator Sinergi', 'create', 73, NULL, 'Ujicoba sasaran pokok', NULL, 69, NULL, 'Pindah ke Musrenbang', '2025-09-15 11:46:37'),
(72, 'admin_sinergi', 'Administrator Sinergi', 'create', 73, NULL, 'Ujicoba sasaran pokok', NULL, 81, NULL, 'Pindah ke Final', '2025-09-15 12:53:39'),
(73, 'admin_sinergi', 'Administrator Sinergi', 'create', 74, NULL, 'Ujicoba sasaran pokok', NULL, 62, NULL, 'rancangan', '2025-08-28 10:53:37'),
(74, 'admin_sinergi', 'Administrator Sinergi', 'create', 74, NULL, 'Ujicoba sasaran pokok', NULL, 64, NULL, 'Pindah ke Rancangan', '2025-09-15 11:30:46'),
(75, 'admin_sinergi', 'Administrator Sinergi', 'create', 74, NULL, 'Ujicoba sasaran pokok', NULL, 71, NULL, 'Pindah ke Musrenbang', '2025-09-15 11:46:37'),
(76, 'admin_sinergi', 'Administrator Sinergi', 'create', 74, NULL, 'Ujicoba sasaran pokok', NULL, 83, NULL, 'Pindah ke Final', '2025-09-15 12:53:39'),
(77, 'admin_sinergi', 'Administrator Sinergi', 'create', 75, NULL, 'Ujicoba sasaran pokok', NULL, 62, NULL, 'rancangan', '2025-08-28 10:53:37'),
(78, 'admin_sinergi', 'Administrator Sinergi', 'create', 75, NULL, 'Ujicoba sasaran pokok', NULL, 64, NULL, 'Pindah ke Rancangan', '2025-09-15 11:30:46'),
(79, 'admin_sinergi', 'Administrator Sinergi', 'create', 75, NULL, 'Ujicoba sasaran pokok', NULL, 73, NULL, 'Pindah ke Musrenbang', '2025-09-15 11:46:37'),
(80, 'admin_sinergi', 'Administrator Sinergi', 'create', 75, NULL, 'Ujicoba sasaran pokok', NULL, 85, NULL, 'Pindah ke Final', '2025-09-15 12:53:39'),
(81, 'admin_sinergi', 'Administrator Sinergi', 'create', 76, NULL, 'Ujicoba sasaran pokok', NULL, 62, NULL, 'rancangan', '2025-08-28 10:53:37'),
(82, 'admin_sinergi', 'Administrator Sinergi', 'create', 76, NULL, 'Ujicoba sasaran pokok', NULL, 64, NULL, 'Pindah ke Rancangan', '2025-09-15 11:30:46'),
(83, 'admin_sinergi', 'Administrator Sinergi', 'create', 76, NULL, 'Ujicoba sasaran pokok', NULL, 76, NULL, 'Pindah ke Musrenbang', '2025-09-15 11:46:38'),
(84, 'admin_sinergi', 'Administrator Sinergi', 'create', 76, NULL, 'Ujicoba sasaran pokok', NULL, 87, NULL, 'Pindah ke Final', '2025-09-15 12:53:40'),
(85, 'admin_sinergi', 'Administrator Sinergi', 'create', 77, NULL, 'uji bro', NULL, 59, NULL, 'rancangan_awal', '2025-08-24 22:05:07'),
(86, 'admin_sinergi', 'Administrator Sinergi', 'create', 77, NULL, 'uji bro', NULL, 61, NULL, 'Pindah ke Rancangan Awal', '2025-08-24 22:06:15'),
(87, 'admin_sinergi', 'Administrator Sinergi', 'delete', 77, 'uji bro', NULL, 61, NULL, NULL, 'rancangan', '2025-09-04 15:11:34'),
(88, 'admin_sinergi', 'Administrator Sinergi', 'restore', 77, 'uji bro', NULL, 61, NULL, NULL, 'rancangan', '2025-09-04 15:11:43'),
(89, 'admin_sinergi', 'Administrator Sinergi', 'update', 77, 'uji bro', 'misi Penjelasan Pokok visi Pengulang teks adalah tool online sederhana yang memungkinkan Anda mengulang teks sebanyak yang Anda inginkan. Anda kemudian dapat menyalin dan menempelkan teks berulang Anda di mana pun Anda inginkan, termasuk What', 61, NULL, NULL, 'rancangan', '2025-09-08 14:59:26'),
(90, 'admin_sinergi', 'Administrator Sinergi', 'delete', 77, 'misi Penjelasan Pokok visi Pengulang teks adalah tool online sederhana yang memungkinkan Anda mengulang teks sebanyak yang Anda inginkan. Anda kemudian dapat menyalin dan menempelkan teks berulang Anda di mana pun Anda inginkan, termasuk What', NULL, 61, NULL, NULL, 'rancangan', '2025-09-08 15:20:05'),
(91, 'admin_sinergi', 'Administrator Sinergi', 'restore', 77, 'misi Penjelasan Pokok visi Pengulang teks adalah tool online sederhana yang memungkinkan Anda mengulang teks sebanyak yang Anda inginkan. Anda kemudian dapat menyalin dan menempelkan teks berulang Anda di mana pun Anda inginkan, termasuk What', NULL, 61, NULL, NULL, 'rancangan', '2025-09-08 15:20:56'),
(92, 'admin_sinergi', 'Administrator Sinergi', 'update', 77, 'sasaran pokok Penjelasan Pokok visi Pengulang teks adalah tool online sederhana yang memungkinkan Anda mengulang teks sebanyak yang Anda inginkan. Anda kemudian dapat menyalin dan menempelkan teks berulang Anda di mana pun Anda inginkan, termasuk What', 'sasaran pokok  Pengulang teks adalah tool online sederhana yang memungkinkan Anda mengulang teks sebanyak yang Anda inginkan. Anda kemudian dapat menyalin dan menempelkan teks berulang Anda di mana pun Anda inginkan, termasuk What', 61, NULL, 'sasaran pokok Penjelasan Pokok visi Pengulang teks adalah tool online sederhana yang memungkinkan Anda mengulang teks sebanyak yang Anda inginkan. Anda kemudian dapat menyalin dan menempelkan teks berulang Anda di mana pun Anda inginkan, termasuk What', 'rancangan', '2025-09-08 15:23:45'),
(93, 'admin_sinergi', 'Administrator Sinergi', 'delete', 77, 'sasaran pokok  Pengulang teks adalah tool online sederhana yang memungkinkan Anda mengulang teks sebanyak yang Anda inginkan. Anda kemudian dapat menyalin dan menempelkan teks berulang Anda di mana pun Anda inginkan, termasuk What', NULL, 61, NULL, NULL, 'rancangan', '2025-09-12 23:23:35'),
(94, 'admin_sinergi', 'Administrator Sinergi', 'restore', 77, 'sasaran pokok  Pengulang teks adalah tool online sederhana yang memungkinkan Anda mengulang teks sebanyak yang Anda inginkan. Anda kemudian dapat menyalin dan menempelkan teks berulang Anda di mana pun Anda inginkan, termasuk What', NULL, 61, NULL, NULL, 'rancangan', '2025-09-13 00:22:49'),
(95, 'admin_sinergi', 'Administrator Sinergi', 'create', 77, NULL, 'sasaran pokok  Pengulang teks adalah tool online sederhana yang memungkinkan Anda mengulang teks sebanyak yang Anda inginkan. Anda kemudian dapat menyalin dan menempelkan teks berulang Anda di mana pun Anda inginkan, termasuk What', NULL, 66, NULL, 'Pindah ke Rancangan', '2025-09-15 11:30:46'),
(96, 'admin_sinergi', 'Administrator Sinergi', 'create', 77, NULL, 'sasaran pokok  Pengulang teks adalah tool online sederhana yang memungkinkan Anda mengulang teks sebanyak yang Anda inginkan. Anda kemudian dapat menyalin dan menempelkan teks berulang Anda di mana pun Anda inginkan, termasuk What', NULL, 75, NULL, 'Pindah ke Musrenbang', '2025-09-15 11:46:37'),
(97, 'admin_sinergi', 'Administrator Sinergi', 'create', 77, NULL, 'sasaran pokok  Pengulang teks adalah tool online sederhana yang memungkinkan Anda mengulang teks sebanyak yang Anda inginkan. Anda kemudian dapat menyalin dan menempelkan teks berulang Anda di mana pun Anda inginkan, termasuk What', NULL, 89, NULL, 'Pindah ke Final', '2025-09-15 12:53:40'),
(98, 'admin_sinergi', 'Administrator Sinergi', 'create', 78, NULL, 'uji bro', NULL, 59, NULL, 'rancangan_awal', '2025-08-24 22:05:07'),
(99, 'admin_sinergi', 'Administrator Sinergi', 'create', 78, NULL, 'uji bro', NULL, 61, NULL, 'Pindah ke Rancangan Awal', '2025-08-24 22:06:15'),
(100, 'admin_sinergi', 'Administrator Sinergi', 'delete', 78, 'uji bro', NULL, 61, NULL, NULL, 'rancangan', '2025-09-04 15:11:34'),
(101, 'admin_sinergi', 'Administrator Sinergi', 'restore', 78, 'uji bro', NULL, 61, NULL, NULL, 'rancangan', '2025-09-04 15:11:43'),
(102, 'admin_sinergi', 'Administrator Sinergi', 'update', 78, 'uji bro', 'misi Penjelasan Pokok visi Pengulang teks adalah tool online sederhana yang memungkinkan Anda mengulang teks sebanyak yang Anda inginkan. Anda kemudian dapat menyalin dan menempelkan teks berulang Anda di mana pun Anda inginkan, termasuk What', 61, NULL, NULL, 'rancangan', '2025-09-08 14:59:26'),
(103, 'admin_sinergi', 'Administrator Sinergi', 'delete', 78, 'misi Penjelasan Pokok visi Pengulang teks adalah tool online sederhana yang memungkinkan Anda mengulang teks sebanyak yang Anda inginkan. Anda kemudian dapat menyalin dan menempelkan teks berulang Anda di mana pun Anda inginkan, termasuk What', NULL, 61, NULL, NULL, 'rancangan', '2025-09-08 15:20:05'),
(104, 'admin_sinergi', 'Administrator Sinergi', 'restore', 78, 'misi Penjelasan Pokok visi Pengulang teks adalah tool online sederhana yang memungkinkan Anda mengulang teks sebanyak yang Anda inginkan. Anda kemudian dapat menyalin dan menempelkan teks berulang Anda di mana pun Anda inginkan, termasuk What', NULL, 61, NULL, NULL, 'rancangan', '2025-09-08 15:20:56'),
(105, 'admin_sinergi', 'Administrator Sinergi', 'update', 78, 'sasaran pokok Penjelasan Pokok visi Pengulang teks adalah tool online sederhana yang memungkinkan Anda mengulang teks sebanyak yang Anda inginkan. Anda kemudian dapat menyalin dan menempelkan teks berulang Anda di mana pun Anda inginkan, termasuk What', 'sasaran pokok  Pengulang teks adalah tool online sederhana yang memungkinkan Anda mengulang teks sebanyak yang Anda inginkan. Anda kemudian dapat menyalin dan menempelkan teks berulang Anda di mana pun Anda inginkan, termasuk What', 61, NULL, 'sasaran pokok Penjelasan Pokok visi Pengulang teks adalah tool online sederhana yang memungkinkan Anda mengulang teks sebanyak yang Anda inginkan. Anda kemudian dapat menyalin dan menempelkan teks berulang Anda di mana pun Anda inginkan, termasuk What', 'rancangan', '2025-09-08 15:23:45'),
(106, 'admin_sinergi', 'Administrator Sinergi', 'delete', 78, 'sasaran pokok  Pengulang teks adalah tool online sederhana yang memungkinkan Anda mengulang teks sebanyak yang Anda inginkan. Anda kemudian dapat menyalin dan menempelkan teks berulang Anda di mana pun Anda inginkan, termasuk What', NULL, 61, NULL, NULL, 'rancangan', '2025-09-12 23:23:35'),
(107, 'admin_sinergi', 'Administrator Sinergi', 'restore', 78, 'sasaran pokok  Pengulang teks adalah tool online sederhana yang memungkinkan Anda mengulang teks sebanyak yang Anda inginkan. Anda kemudian dapat menyalin dan menempelkan teks berulang Anda di mana pun Anda inginkan, termasuk What', NULL, 61, NULL, NULL, 'rancangan', '2025-09-13 00:22:49'),
(108, 'admin_sinergi', 'Administrator Sinergi', 'create', 78, NULL, 'sasaran pokok  Pengulang teks adalah tool online sederhana yang memungkinkan Anda mengulang teks sebanyak yang Anda inginkan. Anda kemudian dapat menyalin dan menempelkan teks berulang Anda di mana pun Anda inginkan, termasuk What', NULL, 66, NULL, 'Pindah ke Rancangan', '2025-09-15 11:30:46'),
(109, 'admin_sinergi', 'Administrator Sinergi', 'create', 78, NULL, 'sasaran pokok  Pengulang teks adalah tool online sederhana yang memungkinkan Anda mengulang teks sebanyak yang Anda inginkan. Anda kemudian dapat menyalin dan menempelkan teks berulang Anda di mana pun Anda inginkan, termasuk What', NULL, 78, NULL, 'Pindah ke Musrenbang', '2025-09-15 11:46:38'),
(110, 'admin_sinergi', 'Administrator Sinergi', 'create', 78, NULL, 'sasaran pokok  Pengulang teks adalah tool online sederhana yang memungkinkan Anda mengulang teks sebanyak yang Anda inginkan. Anda kemudian dapat menyalin dan menempelkan teks berulang Anda di mana pun Anda inginkan, termasuk What', NULL, 90, NULL, 'Pindah ke Final', '2025-09-15 12:53:40'),
(111, 'admin_sinergi', 'Administrator Sinergi', 'create', 79, NULL, 'Ujicoba sasaran pokok', NULL, 62, NULL, 'rancangan', '2025-08-28 10:53:37'),
(112, 'admin_sinergi', 'Administrator Sinergi', 'create', 79, NULL, 'Ujicoba sasaran pokok', NULL, 64, NULL, 'Pindah ke Rancangan', '2025-09-15 11:30:46'),
(113, 'admin_sinergi', 'Administrator Sinergi', 'create', 79, NULL, 'Ujicoba sasaran pokok', NULL, 67, NULL, 'Pindah ke Musrenbang', '2025-09-15 11:46:37'),
(114, 'admin_sinergi', 'Administrator Sinergi', 'create', 79, NULL, 'Ujicoba sasaran pokok', NULL, 79, NULL, 'Pindah ke Final', '2025-09-15 12:53:39'),
(115, 'admin_sinergi', 'Administrator Sinergi', 'create', 79, NULL, 'Ujicoba sasaran pokok', NULL, 91, NULL, 'Pindah ke Perubahan ke-1', '2025-09-22 00:20:21'),
(116, 'admin_sinergi', 'Administrator Sinergi', 'create', 80, NULL, 'Ujicoba sasaran pokok', NULL, 62, NULL, 'rancangan', '2025-08-28 10:53:37'),
(117, 'admin_sinergi', 'Administrator Sinergi', 'create', 80, NULL, 'Ujicoba sasaran pokok', NULL, 64, NULL, 'Pindah ke Rancangan', '2025-09-15 11:30:46'),
(118, 'admin_sinergi', 'Administrator Sinergi', 'create', 80, NULL, 'Ujicoba sasaran pokok', NULL, 69, NULL, 'Pindah ke Musrenbang', '2025-09-15 11:46:37'),
(119, 'admin_sinergi', 'Administrator Sinergi', 'create', 80, NULL, 'Ujicoba sasaran pokok', NULL, 81, NULL, 'Pindah ke Final', '2025-09-15 12:53:39'),
(120, 'admin_sinergi', 'Administrator Sinergi', 'create', 80, NULL, 'Ujicoba sasaran pokok', NULL, 93, NULL, 'Pindah ke Perubahan ke-1', '2025-09-22 00:20:21'),
(121, 'admin_sinergi', 'Administrator Sinergi', 'create', 81, NULL, 'Ujicoba sasaran pokok', NULL, 62, NULL, 'rancangan', '2025-08-28 10:53:37'),
(122, 'admin_sinergi', 'Administrator Sinergi', 'create', 81, NULL, 'Ujicoba sasaran pokok', NULL, 64, NULL, 'Pindah ke Rancangan', '2025-09-15 11:30:46'),
(123, 'admin_sinergi', 'Administrator Sinergi', 'create', 81, NULL, 'Ujicoba sasaran pokok', NULL, 71, NULL, 'Pindah ke Musrenbang', '2025-09-15 11:46:37'),
(124, 'admin_sinergi', 'Administrator Sinergi', 'create', 81, NULL, 'Ujicoba sasaran pokok', NULL, 83, NULL, 'Pindah ke Final', '2025-09-15 12:53:39'),
(125, 'admin_sinergi', 'Administrator Sinergi', 'create', 81, NULL, 'Ujicoba sasaran pokok', NULL, 95, NULL, 'Pindah ke Perubahan ke-1', '2025-09-22 00:20:22'),
(126, 'admin_sinergi', 'Administrator Sinergi', 'create', 82, NULL, 'Ujicoba sasaran pokok', NULL, 62, NULL, 'rancangan', '2025-08-28 10:53:37'),
(127, 'admin_sinergi', 'Administrator Sinergi', 'create', 82, NULL, 'Ujicoba sasaran pokok', NULL, 64, NULL, 'Pindah ke Rancangan', '2025-09-15 11:30:46'),
(128, 'admin_sinergi', 'Administrator Sinergi', 'create', 82, NULL, 'Ujicoba sasaran pokok', NULL, 73, NULL, 'Pindah ke Musrenbang', '2025-09-15 11:46:37'),
(129, 'admin_sinergi', 'Administrator Sinergi', 'create', 82, NULL, 'Ujicoba sasaran pokok', NULL, 85, NULL, 'Pindah ke Final', '2025-09-15 12:53:39'),
(130, 'admin_sinergi', 'Administrator Sinergi', 'create', 82, NULL, 'Ujicoba sasaran pokok', NULL, 97, NULL, 'Pindah ke Perubahan ke-1', '2025-09-22 00:20:22'),
(131, 'admin_sinergi', 'Administrator Sinergi', 'create', 83, NULL, 'Ujicoba sasaran pokok', NULL, 62, NULL, 'rancangan', '2025-08-28 10:53:37'),
(132, 'admin_sinergi', 'Administrator Sinergi', 'create', 83, NULL, 'Ujicoba sasaran pokok', NULL, 64, NULL, 'Pindah ke Rancangan', '2025-09-15 11:30:46'),
(133, 'admin_sinergi', 'Administrator Sinergi', 'create', 83, NULL, 'Ujicoba sasaran pokok', NULL, 76, NULL, 'Pindah ke Musrenbang', '2025-09-15 11:46:38'),
(134, 'admin_sinergi', 'Administrator Sinergi', 'create', 83, NULL, 'Ujicoba sasaran pokok', NULL, 87, NULL, 'Pindah ke Final', '2025-09-15 12:53:40'),
(135, 'admin_sinergi', 'Administrator Sinergi', 'create', 83, NULL, 'Ujicoba sasaran pokok', NULL, 99, NULL, 'Pindah ke Perubahan ke-1', '2025-09-22 00:20:22'),
(136, 'admin_sinergi', 'Administrator Sinergi', 'create', 84, NULL, 'uji bro', NULL, 59, NULL, 'rancangan_awal', '2025-08-24 22:05:07'),
(137, 'admin_sinergi', 'Administrator Sinergi', 'create', 84, NULL, 'uji bro', NULL, 61, NULL, 'Pindah ke Rancangan Awal', '2025-08-24 22:06:15'),
(138, 'admin_sinergi', 'Administrator Sinergi', 'delete', 84, 'uji bro', NULL, 61, NULL, NULL, 'rancangan', '2025-09-04 15:11:34'),
(139, 'admin_sinergi', 'Administrator Sinergi', 'restore', 84, 'uji bro', NULL, 61, NULL, NULL, 'rancangan', '2025-09-04 15:11:43'),
(140, 'admin_sinergi', 'Administrator Sinergi', 'update', 84, 'uji bro', 'misi Penjelasan Pokok visi Pengulang teks adalah tool online sederhana yang memungkinkan Anda mengulang teks sebanyak yang Anda inginkan. Anda kemudian dapat menyalin dan menempelkan teks berulang Anda di mana pun Anda inginkan, termasuk What', 61, NULL, NULL, 'rancangan', '2025-09-08 14:59:26'),
(141, 'admin_sinergi', 'Administrator Sinergi', 'delete', 84, 'misi Penjelasan Pokok visi Pengulang teks adalah tool online sederhana yang memungkinkan Anda mengulang teks sebanyak yang Anda inginkan. Anda kemudian dapat menyalin dan menempelkan teks berulang Anda di mana pun Anda inginkan, termasuk What', NULL, 61, NULL, NULL, 'rancangan', '2025-09-08 15:20:05'),
(142, 'admin_sinergi', 'Administrator Sinergi', 'restore', 84, 'misi Penjelasan Pokok visi Pengulang teks adalah tool online sederhana yang memungkinkan Anda mengulang teks sebanyak yang Anda inginkan. Anda kemudian dapat menyalin dan menempelkan teks berulang Anda di mana pun Anda inginkan, termasuk What', NULL, 61, NULL, NULL, 'rancangan', '2025-09-08 15:20:56'),
(143, 'admin_sinergi', 'Administrator Sinergi', 'update', 84, 'sasaran pokok Penjelasan Pokok visi Pengulang teks adalah tool online sederhana yang memungkinkan Anda mengulang teks sebanyak yang Anda inginkan. Anda kemudian dapat menyalin dan menempelkan teks berulang Anda di mana pun Anda inginkan, termasuk What', 'sasaran pokok  Pengulang teks adalah tool online sederhana yang memungkinkan Anda mengulang teks sebanyak yang Anda inginkan. Anda kemudian dapat menyalin dan menempelkan teks berulang Anda di mana pun Anda inginkan, termasuk What', 61, NULL, 'sasaran pokok Penjelasan Pokok visi Pengulang teks adalah tool online sederhana yang memungkinkan Anda mengulang teks sebanyak yang Anda inginkan. Anda kemudian dapat menyalin dan menempelkan teks berulang Anda di mana pun Anda inginkan, termasuk What', 'rancangan', '2025-09-08 15:23:45'),
(144, 'admin_sinergi', 'Administrator Sinergi', 'delete', 84, 'sasaran pokok  Pengulang teks adalah tool online sederhana yang memungkinkan Anda mengulang teks sebanyak yang Anda inginkan. Anda kemudian dapat menyalin dan menempelkan teks berulang Anda di mana pun Anda inginkan, termasuk What', NULL, 61, NULL, NULL, 'rancangan', '2025-09-12 23:23:35'),
(145, 'admin_sinergi', 'Administrator Sinergi', 'restore', 84, 'sasaran pokok  Pengulang teks adalah tool online sederhana yang memungkinkan Anda mengulang teks sebanyak yang Anda inginkan. Anda kemudian dapat menyalin dan menempelkan teks berulang Anda di mana pun Anda inginkan, termasuk What', NULL, 61, NULL, NULL, 'rancangan', '2025-09-13 00:22:49'),
(146, 'admin_sinergi', 'Administrator Sinergi', 'create', 84, NULL, 'sasaran pokok  Pengulang teks adalah tool online sederhana yang memungkinkan Anda mengulang teks sebanyak yang Anda inginkan. Anda kemudian dapat menyalin dan menempelkan teks berulang Anda di mana pun Anda inginkan, termasuk What', NULL, 66, NULL, 'Pindah ke Rancangan', '2025-09-15 11:30:46'),
(147, 'admin_sinergi', 'Administrator Sinergi', 'create', 84, NULL, 'sasaran pokok  Pengulang teks adalah tool online sederhana yang memungkinkan Anda mengulang teks sebanyak yang Anda inginkan. Anda kemudian dapat menyalin dan menempelkan teks berulang Anda di mana pun Anda inginkan, termasuk What', NULL, 75, NULL, 'Pindah ke Musrenbang', '2025-09-15 11:46:37'),
(148, 'admin_sinergi', 'Administrator Sinergi', 'create', 84, NULL, 'sasaran pokok  Pengulang teks adalah tool online sederhana yang memungkinkan Anda mengulang teks sebanyak yang Anda inginkan. Anda kemudian dapat menyalin dan menempelkan teks berulang Anda di mana pun Anda inginkan, termasuk What', NULL, 89, NULL, 'Pindah ke Final', '2025-09-15 12:53:40'),
(149, 'admin_sinergi', 'Administrator Sinergi', 'create', 84, NULL, 'sasaran pokok  Pengulang teks adalah tool online sederhana yang memungkinkan Anda mengulang teks sebanyak yang Anda inginkan. Anda kemudian dapat menyalin dan menempelkan teks berulang Anda di mana pun Anda inginkan, termasuk What', NULL, 101, NULL, 'Pindah ke Perubahan ke-1', '2025-09-22 00:20:22'),
(150, 'admin_sinergi', 'Administrator Sinergi', 'create', 85, NULL, 'uji bro', NULL, 59, NULL, 'rancangan_awal', '2025-08-24 22:05:07'),
(151, 'admin_sinergi', 'Administrator Sinergi', 'create', 85, NULL, 'uji bro', NULL, 61, NULL, 'Pindah ke Rancangan Awal', '2025-08-24 22:06:15'),
(152, 'admin_sinergi', 'Administrator Sinergi', 'delete', 85, 'uji bro', NULL, 61, NULL, NULL, 'rancangan', '2025-09-04 15:11:34'),
(153, 'admin_sinergi', 'Administrator Sinergi', 'restore', 85, 'uji bro', NULL, 61, NULL, NULL, 'rancangan', '2025-09-04 15:11:43'),
(154, 'admin_sinergi', 'Administrator Sinergi', 'update', 85, 'uji bro', 'misi Penjelasan Pokok visi Pengulang teks adalah tool online sederhana yang memungkinkan Anda mengulang teks sebanyak yang Anda inginkan. Anda kemudian dapat menyalin dan menempelkan teks berulang Anda di mana pun Anda inginkan, termasuk What', 61, NULL, NULL, 'rancangan', '2025-09-08 14:59:26'),
(155, 'admin_sinergi', 'Administrator Sinergi', 'delete', 85, 'misi Penjelasan Pokok visi Pengulang teks adalah tool online sederhana yang memungkinkan Anda mengulang teks sebanyak yang Anda inginkan. Anda kemudian dapat menyalin dan menempelkan teks berulang Anda di mana pun Anda inginkan, termasuk What', NULL, 61, NULL, NULL, 'rancangan', '2025-09-08 15:20:05'),
(156, 'admin_sinergi', 'Administrator Sinergi', 'restore', 85, 'misi Penjelasan Pokok visi Pengulang teks adalah tool online sederhana yang memungkinkan Anda mengulang teks sebanyak yang Anda inginkan. Anda kemudian dapat menyalin dan menempelkan teks berulang Anda di mana pun Anda inginkan, termasuk What', NULL, 61, NULL, NULL, 'rancangan', '2025-09-08 15:20:56'),
(157, 'admin_sinergi', 'Administrator Sinergi', 'update', 85, 'sasaran pokok Penjelasan Pokok visi Pengulang teks adalah tool online sederhana yang memungkinkan Anda mengulang teks sebanyak yang Anda inginkan. Anda kemudian dapat menyalin dan menempelkan teks berulang Anda di mana pun Anda inginkan, termasuk What', 'sasaran pokok  Pengulang teks adalah tool online sederhana yang memungkinkan Anda mengulang teks sebanyak yang Anda inginkan. Anda kemudian dapat menyalin dan menempelkan teks berulang Anda di mana pun Anda inginkan, termasuk What', 61, NULL, 'sasaran pokok Penjelasan Pokok visi Pengulang teks adalah tool online sederhana yang memungkinkan Anda mengulang teks sebanyak yang Anda inginkan. Anda kemudian dapat menyalin dan menempelkan teks berulang Anda di mana pun Anda inginkan, termasuk What', 'rancangan', '2025-09-08 15:23:45'),
(158, 'admin_sinergi', 'Administrator Sinergi', 'delete', 85, 'sasaran pokok  Pengulang teks adalah tool online sederhana yang memungkinkan Anda mengulang teks sebanyak yang Anda inginkan. Anda kemudian dapat menyalin dan menempelkan teks berulang Anda di mana pun Anda inginkan, termasuk What', NULL, 61, NULL, NULL, 'rancangan', '2025-09-12 23:23:35'),
(159, 'admin_sinergi', 'Administrator Sinergi', 'restore', 85, 'sasaran pokok  Pengulang teks adalah tool online sederhana yang memungkinkan Anda mengulang teks sebanyak yang Anda inginkan. Anda kemudian dapat menyalin dan menempelkan teks berulang Anda di mana pun Anda inginkan, termasuk What', NULL, 61, NULL, NULL, 'rancangan', '2025-09-13 00:22:49'),
(160, 'admin_sinergi', 'Administrator Sinergi', 'create', 85, NULL, 'sasaran pokok  Pengulang teks adalah tool online sederhana yang memungkinkan Anda mengulang teks sebanyak yang Anda inginkan. Anda kemudian dapat menyalin dan menempelkan teks berulang Anda di mana pun Anda inginkan, termasuk What', NULL, 66, NULL, 'Pindah ke Rancangan', '2025-09-15 11:30:46'),
(161, 'admin_sinergi', 'Administrator Sinergi', 'create', 85, NULL, 'sasaran pokok  Pengulang teks adalah tool online sederhana yang memungkinkan Anda mengulang teks sebanyak yang Anda inginkan. Anda kemudian dapat menyalin dan menempelkan teks berulang Anda di mana pun Anda inginkan, termasuk What', NULL, 78, NULL, 'Pindah ke Musrenbang', '2025-09-15 11:46:38'),
(162, 'admin_sinergi', 'Administrator Sinergi', 'create', 85, NULL, 'sasaran pokok  Pengulang teks adalah tool online sederhana yang memungkinkan Anda mengulang teks sebanyak yang Anda inginkan. Anda kemudian dapat menyalin dan menempelkan teks berulang Anda di mana pun Anda inginkan, termasuk What', NULL, 90, NULL, 'Pindah ke Final', '2025-09-15 12:53:40'),
(163, 'admin_sinergi', 'Administrator Sinergi', 'create', 85, NULL, 'sasaran pokok  Pengulang teks adalah tool online sederhana yang memungkinkan Anda mengulang teks sebanyak yang Anda inginkan. Anda kemudian dapat menyalin dan menempelkan teks berulang Anda di mana pun Anda inginkan, termasuk What', NULL, 102, NULL, 'Pindah ke Perubahan ke-1', '2025-09-22 00:20:22');

-- --------------------------------------------------------

--
-- Table structure for table `history_sasaran_visi`
--

CREATE TABLE `history_sasaran_visi` (
  `id` bigint NOT NULL,
  `username` varchar(255) NOT NULL,
  `nama` varchar(255) NOT NULL,
  `aksi` varchar(20) NOT NULL,
  `record_id` bigint UNSIGNED NOT NULL,
  `uraian_sasaran_visi_old` text CHARACTER SET utf8mb4 COLLATE utf8mb4_0900_ai_ci,
  `uraian_sasaran_visi_new` text CHARACTER SET utf8mb4 COLLATE utf8mb4_0900_ai_ci,
  `id_visi` bigint NOT NULL,
  `catatan` text,
  `tahapan` varchar(255) NOT NULL,
  `created_at` datetime NOT NULL
) ENGINE=InnoDB DEFAULT CHARSET=utf8mb4 COLLATE=utf8mb4_0900_ai_ci;

--
-- Dumping data for table `history_sasaran_visi`
--

INSERT INTO `history_sasaran_visi` (`id`, `username`, `nama`, `aksi`, `record_id`, `uraian_sasaran_visi_old`, `uraian_sasaran_visi_new`, `id_visi`, `catatan`, `tahapan`, `created_at`) VALUES
(1, 'admin_sinergi', 'Administrator Sinergi', 'create', 73, '', 'ujicoba sasaran visi', 51, NULL, 'rancangan_awal', '2025-08-24 21:43:58'),
(2, 'admin_sinergi', 'Administrator Sinergi', 'create', 74, '', 'ujicoba sasaran visi', 51, NULL, 'rancangan_awal', '2025-08-24 21:43:58'),
(3, 'admin_sinergi', 'Administrator Sinergi', 'create', 74, '', 'ujicoba sasaran visi', 52, NULL, 'Pindah ke Rancangan', '2025-08-24 22:06:15'),
(4, 'admin_sinergi', 'Administrator Sinergi', 'delete', 74, 'ujicoba sasaran visi', '', 52, NULL, 'rancangan', '2025-09-04 01:09:12'),
(5, 'admin_sinergi', 'Administrator Sinergi', 'restore', 74, 'ujicoba sasaran visi', '', 52, NULL, 'rancangan', '2025-09-04 01:09:21'),
(6, 'admin_sinergi', 'Administrator Sinergi', 'update', 74, 'ujicoba sasaran visi', 'ujicoba sasaran visi 2', 52, NULL, 'rancangan', '2025-09-04 01:09:33'),
(7, 'admin_sinergi', 'Administrator Sinergi', 'create', 75, '', 'Ujicoba tambah sasaran visi', 52, NULL, 'rancangan', '2025-09-04 01:09:50'),
(8, 'admin_sinergi', 'Administrator Sinergi', 'delete', 75, 'Ujicoba tambah sasaran visi', '', 52, NULL, 'rancangan', '2025-09-06 17:26:41'),
(9, 'admin_sinergi', 'Administrator Sinergi', 'restore', 75, 'Ujicoba tambah sasaran visi', '', 52, NULL, 'rancangan', '2025-09-06 17:51:51'),
(10, 'admin_sinergi', 'Administrator Sinergi', 'update', 75, 'Ujicoba tambah sasaran visi', 'Pengulang teks adalah tool online sederhana yang memungkinkan Anda mengulang teks sebanyak yang Anda inginkan. Anda kemudian dapat menyalin dan menempelkan teks berulang Anda di mana pun Anda inginkan, termasuk WhatsApp, Messenger, SMS, Telegram, atau med', 52, NULL, 'rancangan', '2025-09-06 17:52:15'),
(11, 'admin_sinergi', 'Administrator Sinergi', 'delete', 75, 'Pengulang teks adalah tool online sederhana yang memungkinkan Anda mengulang teks sebanyak yang Anda inginkan. Anda kemudian dapat menyalin dan menempelkan teks berulang Anda di mana pun Anda inginkan, termasuk WhatsApp, Messenger, SMS, Telegram, atau med', '', 52, NULL, 'rancangan', '2025-09-06 18:15:31'),
(12, 'admin_sinergi', 'Administrator Sinergi', 'restore', 75, 'Pengulang teks adalah tool online sederhana yang memungkinkan Anda mengulang teks sebanyak yang Anda inginkan. Anda kemudian dapat menyalin dan menempelkan teks berulang Anda di mana pun Anda inginkan, termasuk WhatsApp, Messenger, SMS, Telegram, atau med', '', 52, NULL, 'rancangan', '2025-09-06 18:15:56'),
(13, 'admin_sinergi', 'Administrator Sinergi', 'update', 75, 'Pengulang teks adalah tool online sederhana yang memungkinkan Anda mengulang teks sebanyak yang Anda inginkan. Anda kemudian dapat menyalin dan menempelkan teks berulang Anda di mana pun Anda inginkan, termasuk WhatsApp, Messenger, SMS, Telegram, atau med', 'Edit Pengulang teks adalah tool online sederhana yang memungkinkan Anda mengulang teks sebanyak yang Anda inginkan. Anda kemudian dapat menyalin dan menempelkan teks berulang Anda di mana pun Anda inginkan, termasuk WhatsApp, Messenger, SMS.', 52, NULL, 'rancangan', '2025-09-06 22:33:13'),
(14, 'admin_sinergi', 'Administrator Sinergi', 'update', 75, 'Edit Pengulang teks adalah tool online sederhana yang memungkinkan Anda mengulang teks sebanyak yang Anda inginkan. Anda kemudian dapat menyalin dan menempelkan teks berulang Anda di mana pun Anda inginkan, termasuk WhatsApp, Messenger, SMS.', 'Edit Pengulang teks adalah tool online sederhana yang memungkinkan Anda mengulang teks sebanyak yang Anda inginkan. Anda kemudian dapat menyalin dan menempelkan teks berulang Anda di mana pun Anda inginkan, termasuk WhatsApp, Messenger, SMS dan lain .', 52, 'Penambahan dan lain lain', 'rancangan', '2025-09-06 22:34:27'),
(15, 'admin_sinergi', 'Administrator Sinergi', 'update', 75, 'Edit Pengulang teks adalah tool online sederhana yang memungkinkan Anda mengulang teks sebanyak yang Anda inginkan. Anda kemudian dapat menyalin dan menempelkan teks berulang Anda di mana pun Anda inginkan, termasuk WhatsApp, Messenger, SMS dan lain .', 'Edit teks adalah tool online sederhana yang memungkinkan Anda mengulang teks sebanyak yang Anda inginkan. Anda kemudian dapat menyalin dan menempelkan teks berulang Anda di mana pun Anda inginkan, termasuk WhatsApp, Messenger, SMS dan lain .', 52, 'Pengulang teks adalah tool online sederhana yang memungkinkan Anda mengulang teks sebanyak yang Anda inginkan. Anda kemudian dapat menyalin dan menempelkan teks berulang Anda di mana pun Anda inginkan, termasuk WhatsApp, Messenger, SMS, Telegram', 'rancangan', '2025-09-06 22:46:29'),
(16, 'admin_sinergi', 'Administrator Sinergi', 'delete', 75, 'Edit teks adalah tool online sederhana yang memungkinkan Anda mengulang teks sebanyak yang Anda inginkan. Anda kemudian dapat menyalin dan menempelkan teks berulang Anda di mana pun Anda inginkan, termasuk WhatsApp, Messenger, SMS dan lain .', NULL, 52, NULL, 'rancangan', '2025-09-06 22:52:00'),
(17, 'admin_sinergi', 'Administrator Sinergi', 'create', 76, '', 'ujicoba sasaran visi', 51, NULL, 'rancangan_awal', '2025-08-24 21:43:58'),
(18, 'admin_sinergi', 'Administrator Sinergi', 'create', 76, '', 'ujicoba sasaran visi', 52, NULL, 'Pindah ke Rancangan', '2025-08-24 22:06:15'),
(19, 'admin_sinergi', 'Administrator Sinergi', 'delete', 76, 'ujicoba sasaran visi', '', 52, NULL, 'rancangan', '2025-09-04 01:09:12'),
(20, 'admin_sinergi', 'Administrator Sinergi', 'restore', 76, 'ujicoba sasaran visi', '', 52, NULL, 'rancangan', '2025-09-04 01:09:21'),
(21, 'admin_sinergi', 'Administrator Sinergi', 'update', 76, 'ujicoba sasaran visi', 'ujicoba sasaran visi 2', 52, NULL, 'rancangan', '2025-09-04 01:09:33'),
(22, 'admin_sinergi', 'Administrator Sinergi', 'create', 76, NULL, 'ujicoba sasaran visi 2', 53, NULL, 'Pindah ke Musrenbang', '2025-09-15 11:30:46'),
(23, 'admin_sinergi', 'Administrator Sinergi', 'create', 77, '', 'Ujicoba tambah sasaran visi', 52, NULL, 'rancangan', '2025-09-04 01:09:50'),
(24, 'admin_sinergi', 'Administrator Sinergi', 'delete', 77, 'Ujicoba tambah sasaran visi', '', 52, NULL, 'rancangan', '2025-09-06 17:26:41'),
(25, 'admin_sinergi', 'Administrator Sinergi', 'restore', 77, 'Ujicoba tambah sasaran visi', '', 52, NULL, 'rancangan', '2025-09-06 17:51:51'),
(26, 'admin_sinergi', 'Administrator Sinergi', 'update', 77, 'Ujicoba tambah sasaran visi', 'Pengulang teks adalah tool online sederhana yang memungkinkan Anda mengulang teks sebanyak yang Anda inginkan. Anda kemudian dapat menyalin dan menempelkan teks berulang Anda di mana pun Anda inginkan, termasuk WhatsApp, Messenger, SMS, Telegram, atau med', 52, NULL, 'rancangan', '2025-09-06 17:52:15'),
(27, 'admin_sinergi', 'Administrator Sinergi', 'delete', 77, 'Pengulang teks adalah tool online sederhana yang memungkinkan Anda mengulang teks sebanyak yang Anda inginkan. Anda kemudian dapat menyalin dan menempelkan teks berulang Anda di mana pun Anda inginkan, termasuk WhatsApp, Messenger, SMS, Telegram, atau med', '', 52, NULL, 'rancangan', '2025-09-06 18:15:31'),
(28, 'admin_sinergi', 'Administrator Sinergi', 'restore', 77, 'Pengulang teks adalah tool online sederhana yang memungkinkan Anda mengulang teks sebanyak yang Anda inginkan. Anda kemudian dapat menyalin dan menempelkan teks berulang Anda di mana pun Anda inginkan, termasuk WhatsApp, Messenger, SMS, Telegram, atau med', '', 52, NULL, 'rancangan', '2025-09-06 18:15:56'),
(29, 'admin_sinergi', 'Administrator Sinergi', 'update', 77, 'Pengulang teks adalah tool online sederhana yang memungkinkan Anda mengulang teks sebanyak yang Anda inginkan. Anda kemudian dapat menyalin dan menempelkan teks berulang Anda di mana pun Anda inginkan, termasuk WhatsApp, Messenger, SMS, Telegram, atau med', 'Edit Pengulang teks adalah tool online sederhana yang memungkinkan Anda mengulang teks sebanyak yang Anda inginkan. Anda kemudian dapat menyalin dan menempelkan teks berulang Anda di mana pun Anda inginkan, termasuk WhatsApp, Messenger, SMS.', 52, NULL, 'rancangan', '2025-09-06 22:33:13'),
(30, 'admin_sinergi', 'Administrator Sinergi', 'update', 77, 'Edit Pengulang teks adalah tool online sederhana yang memungkinkan Anda mengulang teks sebanyak yang Anda inginkan. Anda kemudian dapat menyalin dan menempelkan teks berulang Anda di mana pun Anda inginkan, termasuk WhatsApp, Messenger, SMS.', 'Edit Pengulang teks adalah tool online sederhana yang memungkinkan Anda mengulang teks sebanyak yang Anda inginkan. Anda kemudian dapat menyalin dan menempelkan teks berulang Anda di mana pun Anda inginkan, termasuk WhatsApp, Messenger, SMS dan lain .', 52, 'Penambahan dan lain lain', 'rancangan', '2025-09-06 22:34:27'),
(31, 'admin_sinergi', 'Administrator Sinergi', 'update', 77, 'Edit Pengulang teks adalah tool online sederhana yang memungkinkan Anda mengulang teks sebanyak yang Anda inginkan. Anda kemudian dapat menyalin dan menempelkan teks berulang Anda di mana pun Anda inginkan, termasuk WhatsApp, Messenger, SMS dan lain .', 'Edit teks adalah tool online sederhana yang memungkinkan Anda mengulang teks sebanyak yang Anda inginkan. Anda kemudian dapat menyalin dan menempelkan teks berulang Anda di mana pun Anda inginkan, termasuk WhatsApp, Messenger, SMS dan lain .', 52, 'Pengulang teks adalah tool online sederhana yang memungkinkan Anda mengulang teks sebanyak yang Anda inginkan. Anda kemudian dapat menyalin dan menempelkan teks berulang Anda di mana pun Anda inginkan, termasuk WhatsApp, Messenger, SMS, Telegram', 'rancangan', '2025-09-06 22:46:29'),
(32, 'admin_sinergi', 'Administrator Sinergi', 'delete', 77, 'Edit teks adalah tool online sederhana yang memungkinkan Anda mengulang teks sebanyak yang Anda inginkan. Anda kemudian dapat menyalin dan menempelkan teks berulang Anda di mana pun Anda inginkan, termasuk WhatsApp, Messenger, SMS dan lain .', NULL, 52, NULL, 'rancangan', '2025-09-06 22:52:00'),
(33, 'admin_sinergi', 'Administrator Sinergi', 'create', 77, NULL, 'Edit teks adalah tool online sederhana yang memungkinkan Anda mengulang teks sebanyak yang Anda inginkan. Anda kemudian dapat menyalin dan menempelkan teks berulang Anda di mana pun Anda inginkan, termasuk WhatsApp, Messenger, SMS dan lain .', 53, NULL, 'Pindah ke Musrenbang', '2025-09-15 11:30:46'),
(34, 'admin_sinergi', 'Administrator Sinergi', 'create', 78, '', 'ujicoba sasaran visi', 51, NULL, 'rancangan_awal', '2025-08-24 21:43:58'),
(35, 'admin_sinergi', 'Administrator Sinergi', 'create', 78, '', 'ujicoba sasaran visi', 52, NULL, 'Pindah ke Rancangan', '2025-08-24 22:06:15'),
(36, 'admin_sinergi', 'Administrator Sinergi', 'delete', 78, 'ujicoba sasaran visi', '', 52, NULL, 'rancangan', '2025-09-04 01:09:12'),
(37, 'admin_sinergi', 'Administrator Sinergi', 'restore', 78, 'ujicoba sasaran visi', '', 52, NULL, 'rancangan', '2025-09-04 01:09:21'),
(38, 'admin_sinergi', 'Administrator Sinergi', 'update', 78, 'ujicoba sasaran visi', 'ujicoba sasaran visi 2', 52, NULL, 'rancangan', '2025-09-04 01:09:33'),
(39, 'admin_sinergi', 'Administrator Sinergi', 'create', 78, NULL, 'ujicoba sasaran visi 2', 53, NULL, 'Pindah ke Musrenbang', '2025-09-15 11:30:46'),
(40, 'admin_sinergi', 'Administrator Sinergi', 'create', 78, NULL, 'ujicoba sasaran visi 2', 54, NULL, 'Pindah ke Rancangan Akhir', '2025-09-15 11:46:37'),
(41, 'admin_sinergi', 'Administrator Sinergi', 'create', 79, '', 'Ujicoba tambah sasaran visi', 52, NULL, 'rancangan', '2025-09-04 01:09:50'),
(42, 'admin_sinergi', 'Administrator Sinergi', 'delete', 79, 'Ujicoba tambah sasaran visi', '', 52, NULL, 'rancangan', '2025-09-06 17:26:41'),
(43, 'admin_sinergi', 'Administrator Sinergi', 'restore', 79, 'Ujicoba tambah sasaran visi', '', 52, NULL, 'rancangan', '2025-09-06 17:51:51'),
(44, 'admin_sinergi', 'Administrator Sinergi', 'update', 79, 'Ujicoba tambah sasaran visi', 'Pengulang teks adalah tool online sederhana yang memungkinkan Anda mengulang teks sebanyak yang Anda inginkan. Anda kemudian dapat menyalin dan menempelkan teks berulang Anda di mana pun Anda inginkan, termasuk WhatsApp, Messenger, SMS, Telegram, atau med', 52, NULL, 'rancangan', '2025-09-06 17:52:15'),
(45, 'admin_sinergi', 'Administrator Sinergi', 'delete', 79, 'Pengulang teks adalah tool online sederhana yang memungkinkan Anda mengulang teks sebanyak yang Anda inginkan. Anda kemudian dapat menyalin dan menempelkan teks berulang Anda di mana pun Anda inginkan, termasuk WhatsApp, Messenger, SMS, Telegram, atau med', '', 52, NULL, 'rancangan', '2025-09-06 18:15:31'),
(46, 'admin_sinergi', 'Administrator Sinergi', 'restore', 79, 'Pengulang teks adalah tool online sederhana yang memungkinkan Anda mengulang teks sebanyak yang Anda inginkan. Anda kemudian dapat menyalin dan menempelkan teks berulang Anda di mana pun Anda inginkan, termasuk WhatsApp, Messenger, SMS, Telegram, atau med', '', 52, NULL, 'rancangan', '2025-09-06 18:15:56'),
(47, 'admin_sinergi', 'Administrator Sinergi', 'update', 79, 'Pengulang teks adalah tool online sederhana yang memungkinkan Anda mengulang teks sebanyak yang Anda inginkan. Anda kemudian dapat menyalin dan menempelkan teks berulang Anda di mana pun Anda inginkan, termasuk WhatsApp, Messenger, SMS, Telegram, atau med', 'Edit Pengulang teks adalah tool online sederhana yang memungkinkan Anda mengulang teks sebanyak yang Anda inginkan. Anda kemudian dapat menyalin dan menempelkan teks berulang Anda di mana pun Anda inginkan, termasuk WhatsApp, Messenger, SMS.', 52, NULL, 'rancangan', '2025-09-06 22:33:13'),
(48, 'admin_sinergi', 'Administrator Sinergi', 'update', 79, 'Edit Pengulang teks adalah tool online sederhana yang memungkinkan Anda mengulang teks sebanyak yang Anda inginkan. Anda kemudian dapat menyalin dan menempelkan teks berulang Anda di mana pun Anda inginkan, termasuk WhatsApp, Messenger, SMS.', 'Edit Pengulang teks adalah tool online sederhana yang memungkinkan Anda mengulang teks sebanyak yang Anda inginkan. Anda kemudian dapat menyalin dan menempelkan teks berulang Anda di mana pun Anda inginkan, termasuk WhatsApp, Messenger, SMS dan lain .', 52, 'Penambahan dan lain lain', 'rancangan', '2025-09-06 22:34:27'),
(49, 'admin_sinergi', 'Administrator Sinergi', 'update', 79, 'Edit Pengulang teks adalah tool online sederhana yang memungkinkan Anda mengulang teks sebanyak yang Anda inginkan. Anda kemudian dapat menyalin dan menempelkan teks berulang Anda di mana pun Anda inginkan, termasuk WhatsApp, Messenger, SMS dan lain .', 'Edit teks adalah tool online sederhana yang memungkinkan Anda mengulang teks sebanyak yang Anda inginkan. Anda kemudian dapat menyalin dan menempelkan teks berulang Anda di mana pun Anda inginkan, termasuk WhatsApp, Messenger, SMS dan lain .', 52, 'Pengulang teks adalah tool online sederhana yang memungkinkan Anda mengulang teks sebanyak yang Anda inginkan. Anda kemudian dapat menyalin dan menempelkan teks berulang Anda di mana pun Anda inginkan, termasuk WhatsApp, Messenger, SMS, Telegram', 'rancangan', '2025-09-06 22:46:29'),
(50, 'admin_sinergi', 'Administrator Sinergi', 'delete', 79, 'Edit teks adalah tool online sederhana yang memungkinkan Anda mengulang teks sebanyak yang Anda inginkan. Anda kemudian dapat menyalin dan menempelkan teks berulang Anda di mana pun Anda inginkan, termasuk WhatsApp, Messenger, SMS dan lain .', NULL, 52, NULL, 'rancangan', '2025-09-06 22:52:00'),
(51, 'admin_sinergi', 'Administrator Sinergi', 'create', 79, NULL, 'Edit teks adalah tool online sederhana yang memungkinkan Anda mengulang teks sebanyak yang Anda inginkan. Anda kemudian dapat menyalin dan menempelkan teks berulang Anda di mana pun Anda inginkan, termasuk WhatsApp, Messenger, SMS dan lain .', 53, NULL, 'Pindah ke Musrenbang', '2025-09-15 11:30:46'),
(52, 'admin_sinergi', 'Administrator Sinergi', 'create', 79, NULL, 'Edit teks adalah tool online sederhana yang memungkinkan Anda mengulang teks sebanyak yang Anda inginkan. Anda kemudian dapat menyalin dan menempelkan teks berulang Anda di mana pun Anda inginkan, termasuk WhatsApp, Messenger, SMS dan lain .', 54, NULL, 'Pindah ke Rancangan Akhir', '2025-09-15 11:46:38'),
(53, 'admin_sinergi', 'Administrator Sinergi', 'create', 80, '', 'ujicoba sasaran visi', 51, NULL, 'rancangan_awal', '2025-08-24 21:43:58'),
(54, 'admin_sinergi', 'Administrator Sinergi', 'create', 80, '', 'ujicoba sasaran visi', 52, NULL, 'Pindah ke Rancangan', '2025-08-24 22:06:15'),
(55, 'admin_sinergi', 'Administrator Sinergi', 'delete', 80, 'ujicoba sasaran visi', '', 52, NULL, 'rancangan', '2025-09-04 01:09:12'),
(56, 'admin_sinergi', 'Administrator Sinergi', 'restore', 80, 'ujicoba sasaran visi', '', 52, NULL, 'rancangan', '2025-09-04 01:09:21'),
(57, 'admin_sinergi', 'Administrator Sinergi', 'update', 80, 'ujicoba sasaran visi', 'ujicoba sasaran visi 2', 52, NULL, 'rancangan', '2025-09-04 01:09:33'),
(58, 'admin_sinergi', 'Administrator Sinergi', 'create', 80, NULL, 'ujicoba sasaran visi 2', 53, NULL, 'Pindah ke Musrenbang', '2025-09-15 11:30:46'),
(59, 'admin_sinergi', 'Administrator Sinergi', 'create', 80, NULL, 'ujicoba sasaran visi 2', 54, NULL, 'Pindah ke Rancangan Akhir', '2025-09-15 11:46:37'),
(60, 'admin_sinergi', 'Administrator Sinergi', 'create', 80, NULL, 'ujicoba sasaran visi 2', 55, NULL, 'Pindah ke Final', '2025-09-15 12:53:39'),
(61, 'admin_sinergi', 'Administrator Sinergi', 'create', 81, '', 'Ujicoba tambah sasaran visi', 52, NULL, 'rancangan', '2025-09-04 01:09:50'),
(62, 'admin_sinergi', 'Administrator Sinergi', 'delete', 81, 'Ujicoba tambah sasaran visi', '', 52, NULL, 'rancangan', '2025-09-06 17:26:41'),
(63, 'admin_sinergi', 'Administrator Sinergi', 'restore', 81, 'Ujicoba tambah sasaran visi', '', 52, NULL, 'rancangan', '2025-09-06 17:51:51'),
(64, 'admin_sinergi', 'Administrator Sinergi', 'update', 81, 'Ujicoba tambah sasaran visi', 'Pengulang teks adalah tool online sederhana yang memungkinkan Anda mengulang teks sebanyak yang Anda inginkan. Anda kemudian dapat menyalin dan menempelkan teks berulang Anda di mana pun Anda inginkan, termasuk WhatsApp, Messenger, SMS, Telegram, atau med', 52, NULL, 'rancangan', '2025-09-06 17:52:15'),
(65, 'admin_sinergi', 'Administrator Sinergi', 'delete', 81, 'Pengulang teks adalah tool online sederhana yang memungkinkan Anda mengulang teks sebanyak yang Anda inginkan. Anda kemudian dapat menyalin dan menempelkan teks berulang Anda di mana pun Anda inginkan, termasuk WhatsApp, Messenger, SMS, Telegram, atau med', '', 52, NULL, 'rancangan', '2025-09-06 18:15:31'),
(66, 'admin_sinergi', 'Administrator Sinergi', 'restore', 81, 'Pengulang teks adalah tool online sederhana yang memungkinkan Anda mengulang teks sebanyak yang Anda inginkan. Anda kemudian dapat menyalin dan menempelkan teks berulang Anda di mana pun Anda inginkan, termasuk WhatsApp, Messenger, SMS, Telegram, atau med', '', 52, NULL, 'rancangan', '2025-09-06 18:15:56'),
(67, 'admin_sinergi', 'Administrator Sinergi', 'update', 81, 'Pengulang teks adalah tool online sederhana yang memungkinkan Anda mengulang teks sebanyak yang Anda inginkan. Anda kemudian dapat menyalin dan menempelkan teks berulang Anda di mana pun Anda inginkan, termasuk WhatsApp, Messenger, SMS, Telegram, atau med', 'Edit Pengulang teks adalah tool online sederhana yang memungkinkan Anda mengulang teks sebanyak yang Anda inginkan. Anda kemudian dapat menyalin dan menempelkan teks berulang Anda di mana pun Anda inginkan, termasuk WhatsApp, Messenger, SMS.', 52, NULL, 'rancangan', '2025-09-06 22:33:13'),
(68, 'admin_sinergi', 'Administrator Sinergi', 'update', 81, 'Edit Pengulang teks adalah tool online sederhana yang memungkinkan Anda mengulang teks sebanyak yang Anda inginkan. Anda kemudian dapat menyalin dan menempelkan teks berulang Anda di mana pun Anda inginkan, termasuk WhatsApp, Messenger, SMS.', 'Edit Pengulang teks adalah tool online sederhana yang memungkinkan Anda mengulang teks sebanyak yang Anda inginkan. Anda kemudian dapat menyalin dan menempelkan teks berulang Anda di mana pun Anda inginkan, termasuk WhatsApp, Messenger, SMS dan lain .', 52, 'Penambahan dan lain lain', 'rancangan', '2025-09-06 22:34:27'),
(69, 'admin_sinergi', 'Administrator Sinergi', 'update', 81, 'Edit Pengulang teks adalah tool online sederhana yang memungkinkan Anda mengulang teks sebanyak yang Anda inginkan. Anda kemudian dapat menyalin dan menempelkan teks berulang Anda di mana pun Anda inginkan, termasuk WhatsApp, Messenger, SMS dan lain .', 'Edit teks adalah tool online sederhana yang memungkinkan Anda mengulang teks sebanyak yang Anda inginkan. Anda kemudian dapat menyalin dan menempelkan teks berulang Anda di mana pun Anda inginkan, termasuk WhatsApp, Messenger, SMS dan lain .', 52, 'Pengulang teks adalah tool online sederhana yang memungkinkan Anda mengulang teks sebanyak yang Anda inginkan. Anda kemudian dapat menyalin dan menempelkan teks berulang Anda di mana pun Anda inginkan, termasuk WhatsApp, Messenger, SMS, Telegram', 'rancangan', '2025-09-06 22:46:29'),
(70, 'admin_sinergi', 'Administrator Sinergi', 'delete', 81, 'Edit teks adalah tool online sederhana yang memungkinkan Anda mengulang teks sebanyak yang Anda inginkan. Anda kemudian dapat menyalin dan menempelkan teks berulang Anda di mana pun Anda inginkan, termasuk WhatsApp, Messenger, SMS dan lain .', NULL, 52, NULL, 'rancangan', '2025-09-06 22:52:00'),
(71, 'admin_sinergi', 'Administrator Sinergi', 'create', 81, NULL, 'Edit teks adalah tool online sederhana yang memungkinkan Anda mengulang teks sebanyak yang Anda inginkan. Anda kemudian dapat menyalin dan menempelkan teks berulang Anda di mana pun Anda inginkan, termasuk WhatsApp, Messenger, SMS dan lain .', 53, NULL, 'Pindah ke Musrenbang', '2025-09-15 11:30:46'),
(72, 'admin_sinergi', 'Administrator Sinergi', 'create', 81, NULL, 'Edit teks adalah tool online sederhana yang memungkinkan Anda mengulang teks sebanyak yang Anda inginkan. Anda kemudian dapat menyalin dan menempelkan teks berulang Anda di mana pun Anda inginkan, termasuk WhatsApp, Messenger, SMS dan lain .', 54, NULL, 'Pindah ke Rancangan Akhir', '2025-09-15 11:46:38'),
(73, 'admin_sinergi', 'Administrator Sinergi', 'create', 81, NULL, 'Edit teks adalah tool online sederhana yang memungkinkan Anda mengulang teks sebanyak yang Anda inginkan. Anda kemudian dapat menyalin dan menempelkan teks berulang Anda di mana pun Anda inginkan, termasuk WhatsApp, Messenger, SMS dan lain .', 55, NULL, 'Pindah ke Final', '2025-09-15 12:53:39'),
(74, 'admin_sinergi', 'Administrator Sinergi', 'create', 82, '', 'ujicoba sasaran visi', 51, NULL, 'rancangan_awal', '2025-08-24 21:43:58'),
(75, 'admin_sinergi', 'Administrator Sinergi', 'create', 82, '', 'ujicoba sasaran visi', 52, NULL, 'Pindah ke Rancangan', '2025-08-24 22:06:15'),
(76, 'admin_sinergi', 'Administrator Sinergi', 'delete', 82, 'ujicoba sasaran visi', '', 52, NULL, 'rancangan', '2025-09-04 01:09:12'),
(77, 'admin_sinergi', 'Administrator Sinergi', 'restore', 82, 'ujicoba sasaran visi', '', 52, NULL, 'rancangan', '2025-09-04 01:09:21'),
(78, 'admin_sinergi', 'Administrator Sinergi', 'update', 82, 'ujicoba sasaran visi', 'ujicoba sasaran visi 2', 52, NULL, 'rancangan', '2025-09-04 01:09:33'),
(79, 'admin_sinergi', 'Administrator Sinergi', 'create', 82, NULL, 'ujicoba sasaran visi 2', 53, NULL, 'Pindah ke Musrenbang', '2025-09-15 11:30:46'),
(80, 'admin_sinergi', 'Administrator Sinergi', 'create', 82, NULL, 'ujicoba sasaran visi 2', 54, NULL, 'Pindah ke Rancangan Akhir', '2025-09-15 11:46:37'),
(81, 'admin_sinergi', 'Administrator Sinergi', 'create', 82, NULL, 'ujicoba sasaran visi 2', 55, NULL, 'Pindah ke Final', '2025-09-15 12:53:39'),
(82, 'admin_sinergi', 'Administrator Sinergi', 'create', 82, NULL, 'ujicoba sasaran visi 2', 56, NULL, 'Pindah ke Perubahan ke-1', '2025-09-22 00:20:21'),
(83, 'admin_sinergi', 'Administrator Sinergi', 'create', 83, '', 'Ujicoba tambah sasaran visi', 52, NULL, 'rancangan', '2025-09-04 01:09:50'),
(84, 'admin_sinergi', 'Administrator Sinergi', 'delete', 83, 'Ujicoba tambah sasaran visi', '', 52, NULL, 'rancangan', '2025-09-06 17:26:41'),
(85, 'admin_sinergi', 'Administrator Sinergi', 'restore', 83, 'Ujicoba tambah sasaran visi', '', 52, NULL, 'rancangan', '2025-09-06 17:51:51'),
(86, 'admin_sinergi', 'Administrator Sinergi', 'update', 83, 'Ujicoba tambah sasaran visi', 'Pengulang teks adalah tool online sederhana yang memungkinkan Anda mengulang teks sebanyak yang Anda inginkan. Anda kemudian dapat menyalin dan menempelkan teks berulang Anda di mana pun Anda inginkan, termasuk WhatsApp, Messenger, SMS, Telegram, atau med', 52, NULL, 'rancangan', '2025-09-06 17:52:15'),
(87, 'admin_sinergi', 'Administrator Sinergi', 'delete', 83, 'Pengulang teks adalah tool online sederhana yang memungkinkan Anda mengulang teks sebanyak yang Anda inginkan. Anda kemudian dapat menyalin dan menempelkan teks berulang Anda di mana pun Anda inginkan, termasuk WhatsApp, Messenger, SMS, Telegram, atau med', '', 52, NULL, 'rancangan', '2025-09-06 18:15:31'),
(88, 'admin_sinergi', 'Administrator Sinergi', 'restore', 83, 'Pengulang teks adalah tool online sederhana yang memungkinkan Anda mengulang teks sebanyak yang Anda inginkan. Anda kemudian dapat menyalin dan menempelkan teks berulang Anda di mana pun Anda inginkan, termasuk WhatsApp, Messenger, SMS, Telegram, atau med', '', 52, NULL, 'rancangan', '2025-09-06 18:15:56'),
(89, 'admin_sinergi', 'Administrator Sinergi', 'update', 83, 'Pengulang teks adalah tool online sederhana yang memungkinkan Anda mengulang teks sebanyak yang Anda inginkan. Anda kemudian dapat menyalin dan menempelkan teks berulang Anda di mana pun Anda inginkan, termasuk WhatsApp, Messenger, SMS, Telegram, atau med', 'Edit Pengulang teks adalah tool online sederhana yang memungkinkan Anda mengulang teks sebanyak yang Anda inginkan. Anda kemudian dapat menyalin dan menempelkan teks berulang Anda di mana pun Anda inginkan, termasuk WhatsApp, Messenger, SMS.', 52, NULL, 'rancangan', '2025-09-06 22:33:13'),
(90, 'admin_sinergi', 'Administrator Sinergi', 'update', 83, 'Edit Pengulang teks adalah tool online sederhana yang memungkinkan Anda mengulang teks sebanyak yang Anda inginkan. Anda kemudian dapat menyalin dan menempelkan teks berulang Anda di mana pun Anda inginkan, termasuk WhatsApp, Messenger, SMS.', 'Edit Pengulang teks adalah tool online sederhana yang memungkinkan Anda mengulang teks sebanyak yang Anda inginkan. Anda kemudian dapat menyalin dan menempelkan teks berulang Anda di mana pun Anda inginkan, termasuk WhatsApp, Messenger, SMS dan lain .', 52, 'Penambahan dan lain lain', 'rancangan', '2025-09-06 22:34:27'),
(91, 'admin_sinergi', 'Administrator Sinergi', 'update', 83, 'Edit Pengulang teks adalah tool online sederhana yang memungkinkan Anda mengulang teks sebanyak yang Anda inginkan. Anda kemudian dapat menyalin dan menempelkan teks berulang Anda di mana pun Anda inginkan, termasuk WhatsApp, Messenger, SMS dan lain .', 'Edit teks adalah tool online sederhana yang memungkinkan Anda mengulang teks sebanyak yang Anda inginkan. Anda kemudian dapat menyalin dan menempelkan teks berulang Anda di mana pun Anda inginkan, termasuk WhatsApp, Messenger, SMS dan lain .', 52, 'Pengulang teks adalah tool online sederhana yang memungkinkan Anda mengulang teks sebanyak yang Anda inginkan. Anda kemudian dapat menyalin dan menempelkan teks berulang Anda di mana pun Anda inginkan, termasuk WhatsApp, Messenger, SMS, Telegram', 'rancangan', '2025-09-06 22:46:29'),
(92, 'admin_sinergi', 'Administrator Sinergi', 'delete', 83, 'Edit teks adalah tool online sederhana yang memungkinkan Anda mengulang teks sebanyak yang Anda inginkan. Anda kemudian dapat menyalin dan menempelkan teks berulang Anda di mana pun Anda inginkan, termasuk WhatsApp, Messenger, SMS dan lain .', NULL, 52, NULL, 'rancangan', '2025-09-06 22:52:00'),
(93, 'admin_sinergi', 'Administrator Sinergi', 'create', 83, NULL, 'Edit teks adalah tool online sederhana yang memungkinkan Anda mengulang teks sebanyak yang Anda inginkan. Anda kemudian dapat menyalin dan menempelkan teks berulang Anda di mana pun Anda inginkan, termasuk WhatsApp, Messenger, SMS dan lain .', 53, NULL, 'Pindah ke Musrenbang', '2025-09-15 11:30:46'),
(94, 'admin_sinergi', 'Administrator Sinergi', 'create', 83, NULL, 'Edit teks adalah tool online sederhana yang memungkinkan Anda mengulang teks sebanyak yang Anda inginkan. Anda kemudian dapat menyalin dan menempelkan teks berulang Anda di mana pun Anda inginkan, termasuk WhatsApp, Messenger, SMS dan lain .', 54, NULL, 'Pindah ke Rancangan Akhir', '2025-09-15 11:46:38'),
(95, 'admin_sinergi', 'Administrator Sinergi', 'create', 83, NULL, 'Edit teks adalah tool online sederhana yang memungkinkan Anda mengulang teks sebanyak yang Anda inginkan. Anda kemudian dapat menyalin dan menempelkan teks berulang Anda di mana pun Anda inginkan, termasuk WhatsApp, Messenger, SMS dan lain .', 55, NULL, 'Pindah ke Final', '2025-09-15 12:53:39'),
(96, 'admin_sinergi', 'Administrator Sinergi', 'create', 83, NULL, 'Edit teks adalah tool online sederhana yang memungkinkan Anda mengulang teks sebanyak yang Anda inginkan. Anda kemudian dapat menyalin dan menempelkan teks berulang Anda di mana pun Anda inginkan, termasuk WhatsApp, Messenger, SMS dan lain .', 56, NULL, 'Pindah ke Perubahan ke-1', '2025-09-22 00:20:21');

-- --------------------------------------------------------

--
-- Table structure for table `history_tahapan`
--

CREATE TABLE `history_tahapan` (
  `id` bigint UNSIGNED NOT NULL,
  `username` varchar(255) NOT NULL,
  `nama` varchar(255) NOT NULL,
  `aksi` varchar(20) NOT NULL,
  `record_id` bigint UNSIGNED NOT NULL,
  `nama_tahapan_old` varchar(255) DEFAULT NULL,
  `nama_tahapan_new` varchar(255) DEFAULT NULL,
  `tanggal_mulai_old` date DEFAULT NULL,
  `tanggal_mulai_new` date DEFAULT NULL,
  `tanggal_akhir_old` date DEFAULT NULL,
  `tanggal_akhir_new` date DEFAULT NULL,
  `status_old` varchar(7) DEFAULT NULL,
  `status_new` varchar(7) DEFAULT NULL,
  `id_periode_old` int DEFAULT NULL,
  `id_periode_new` int DEFAULT NULL,
  `created_at` datetime NOT NULL
) ENGINE=InnoDB DEFAULT CHARSET=utf8mb4 COLLATE=utf8mb4_0900_ai_ci;

--
-- Dumping data for table `history_tahapan`
--

INSERT INTO `history_tahapan` (`id`, `username`, `nama`, `aksi`, `record_id`, `nama_tahapan_old`, `nama_tahapan_new`, `tanggal_mulai_old`, `tanggal_mulai_new`, `tanggal_akhir_old`, `tanggal_akhir_new`, `status_old`, `status_new`, `id_periode_old`, `id_periode_new`, `created_at`) VALUES
(1, 'admin_sinergi', 'Administrator Sinergi', 'create', 83, NULL, 'Rancangan Awal', NULL, '2025-08-24', NULL, '2025-08-25', NULL, 'Aktif', NULL, 78, '2025-08-24 21:42:02'),
(2, 'admin_sinergi', 'Administrator Sinergi', 'create', 84, NULL, 'Rancangan', NULL, '2025-08-26', NULL, '2025-08-27', NULL, 'Aktif', NULL, 78, '2025-08-24 22:06:15'),
(3, 'admin_sinergi', 'Administrator Sinergi', 'update', 83, 'Rancangan Awal', NULL, '2025-08-24', NULL, '2025-08-25', NULL, 'Aktif', 'Dikunci', 78, NULL, '2025-08-24 23:51:58'),
(4, 'admin_sinergi', 'Administrator Sinergi', 'create', 85, NULL, 'Rancangan Awal', NULL, '2025-08-25', NULL, '2025-08-26', NULL, 'Aktif', NULL, 79, '2025-08-25 00:06:50'),
(5, 'System', 'System', 'update', 83, NULL, NULL, NULL, NULL, NULL, NULL, 'Dikunci', 'Aktif', NULL, NULL, '2025-08-25 01:49:47'),
(6, 'admin_sinergi', 'Administrator Sinergi', 'update', 83, 'Rancangan Awal', NULL, '2025-08-24', NULL, '2025-08-25', NULL, 'Aktif', 'Dikunci', 78, NULL, '2025-08-25 01:54:21'),
(7, 'admin_sinergi', 'Administrator Sinergi', 'update', 84, 'Rancangan', NULL, '2025-08-26', NULL, '2025-08-27', NULL, 'Aktif', 'Dikunci', 78, NULL, '2025-09-15 11:30:19'),
(8, 'admin_sinergi', 'Administrator Sinergi', 'create', 86, NULL, 'Musrenbang', NULL, '2025-09-15', NULL, '2025-09-20', NULL, 'Aktif', NULL, 78, '2025-09-15 11:30:46'),
(9, 'admin_sinergi', 'Administrator Sinergi', 'update', 86, 'Musrenbang', NULL, '2025-09-15', NULL, '2025-09-20', '2025-09-17', 'Aktif', NULL, 78, NULL, '2025-09-15 11:46:15'),
(10, 'admin_sinergi', 'Administrator Sinergi', 'create', 87, NULL, 'Rancangan Akhir', NULL, '2025-09-16', NULL, '2025-09-20', NULL, 'Aktif', NULL, 78, '2025-09-15 11:46:38'),
(11, 'admin_sinergi', 'Administrator Sinergi', 'create', 88, NULL, 'Final', NULL, '2025-09-17', NULL, '2025-09-25', NULL, 'Aktif', NULL, 78, '2025-09-15 12:53:40'),
(12, 'admin_sinergi', 'Administrator Sinergi', 'create', 89, NULL, 'Perubahan ke-1', NULL, '2025-09-22', NULL, '2025-09-23', NULL, 'Aktif', NULL, 78, '2025-09-22 00:20:22'),
(13, 'admin_sinergi', 'Administrator Sinergi', 'update', 88, 'Final', NULL, '2025-09-17', NULL, '2025-09-25', NULL, 'Aktif', 'Dikunci', 78, NULL, '2025-09-22 00:28:34'),
(14, 'admin_sinergi', 'Administrator Sinergi', 'update', 87, 'Rancangan Akhir', NULL, '2025-09-16', NULL, '2025-09-20', NULL, 'Aktif', 'Dikunci', 78, NULL, '2025-09-22 00:28:47');

-- --------------------------------------------------------

--
-- Table structure for table `history_tujuan`
--

CREATE TABLE `history_tujuan` (
  `id` bigint UNSIGNED NOT NULL,
  `username` varchar(255) NOT NULL,
  `nama` varchar(255) NOT NULL,
  `aksi` varchar(20) NOT NULL,
  `record_id` bigint UNSIGNED NOT NULL,
  `uraian_tujuan_old` text CHARACTER SET utf8mb4 COLLATE utf8mb4_0900_ai_ci,
  `uraian_tujuan_new` text CHARACTER SET utf8mb4 COLLATE utf8mb4_0900_ai_ci,
  `id_misi_old` bigint UNSIGNED DEFAULT NULL,
  `id_misi_new` bigint UNSIGNED DEFAULT NULL,
  `catatan` text,
  `tahapan` varchar(255) NOT NULL,
  `created_at` datetime NOT NULL
) ENGINE=InnoDB DEFAULT CHARSET=utf8mb4 COLLATE=utf8mb4_0900_ai_ci;

--
-- Dumping data for table `history_tujuan`
--

INSERT INTO `history_tujuan` (`id`, `username`, `nama`, `aksi`, `record_id`, `uraian_tujuan_old`, `uraian_tujuan_new`, `id_misi_old`, `id_misi_new`, `catatan`, `tahapan`, `created_at`) VALUES
(1, 'admin_sinergi', 'Administrator Sinergi', 'create', 39, NULL, 'uji tujuan', NULL, 35, NULL, 'rancangan_awal', '2025-08-25 11:49:46'),
(2, 'admin_sinergi', 'Administrator Sinergi', 'update', 39, 'uji tujuan', 'uji tujuan 2', 35, NULL, NULL, 'rancangan_awal', '2025-08-25 11:54:51'),
(3, 'admin_sinergi', 'Administrator Sinergi', 'update', 39, 'uji tujuan 2', 'uji tujuan 3', 35, NULL, NULL, 'rancangan_awal', '2025-08-25 11:55:14'),
(4, 'admin_sinergi', 'Administrator Sinergi', 'delete', 39, 'uji tujuan 3', NULL, 35, NULL, NULL, 'rancangan_awal', '2025-08-25 11:55:57'),
(5, 'admin_sinergi', 'Administrator Sinergi', 'restore', 39, 'uji tujuan 3', NULL, 35, NULL, NULL, 'rancangan_awal', '2025-08-25 11:56:07'),
(6, 'admin_sinergi', 'Administrator Sinergi', 'delete', 39, 'uji tujuan 3', NULL, 35, NULL, NULL, 'rancangan_awal', '2025-08-25 11:56:18'),
(7, 'admin_sinergi', 'Administrator Sinergi', 'restore', 39, 'uji tujuan 3', NULL, 35, NULL, NULL, 'rancangan_awal', '2025-08-25 11:56:28'),
(8, 'admin_sinergi', 'Administrator Sinergi', 'update', 39, 'uji tujuan 3', 'uji tujuan 5', 35, NULL, NULL, 'rancangan_awal', '2025-08-25 14:25:20'),
(9, 'admin_sinergi', 'Administrator Sinergi', 'create', 40, NULL, 'Tujuan Pengulang teks adalah tool online sederhana yang memungkinkan Anda mengulang teks sebanyak yang Anda inginkan. Anda kemudian dapat menyalin dan menempelkan teks berulang Anda di mana pun Anda inginkan, termasuk WhatsApp, Messenger, SMS, Telegram', NULL, 37, NULL, 'rancangan_awal', '2025-09-13 16:15:37'),
(10, 'admin_sinergi', 'Administrator Sinergi', 'update', 40, 'Tujuan Pengulang teks adalah tool online sederhana yang memungkinkan Anda mengulang teks sebanyak yang Anda inginkan. Anda kemudian dapat menyalin dan menempelkan teks berulang Anda di mana pun Anda inginkan, termasuk WhatsApp, Messenger, SMS, Telegram', 'Tujuan dari membuat teks adalah tool online sederhana yang memungkinkan Anda mengulang teks sebanyak yang Anda inginkan. Anda kemudian dapat menyalin dan menempelkan teks berulang Anda di mana pun Anda inginkan, termasuk WhatsApp, Messenger', 37, NULL, 'Pengulang teks adalah tool online sederhana yang memungkinkan Anda mengulang teks sebanyak yang Anda inginkan. Anda kemudian dapat menyalin dan menempelkan teks berulang Anda di mana pun Anda inginkan, termasuk WhatsApp, Messenger, SMS, Telegram, atau med', 'rancangan_awal', '2025-09-13 16:17:56'),
(11, 'admin_sinergi', 'Administrator Sinergi', 'delete', 40, 'Tujuan dari membuat teks adalah tool online sederhana yang memungkinkan Anda mengulang teks sebanyak yang Anda inginkan. Anda kemudian dapat menyalin dan menempelkan teks berulang Anda di mana pun Anda inginkan, termasuk WhatsApp, Messenger', NULL, 37, NULL, NULL, 'rancangan_awal', '2025-09-13 16:49:24'),
(12, 'admin_sinergi', 'Administrator Sinergi', 'restore', 40, 'Tujuan dari membuat teks adalah tool online sederhana yang memungkinkan Anda mengulang teks sebanyak yang Anda inginkan. Anda kemudian dapat menyalin dan menempelkan teks berulang Anda di mana pun Anda inginkan, termasuk WhatsApp, Messenger', NULL, 37, NULL, NULL, 'rancangan_awal', '2025-09-13 16:49:39');

-- --------------------------------------------------------

--
-- Table structure for table `history_visi`
--

CREATE TABLE `history_visi` (
  `id` bigint UNSIGNED NOT NULL,
  `username` varchar(255) NOT NULL,
  `nama` varchar(255) NOT NULL,
  `aksi` varchar(20) NOT NULL,
  `record_id` bigint UNSIGNED NOT NULL,
  `uraian_visi_old` text CHARACTER SET utf8mb4 COLLATE utf8mb4_0900_ai_ci,
  `uraian_visi_new` text CHARACTER SET utf8mb4 COLLATE utf8mb4_0900_ai_ci,
  `catatan` text CHARACTER SET utf8mb4 COLLATE utf8mb4_0900_ai_ci,
  `tahapan` varchar(255) NOT NULL,
  `created_at` datetime NOT NULL
) ENGINE=InnoDB DEFAULT CHARSET=utf8mb4 COLLATE=utf8mb4_0900_ai_ci;

--
-- Dumping data for table `history_visi`
--

INSERT INTO `history_visi` (`id`, `username`, `nama`, `aksi`, `record_id`, `uraian_visi_old`, `uraian_visi_new`, `catatan`, `tahapan`, `created_at`) VALUES
(1, 'admin_sinergi', 'Administrator Sinergi', 'create', 51, NULL, 'visi ujicoba', NULL, 'rancangan_awal', '2025-08-24 21:42:19'),
(2, 'admin_sinergi', 'Administrator Sinergi', 'create', 52, NULL, 'visi ujicoba', NULL, 'rancangan_awal', '2025-08-24 21:42:19'),
(3, 'admin_sinergi', 'Administrator Sinergi', 'create', 52, NULL, 'visi ujicoba', NULL, 'Pindah ke Rancangan', '2025-08-24 22:06:15'),
(4, 'admin_sinergi', 'Administrator Sinergi', 'update', 52, 'visi ujicoba', 'visi ujicoba 1', NULL, 'rancangan', '2025-09-03 14:22:35'),
(5, 'admin_sinergi', 'Administrator Sinergi', 'update', 52, 'visi ujicoba 1', NULL, NULL, 'rancangan', '2025-09-04 15:10:46'),
(6, 'admin_sinergi', 'Administrator Sinergi', 'update', 52, 'visi ujicoba 1', 'visi ujicoba 1 coba', NULL, 'rancangan', '2025-09-06 07:07:52'),
(7, 'admin_sinergi', 'Administrator Sinergi', 'update', 52, 'visi ujicoba 1 coba', NULL, NULL, 'rancangan', '2025-09-06 07:10:28'),
(8, 'admin_sinergi', 'Administrator Sinergi', 'update', 52, 'visi ujicoba 1 coba', 'visi ujicoba 1', 'cobanya dihapus', 'rancangan', '2025-09-06 09:36:22'),
(9, 'admin_sinergi', 'Administrator Sinergi', 'update', 52, 'visi ujicoba 1', 'Pengulang teks adalah tool online sederhana yang memungkinkan Anda mengulang teks sebanyak yang Anda inginkan. Anda kemudian dapat menyalin dan menempelkan teks berulang Anda di mana pun Anda inginkan, termasuk WhatsApp, Messenger, SMS, Telegram, atau media sosial lainnya.Pengulang teks adalah tool online sederhana yang memungkinkan Anda mengulang teks sebanyak yang Anda inginkan. Anda kemudian dapat menyalin dan menempelkan teks berulang Anda di mana pun Anda inginkan, termasuk WhatsApp, Messenger, SMS, Telegram, atau media sosial lainnya.', 'coba catatatn panjang ini Pengulang teks adalah tool online sederhana yang memungkinkan Anda mengulang teks sebanyak yang Anda inginkan. Anda kemudian dapat menyalin dan menempelkan teks berulang Anda di mana pun Anda inginkan, termasuk WhatsApp, Messenger, SMS, Telegram, atau media sosial lainnya.Pengulang teks adalah tool online sederhana yang memungkinkan Anda mengulang teks sebanyak yang Anda inginkan. Anda kemudian dapat menyalin dan menempelkan teks berulang Anda di mana pun Anda inginkan, termasuk WhatsApp, Messenger, SMS, Telegram, atau media sosial lainnya.', 'rancangan', '2025-09-06 14:06:36'),
(10, 'admin_sinergi', 'Administrator Sinergi', 'update', 52, 'Pengulang teks adalah tool online sederhana yang memungkinkan Anda mengulang teks sebanyak yang Anda inginkan. Anda kemudian dapat menyalin dan menempelkan teks berulang Anda di mana pun Anda inginkan, termasuk WhatsApp, Messenger, SMS, Telegram, atau media sosial lainnya.Pengulang teks adalah tool online sederhana yang memungkinkan Anda mengulang teks sebanyak yang Anda inginkan. Anda kemudian dapat menyalin dan menempelkan teks berulang Anda di mana pun Anda inginkan, termasuk WhatsApp, Messenger, SMS, Telegram, atau media sosial lainnya.', 'Ujicoba visi', '', 'rancangan', '2025-09-06 15:30:01'),
(11, 'admin_sinergi', 'Administrator Sinergi', 'update', 51, 'visi ujicoba', 'Pengulang teks adalah tool online sederhana yang memungkinkan Anda mengulang teks sebanyak yang Anda inginkan. Anda kemudian dapat menyalin dan menempelkan teks berulang Anda di mana pun Anda inginkan, termasuk WhatsApp, Messenger, SMS, Telegram, atau media sosial lainnya.Pengulang teks adalah tool online sederhana yang memungkinkan Anda mengulang teks sebanyak yang Anda inginkan. Anda kemudian dapat menyalin dan menempelkan teks berulang Anda di mana pun Anda inginkan, termasuk WhatsApp, Messenger, SMS, Telegram, atau media sosial lainnya.', 'Ujicoba untuk melihat truncate di view', 'rancangan_awal', '2025-09-06 16:59:15'),
(12, 'admin_sinergi', 'Administrator Sinergi', 'create', 53, NULL, 'visi ujicoba', NULL, 'rancangan_awal', '2025-08-24 21:42:19'),
(13, 'admin_sinergi', 'Administrator Sinergi', 'create', 53, NULL, 'visi ujicoba', NULL, 'Pindah ke Rancangan', '2025-08-24 22:06:15'),
(14, 'admin_sinergi', 'Administrator Sinergi', 'update', 53, 'visi ujicoba', 'visi ujicoba 1', NULL, 'rancangan', '2025-09-03 14:22:35'),
(15, 'admin_sinergi', 'Administrator Sinergi', 'update', 53, 'visi ujicoba 1', NULL, NULL, 'rancangan', '2025-09-04 15:10:46'),
(16, 'admin_sinergi', 'Administrator Sinergi', 'update', 53, 'visi ujicoba 1', 'visi ujicoba 1 coba', NULL, 'rancangan', '2025-09-06 07:07:52'),
(17, 'admin_sinergi', 'Administrator Sinergi', 'update', 53, 'visi ujicoba 1 coba', NULL, NULL, 'rancangan', '2025-09-06 07:10:28'),
(18, 'admin_sinergi', 'Administrator Sinergi', 'update', 53, 'visi ujicoba 1 coba', 'visi ujicoba 1', 'cobanya dihapus', 'rancangan', '2025-09-06 09:36:22'),
(19, 'admin_sinergi', 'Administrator Sinergi', 'update', 53, 'visi ujicoba 1', 'Pengulang teks adalah tool online sederhana yang memungkinkan Anda mengulang teks sebanyak yang Anda inginkan. Anda kemudian dapat menyalin dan menempelkan teks berulang Anda di mana pun Anda inginkan, termasuk WhatsApp, Messenger, SMS, Telegram, atau media sosial lainnya.Pengulang teks adalah tool online sederhana yang memungkinkan Anda mengulang teks sebanyak yang Anda inginkan. Anda kemudian dapat menyalin dan menempelkan teks berulang Anda di mana pun Anda inginkan, termasuk WhatsApp, Messenger, SMS, Telegram, atau media sosial lainnya.', 'coba catatatn panjang ini Pengulang teks adalah tool online sederhana yang memungkinkan Anda mengulang teks sebanyak yang Anda inginkan. Anda kemudian dapat menyalin dan menempelkan teks berulang Anda di mana pun Anda inginkan, termasuk WhatsApp, Messenger, SMS, Telegram, atau media sosial lainnya.Pengulang teks adalah tool online sederhana yang memungkinkan Anda mengulang teks sebanyak yang Anda inginkan. Anda kemudian dapat menyalin dan menempelkan teks berulang Anda di mana pun Anda inginkan, termasuk WhatsApp, Messenger, SMS, Telegram, atau media sosial lainnya.', 'rancangan', '2025-09-06 14:06:36'),
(20, 'admin_sinergi', 'Administrator Sinergi', 'update', 53, 'Pengulang teks adalah tool online sederhana yang memungkinkan Anda mengulang teks sebanyak yang Anda inginkan. Anda kemudian dapat menyalin dan menempelkan teks berulang Anda di mana pun Anda inginkan, termasuk WhatsApp, Messenger, SMS, Telegram, atau media sosial lainnya.Pengulang teks adalah tool online sederhana yang memungkinkan Anda mengulang teks sebanyak yang Anda inginkan. Anda kemudian dapat menyalin dan menempelkan teks berulang Anda di mana pun Anda inginkan, termasuk WhatsApp, Messenger, SMS, Telegram, atau media sosial lainnya.', 'Ujicoba visi', '', 'rancangan', '2025-09-06 15:30:01'),
(21, 'admin_sinergi', 'Administrator Sinergi', 'create', 53, NULL, 'Ujicoba visi', NULL, 'Pindah ke Musrenbang', '2025-09-15 11:30:46'),
(22, 'admin_sinergi', 'Administrator Sinergi', 'create', 54, NULL, 'visi ujicoba', NULL, 'rancangan_awal', '2025-08-24 21:42:19'),
(23, 'admin_sinergi', 'Administrator Sinergi', 'create', 54, NULL, 'visi ujicoba', NULL, 'Pindah ke Rancangan', '2025-08-24 22:06:15'),
(24, 'admin_sinergi', 'Administrator Sinergi', 'update', 54, 'visi ujicoba', 'visi ujicoba 1', NULL, 'rancangan', '2025-09-03 14:22:35'),
(25, 'admin_sinergi', 'Administrator Sinergi', 'update', 54, 'visi ujicoba 1', NULL, NULL, 'rancangan', '2025-09-04 15:10:46'),
(26, 'admin_sinergi', 'Administrator Sinergi', 'update', 54, 'visi ujicoba 1', 'visi ujicoba 1 coba', NULL, 'rancangan', '2025-09-06 07:07:52'),
(27, 'admin_sinergi', 'Administrator Sinergi', 'update', 54, 'visi ujicoba 1 coba', NULL, NULL, 'rancangan', '2025-09-06 07:10:28'),
(28, 'admin_sinergi', 'Administrator Sinergi', 'update', 54, 'visi ujicoba 1 coba', 'visi ujicoba 1', 'cobanya dihapus', 'rancangan', '2025-09-06 09:36:22'),
(29, 'admin_sinergi', 'Administrator Sinergi', 'update', 54, 'visi ujicoba 1', 'Pengulang teks adalah tool online sederhana yang memungkinkan Anda mengulang teks sebanyak yang Anda inginkan. Anda kemudian dapat menyalin dan menempelkan teks berulang Anda di mana pun Anda inginkan, termasuk WhatsApp, Messenger, SMS, Telegram, atau media sosial lainnya.Pengulang teks adalah tool online sederhana yang memungkinkan Anda mengulang teks sebanyak yang Anda inginkan. Anda kemudian dapat menyalin dan menempelkan teks berulang Anda di mana pun Anda inginkan, termasuk WhatsApp, Messenger, SMS, Telegram, atau media sosial lainnya.', 'coba catatatn panjang ini Pengulang teks adalah tool online sederhana yang memungkinkan Anda mengulang teks sebanyak yang Anda inginkan. Anda kemudian dapat menyalin dan menempelkan teks berulang Anda di mana pun Anda inginkan, termasuk WhatsApp, Messenger, SMS, Telegram, atau media sosial lainnya.Pengulang teks adalah tool online sederhana yang memungkinkan Anda mengulang teks sebanyak yang Anda inginkan. Anda kemudian dapat menyalin dan menempelkan teks berulang Anda di mana pun Anda inginkan, termasuk WhatsApp, Messenger, SMS, Telegram, atau media sosial lainnya.', 'rancangan', '2025-09-06 14:06:36'),
(30, 'admin_sinergi', 'Administrator Sinergi', 'update', 54, 'Pengulang teks adalah tool online sederhana yang memungkinkan Anda mengulang teks sebanyak yang Anda inginkan. Anda kemudian dapat menyalin dan menempelkan teks berulang Anda di mana pun Anda inginkan, termasuk WhatsApp, Messenger, SMS, Telegram, atau media sosial lainnya.Pengulang teks adalah tool online sederhana yang memungkinkan Anda mengulang teks sebanyak yang Anda inginkan. Anda kemudian dapat menyalin dan menempelkan teks berulang Anda di mana pun Anda inginkan, termasuk WhatsApp, Messenger, SMS, Telegram, atau media sosial lainnya.', 'Ujicoba visi', '', 'rancangan', '2025-09-06 15:30:01'),
(31, 'admin_sinergi', 'Administrator Sinergi', 'create', 54, NULL, 'Ujicoba visi', NULL, 'Pindah ke Musrenbang', '2025-09-15 11:30:46'),
(32, 'admin_sinergi', 'Administrator Sinergi', 'create', 54, NULL, 'Ujicoba visi', NULL, 'Pindah ke Rancangan Akhir', '2025-09-15 11:46:37'),
(33, 'admin_sinergi', 'Administrator Sinergi', 'create', 55, NULL, 'visi ujicoba', NULL, 'rancangan_awal', '2025-08-24 21:42:19'),
(34, 'admin_sinergi', 'Administrator Sinergi', 'create', 55, NULL, 'visi ujicoba', NULL, 'Pindah ke Rancangan', '2025-08-24 22:06:15'),
(35, 'admin_sinergi', 'Administrator Sinergi', 'update', 55, 'visi ujicoba', 'visi ujicoba 1', NULL, 'rancangan', '2025-09-03 14:22:35'),
(36, 'admin_sinergi', 'Administrator Sinergi', 'update', 55, 'visi ujicoba 1', NULL, NULL, 'rancangan', '2025-09-04 15:10:46'),
(37, 'admin_sinergi', 'Administrator Sinergi', 'update', 55, 'visi ujicoba 1', 'visi ujicoba 1 coba', NULL, 'rancangan', '2025-09-06 07:07:52'),
(38, 'admin_sinergi', 'Administrator Sinergi', 'update', 55, 'visi ujicoba 1 coba', NULL, NULL, 'rancangan', '2025-09-06 07:10:28'),
(39, 'admin_sinergi', 'Administrator Sinergi', 'update', 55, 'visi ujicoba 1 coba', 'visi ujicoba 1', 'cobanya dihapus', 'rancangan', '2025-09-06 09:36:22'),
(40, 'admin_sinergi', 'Administrator Sinergi', 'update', 55, 'visi ujicoba 1', 'Pengulang teks adalah tool online sederhana yang memungkinkan Anda mengulang teks sebanyak yang Anda inginkan. Anda kemudian dapat menyalin dan menempelkan teks berulang Anda di mana pun Anda inginkan, termasuk WhatsApp, Messenger, SMS, Telegram, atau media sosial lainnya.Pengulang teks adalah tool online sederhana yang memungkinkan Anda mengulang teks sebanyak yang Anda inginkan. Anda kemudian dapat menyalin dan menempelkan teks berulang Anda di mana pun Anda inginkan, termasuk WhatsApp, Messenger, SMS, Telegram, atau media sosial lainnya.', 'coba catatatn panjang ini Pengulang teks adalah tool online sederhana yang memungkinkan Anda mengulang teks sebanyak yang Anda inginkan. Anda kemudian dapat menyalin dan menempelkan teks berulang Anda di mana pun Anda inginkan, termasuk WhatsApp, Messenger, SMS, Telegram, atau media sosial lainnya.Pengulang teks adalah tool online sederhana yang memungkinkan Anda mengulang teks sebanyak yang Anda inginkan. Anda kemudian dapat menyalin dan menempelkan teks berulang Anda di mana pun Anda inginkan, termasuk WhatsApp, Messenger, SMS, Telegram, atau media sosial lainnya.', 'rancangan', '2025-09-06 14:06:36'),
(41, 'admin_sinergi', 'Administrator Sinergi', 'update', 55, 'Pengulang teks adalah tool online sederhana yang memungkinkan Anda mengulang teks sebanyak yang Anda inginkan. Anda kemudian dapat menyalin dan menempelkan teks berulang Anda di mana pun Anda inginkan, termasuk WhatsApp, Messenger, SMS, Telegram, atau media sosial lainnya.Pengulang teks adalah tool online sederhana yang memungkinkan Anda mengulang teks sebanyak yang Anda inginkan. Anda kemudian dapat menyalin dan menempelkan teks berulang Anda di mana pun Anda inginkan, termasuk WhatsApp, Messenger, SMS, Telegram, atau media sosial lainnya.', 'Ujicoba visi', '', 'rancangan', '2025-09-06 15:30:01'),
(42, 'admin_sinergi', 'Administrator Sinergi', 'create', 55, NULL, 'Ujicoba visi', NULL, 'Pindah ke Musrenbang', '2025-09-15 11:30:46'),
(43, 'admin_sinergi', 'Administrator Sinergi', 'create', 55, NULL, 'Ujicoba visi', NULL, 'Pindah ke Rancangan Akhir', '2025-09-15 11:46:37'),
(44, 'admin_sinergi', 'Administrator Sinergi', 'create', 55, NULL, 'Ujicoba visi', NULL, 'Pindah ke Final', '2025-09-15 12:53:38'),
(45, 'admin_sinergi', 'Administrator Sinergi', 'create', 56, NULL, 'visi ujicoba', NULL, 'rancangan_awal', '2025-08-24 21:42:19'),
(46, 'admin_sinergi', 'Administrator Sinergi', 'create', 56, NULL, 'visi ujicoba', NULL, 'Pindah ke Rancangan', '2025-08-24 22:06:15'),
(47, 'admin_sinergi', 'Administrator Sinergi', 'update', 56, 'visi ujicoba', 'visi ujicoba 1', NULL, 'rancangan', '2025-09-03 14:22:35'),
(48, 'admin_sinergi', 'Administrator Sinergi', 'update', 56, 'visi ujicoba 1', NULL, NULL, 'rancangan', '2025-09-04 15:10:46'),
(49, 'admin_sinergi', 'Administrator Sinergi', 'update', 56, 'visi ujicoba 1', 'visi ujicoba 1 coba', NULL, 'rancangan', '2025-09-06 07:07:52'),
(50, 'admin_sinergi', 'Administrator Sinergi', 'update', 56, 'visi ujicoba 1 coba', NULL, NULL, 'rancangan', '2025-09-06 07:10:28'),
(51, 'admin_sinergi', 'Administrator Sinergi', 'update', 56, 'visi ujicoba 1 coba', 'visi ujicoba 1', 'cobanya dihapus', 'rancangan', '2025-09-06 09:36:22'),
(52, 'admin_sinergi', 'Administrator Sinergi', 'update', 56, 'visi ujicoba 1', 'Pengulang teks adalah tool online sederhana yang memungkinkan Anda mengulang teks sebanyak yang Anda inginkan. Anda kemudian dapat menyalin dan menempelkan teks berulang Anda di mana pun Anda inginkan, termasuk WhatsApp, Messenger, SMS, Telegram, atau media sosial lainnya.Pengulang teks adalah tool online sederhana yang memungkinkan Anda mengulang teks sebanyak yang Anda inginkan. Anda kemudian dapat menyalin dan menempelkan teks berulang Anda di mana pun Anda inginkan, termasuk WhatsApp, Messenger, SMS, Telegram, atau media sosial lainnya.', 'coba catatatn panjang ini Pengulang teks adalah tool online sederhana yang memungkinkan Anda mengulang teks sebanyak yang Anda inginkan. Anda kemudian dapat menyalin dan menempelkan teks berulang Anda di mana pun Anda inginkan, termasuk WhatsApp, Messenger, SMS, Telegram, atau media sosial lainnya.Pengulang teks adalah tool online sederhana yang memungkinkan Anda mengulang teks sebanyak yang Anda inginkan. Anda kemudian dapat menyalin dan menempelkan teks berulang Anda di mana pun Anda inginkan, termasuk WhatsApp, Messenger, SMS, Telegram, atau media sosial lainnya.', 'rancangan', '2025-09-06 14:06:36'),
(53, 'admin_sinergi', 'Administrator Sinergi', 'update', 56, 'Pengulang teks adalah tool online sederhana yang memungkinkan Anda mengulang teks sebanyak yang Anda inginkan. Anda kemudian dapat menyalin dan menempelkan teks berulang Anda di mana pun Anda inginkan, termasuk WhatsApp, Messenger, SMS, Telegram, atau media sosial lainnya.Pengulang teks adalah tool online sederhana yang memungkinkan Anda mengulang teks sebanyak yang Anda inginkan. Anda kemudian dapat menyalin dan menempelkan teks berulang Anda di mana pun Anda inginkan, termasuk WhatsApp, Messenger, SMS, Telegram, atau media sosial lainnya.', 'Ujicoba visi', '', 'rancangan', '2025-09-06 15:30:01'),
(54, 'admin_sinergi', 'Administrator Sinergi', 'create', 56, NULL, 'Ujicoba visi', NULL, 'Pindah ke Musrenbang', '2025-09-15 11:30:46'),
(55, 'admin_sinergi', 'Administrator Sinergi', 'create', 56, NULL, 'Ujicoba visi', NULL, 'Pindah ke Rancangan Akhir', '2025-09-15 11:46:37'),
(56, 'admin_sinergi', 'Administrator Sinergi', 'create', 56, NULL, 'Ujicoba visi', NULL, 'Pindah ke Final', '2025-09-15 12:53:38'),
(57, 'admin_sinergi', 'Administrator Sinergi', 'create', 56, NULL, 'Ujicoba visi', NULL, 'Pindah ke Perubahan ke-1', '2025-09-22 00:20:20');

-- --------------------------------------------------------

--
-- Table structure for table `migrations`
--

CREATE TABLE `migrations` (
  `id` bigint UNSIGNED NOT NULL,
  `version` varchar(255) COLLATE utf8mb4_general_ci NOT NULL,
  `class` varchar(255) COLLATE utf8mb4_general_ci NOT NULL,
  `group` varchar(255) COLLATE utf8mb4_general_ci NOT NULL,
  `namespace` varchar(255) COLLATE utf8mb4_general_ci NOT NULL,
  `time` int NOT NULL,
  `batch` int UNSIGNED NOT NULL
) ENGINE=InnoDB DEFAULT CHARSET=utf8mb4 COLLATE=utf8mb4_general_ci;

-- --------------------------------------------------------

--
-- Table structure for table `opd`
--

CREATE TABLE `opd` (
  `id` int UNSIGNED NOT NULL,
  `kode` varchar(22) NOT NULL,
  `nama_opd` varchar(255) NOT NULL,
  `created_at` datetime NOT NULL,
  `updated_at` datetime NOT NULL,
  `deleted_at` datetime DEFAULT NULL
) ENGINE=InnoDB DEFAULT CHARSET=utf8mb4 COLLATE=utf8mb4_0900_ai_ci;

--
-- Dumping data for table `opd`
--

INSERT INTO `opd` (`id`, `kode`, `nama_opd`, `created_at`, `updated_at`, `deleted_at`) VALUES
(1, '5.01.5.05.0.00.02.0000', 'Badan Perencanaan Pembangunan, Riset, dan Inovasi Daerah\r\n\r\n', '2025-09-15 08:22:10', '2025-09-15 08:22:10', NULL),
(7, '1.01.0.00.0.00.01.0000', 'Dinas Pendidikan', '2025-07-16 17:10:21', '2025-07-16 17:10:21', NULL),
(8, '1.01.0.00.0.00.01.0001', 'Dinas Kesehatan', '2025-07-17 13:25:45', '2025-07-17 13:25:45', NULL);

-- --------------------------------------------------------

--
-- Table structure for table `opd_bidang`
--

CREATE TABLE `opd_bidang` (
  `id` int UNSIGNED NOT NULL,
  `kode_bidang` varchar(4) NOT NULL,
  `uraian_bidang` text CHARACTER SET utf8mb4 COLLATE utf8mb4_0900_ai_ci NOT NULL,
  `id_opd_urusan` int UNSIGNED NOT NULL,
  `created_at` datetime NOT NULL,
  `updated_at` datetime NOT NULL,
  `deleted_at` datetime DEFAULT NULL
) ENGINE=InnoDB DEFAULT CHARSET=utf8mb4 COLLATE=utf8mb4_0900_ai_ci;

--
-- Dumping data for table `opd_bidang`
--

INSERT INTO `opd_bidang` (`id`, `kode_bidang`, `uraian_bidang`, `id_opd_urusan`, `created_at`, `updated_at`, `deleted_at`) VALUES
(2, 'X.XX', 'URUSAN PEMERINTAHAN BIDANG XX', 3, '2025-07-18 10:47:13', '2025-07-24 14:11:55', NULL),
(3, '1.01', 'URUSAN PEMERINTAHAN BIDANG PENDIDIKAN', 2, '2025-07-18 14:02:00', '2025-07-18 14:26:29', NULL),
(4, '1.02', 'Sebagian orang berpikir bahwa jumlah karakter adalah jumlah total huruf dalam suatu teks, tapi sebenarnya jumlah karakter adalah jumlah total semua karakter, termasuk spasi. Jumlah karakter terutama diperlukan ketika suatu teks atau dokumen tidak boleh ', 2, '2025-07-24 12:21:38', '2025-09-21 10:18:39', NULL),
(5, 'ssss', 'asdada', 2, '2025-07-24 12:28:10', '2025-07-24 12:28:10', NULL),
(6, '2222', 'sadada', 2, '2025-07-24 12:37:31', '2025-07-24 14:34:38', NULL),
(7, 'adad', 'daadad', 2, '2025-07-24 12:59:10', '2025-07-24 14:07:58', NULL),
(8, '2.16', 'URUSAN PEMERINTAHAN BIDANG KOMUNIKASI DAN INFORMATIKA', 5, '2025-09-18 14:27:27', '2025-09-18 14:27:27', NULL),
(9, '2.20', 'URUSAN PEMERINTAHAN BIDANG STATISTIK', 5, '2025-09-18 14:27:49', '2025-09-18 14:27:49', NULL),
(10, '2.21', 'URUSAN PEMERINTAHAN BIDANG PERSANDIAN', 5, '2025-09-18 14:28:10', '2025-09-18 14:28:10', NULL),
(11, '2.11', 'Bidang Pariwisata', 2, '2025-09-19 18:00:25', '2025-09-19 18:00:25', NULL),
(12, '1222', 'bidang bidang', 2, '2025-09-20 14:34:50', '2025-09-20 14:34:50', NULL);

-- --------------------------------------------------------

--
-- Table structure for table `opd_bidang_relasi`
--

CREATE TABLE `opd_bidang_relasi` (
  `id` int UNSIGNED NOT NULL,
  `id_opd` int UNSIGNED NOT NULL,
  `id_opd_bidang` int UNSIGNED NOT NULL
) ENGINE=InnoDB DEFAULT CHARSET=utf8mb4 COLLATE=utf8mb4_0900_ai_ci;

--
-- Dumping data for table `opd_bidang_relasi`
--

INSERT INTO `opd_bidang_relasi` (`id`, `id_opd`, `id_opd_bidang`) VALUES
(28, 7, 3);

-- --------------------------------------------------------

--
-- Table structure for table `opd_kegiatan`
--

CREATE TABLE `opd_kegiatan` (
  `id` int UNSIGNED NOT NULL,
  `kode_kegiatan` varchar(12) NOT NULL,
  `uraian_kegiatan` text CHARACTER SET utf8mb4 COLLATE utf8mb4_0900_ai_ci NOT NULL,
  `id_opd_program` int UNSIGNED NOT NULL,
  `created_at` datetime NOT NULL,
  `updated_at` datetime NOT NULL,
  `deleted_at` datetime DEFAULT NULL
) ENGINE=InnoDB DEFAULT CHARSET=utf8mb4 COLLATE=utf8mb4_0900_ai_ci;

--
-- Dumping data for table `opd_kegiatan`
--

INSERT INTO `opd_kegiatan` (`id`, `kode_kegiatan`, `uraian_kegiatan`, `id_opd_program`, `created_at`, `updated_at`, `deleted_at`) VALUES
(3, '111111111111', 'Ujicoba', 1, '2025-07-24 22:57:25', '2025-07-24 23:03:31', NULL),
(4, '222222222222', 'ujicoba', 1, '2025-07-25 07:40:35', '2025-07-25 07:40:35', NULL),
(5, '333333333333', 'Pembangunan sekolah', 1, '2025-07-25 08:52:11', '2025-07-25 08:52:11', NULL),
(6, '1.01.02.2.03', 'Pengelolaan Pendidikan Anak Usia Dini (PAUD)', 2, '2025-07-25 10:02:00', '2025-09-21 15:47:23', NULL),
(8, '1.01.02.2.01', 'Pengelolaan Pendidikan Sekolah Dasar', 2, '2025-09-21 10:56:52', '2025-09-21 15:45:43', NULL),
(9, '1.01.02.2.02', 'Pengelolaan Pendidikan Sekolah Menengah Pertama', 2, '2025-09-21 15:46:10', '2025-09-21 15:46:10', NULL);

-- --------------------------------------------------------

--
-- Table structure for table `opd_program`
--

CREATE TABLE `opd_program` (
  `id` int UNSIGNED NOT NULL,
  `kode_program` varchar(7) NOT NULL,
  `uraian_program` text CHARACTER SET utf8mb4 COLLATE utf8mb4_0900_ai_ci NOT NULL,
  `id_opd_bidang` int UNSIGNED NOT NULL,
  `created_at` datetime NOT NULL,
  `updated_at` datetime NOT NULL,
  `deleted_at` datetime DEFAULT NULL
) ENGINE=InnoDB DEFAULT CHARSET=utf8mb4 COLLATE=utf8mb4_0900_ai_ci;

--
-- Dumping data for table `opd_program`
--

INSERT INTO `opd_program` (`id`, `kode_program`, `uraian_program`, `id_opd_bidang`, `created_at`, `updated_at`, `deleted_at`) VALUES
(1, 'X.XX.02', 'PROGRAM PENGELOLAAN PENDIDIKA', 2, '2025-07-18 13:56:50', '2025-07-18 14:48:09', NULL),
(2, '1.01.02', 'PROGRAM PENGELOLAAN PENDIDIKAN', 3, '2025-07-18 14:02:29', '2025-07-23 16:16:15', NULL),
(3, '1.01.03', 'PROGRAM PENGEMBANGAN KURIKULUM', 3, '2025-07-18 14:02:40', '2025-09-21 15:43:53', NULL),
(4, 'X.XX.03', 'ujicoba program', 2, '2025-07-24 13:11:13', '2025-07-24 13:11:13', NULL),
(5, 'x.xx.04', 'Ujicoba', 2, '2025-07-24 14:05:39', '2025-07-24 14:07:41', NULL),
(7, '1.01.04', 'PROGRAM PENDIDIK DAN TENAGA KEPENDIDIKAN', 3, '2025-09-21 15:44:23', '2025-09-21 15:44:23', NULL);

-- --------------------------------------------------------

--
-- Table structure for table `opd_sub_kegiatan`
--

CREATE TABLE `opd_sub_kegiatan` (
  `id` int UNSIGNED NOT NULL,
  `kode_sub_kegiatan` varchar(18) NOT NULL,
  `uraian_sub_kegiatan` text CHARACTER SET utf8mb4 COLLATE utf8mb4_0900_ai_ci NOT NULL,
  `id_opd_kegiatan` int UNSIGNED NOT NULL,
  `created_at` datetime NOT NULL,
  `updated_at` datetime NOT NULL,
  `deleted_at` datetime DEFAULT NULL
) ENGINE=InnoDB DEFAULT CHARSET=utf8mb4 COLLATE=utf8mb4_0900_ai_ci;

--
-- Dumping data for table `opd_sub_kegiatan`
--

INSERT INTO `opd_sub_kegiatan` (`id`, `kode_sub_kegiatan`, `uraian_sub_kegiatan`, `id_opd_kegiatan`, `created_at`, `updated_at`, `deleted_at`) VALUES
(6, '1.01.02.2.01.0001', 'Pembangunan Unit Sekolah Baru', 8, '2025-09-21 14:41:59', '2025-09-21 15:02:08', NULL);

-- --------------------------------------------------------

--
-- Table structure for table `opd_urusan`
--

CREATE TABLE `opd_urusan` (
  `id` int UNSIGNED NOT NULL,
  `kode_urusan` varchar(1) NOT NULL,
  `uraian_urusan` text CHARACTER SET utf8mb4 COLLATE utf8mb4_0900_ai_ci NOT NULL,
  `created_at` datetime NOT NULL,
  `updated_at` datetime NOT NULL,
  `deleted_at` datetime DEFAULT NULL
) ENGINE=InnoDB DEFAULT CHARSET=utf8mb4 COLLATE=utf8mb4_0900_ai_ci;

--
-- Dumping data for table `opd_urusan`
--

INSERT INTO `opd_urusan` (`id`, `kode_urusan`, `uraian_urusan`, `created_at`, `updated_at`, `deleted_at`) VALUES
(2, '1', 'URUSAN PEMERINTAHAN WAJIB YANG BERKAITAN DENGAN PELAYANAN DASAR', '2025-07-17 14:44:30', '2025-07-24 15:45:03', NULL),
(3, 'x', 'non urusan', '2025-07-17 14:47:21', '2025-09-18 15:30:24', NULL),
(4, '3', 'Urusan ujicoba', '2025-07-25 13:45:56', '2025-07-25 13:45:56', NULL),
(5, '2', 'URUSAN PEMERINTAHAN WAJIB YANG TIDAK BERKAITAN DENGAN PELAYANAN DASAR', '2025-09-18 14:24:58', '2025-09-18 14:24:58', NULL);

-- --------------------------------------------------------

--
-- Table structure for table `periode`
--

CREATE TABLE `periode` (
  `id` bigint UNSIGNED NOT NULL,
  `tahun_awal` smallint NOT NULL,
  `tahun_akhir` smallint NOT NULL,
  `jenis_perencanaan` enum('RPJPD','RPJMD','RENSTRA','RKPD','Renja') CHARACTER SET utf8mb4 COLLATE utf8mb4_0900_ai_ci NOT NULL,
  `id_parent_periode` bigint UNSIGNED DEFAULT NULL
) ENGINE=InnoDB DEFAULT CHARSET=utf8mb4 COLLATE=utf8mb4_0900_ai_ci;

--
-- Dumping data for table `periode`
--

INSERT INTO `periode` (`id`, `tahun_awal`, `tahun_akhir`, `jenis_perencanaan`, `id_parent_periode`) VALUES
(78, 2025, 2045, 'RPJPD', NULL),
(79, 2025, 2030, 'RPJMD', 78);

-- --------------------------------------------------------

--
-- Table structure for table `renstra`
--

CREATE TABLE `renstra` (
  `id` bigint UNSIGNED NOT NULL,
  `id_periode` bigint UNSIGNED NOT NULL,
  `id_tahapan` bigint UNSIGNED NOT NULL,
  `id_opd` int UNSIGNED NOT NULL,
  `created_at` datetime NOT NULL,
  `updated_at` datetime NOT NULL,
  `deleted_at` int DEFAULT NULL
) ENGINE=InnoDB DEFAULT CHARSET=utf8mb4 COLLATE=utf8mb4_0900_ai_ci;

-- --------------------------------------------------------

--
-- Table structure for table `renstra_indikator_tujuan`
--

CREATE TABLE `renstra_indikator_tujuan` (
  `id` bigint UNSIGNED NOT NULL,
  `uraian_indikator_tujuan` varchar(255) NOT NULL,
  `satuan` varchar(255) NOT NULL,
  `kondisi_awal_I` varchar(255) NOT NULL,
  `kondisi_awal_II` varchar(255) NOT NULL,
  `target_I` varchar(255) NOT NULL,
  `target_II` varchar(255) NOT NULL,
  `target_III` varchar(255) NOT NULL,
  `target_IV` varchar(255) NOT NULL,
  `target_V` varchar(255) NOT NULL,
  `kondisi_akhir` varchar(255) NOT NULL,
  `formulasi` text NOT NULL,
  `keterangan` text NOT NULL,
  `id_tujuan` bigint UNSIGNED NOT NULL,
  `created_at` datetime NOT NULL,
  `updated_at` datetime NOT NULL,
  `deleted_at` datetime DEFAULT NULL
) ENGINE=InnoDB DEFAULT CHARSET=utf8mb4 COLLATE=utf8mb4_0900_ai_ci;

-- --------------------------------------------------------

--
-- Table structure for table `renstra_sasaran`
--

CREATE TABLE `renstra_sasaran` (
  `id` bigint UNSIGNED NOT NULL,
  `uraian_sasaran` varchar(255) NOT NULL,
  `id_indikator_tujuan` bigint UNSIGNED NOT NULL,
  `created_at` datetime NOT NULL,
  `updated_at` datetime NOT NULL,
  `deleted_at` datetime DEFAULT NULL
) ENGINE=InnoDB DEFAULT CHARSET=utf8mb4 COLLATE=utf8mb4_0900_ai_ci;

-- --------------------------------------------------------

--
-- Table structure for table `renstra_tujuan`
--

CREATE TABLE `renstra_tujuan` (
  `id` bigint UNSIGNED NOT NULL,
  `uraian_tujuan` varchar(255) NOT NULL,
  `id_indikator_sasaran_rpjmd` bigint UNSIGNED NOT NULL,
  `id_renstra` bigint UNSIGNED NOT NULL,
  `id_tahapan` bigint UNSIGNED NOT NULL,
  `created_at` datetime NOT NULL,
  `updated_at` datetime NOT NULL,
  `deleted_at` datetime DEFAULT NULL
) ENGINE=InnoDB DEFAULT CHARSET=utf8mb4 COLLATE=utf8mb4_0900_ai_ci;

-- --------------------------------------------------------

--
-- Table structure for table `rpjmd_indikator_sasaran`
--

CREATE TABLE `rpjmd_indikator_sasaran` (
  `id` bigint UNSIGNED NOT NULL,
  `uraian_indikator_sasaran` varchar(255) NOT NULL,
  `satuan` varchar(255) NOT NULL,
  `kondisi_awal_I` varchar(255) NOT NULL,
  `kondisi_awal_II` varchar(255) NOT NULL,
  `target_I` varchar(255) NOT NULL,
  `target_II` varchar(255) NOT NULL,
  `target_III` varchar(255) NOT NULL,
  `target_IV` varchar(255) NOT NULL,
  `target_V` varchar(255) NOT NULL,
  `kondisi_akhir` varchar(255) NOT NULL,
  `formulasi` text NOT NULL,
  `keterangan` text NOT NULL,
  `id_sasaran` bigint UNSIGNED NOT NULL,
  `created_at` datetime NOT NULL,
  `updated_at` datetime NOT NULL,
  `deleted_at` datetime DEFAULT NULL
) ENGINE=InnoDB DEFAULT CHARSET=utf8mb4 COLLATE=utf8mb4_0900_ai_ci;

--
-- Dumping data for table `rpjmd_indikator_sasaran`
--

INSERT INTO `rpjmd_indikator_sasaran` (`id`, `uraian_indikator_sasaran`, `satuan`, `kondisi_awal_I`, `kondisi_awal_II`, `target_I`, `target_II`, `target_III`, `target_IV`, `target_V`, `kondisi_akhir`, `formulasi`, `keterangan`, `id_sasaran`, `created_at`, `updated_at`, `deleted_at`) VALUES
(40, 'tes indikator sasaran edit', 'indeks', '9', '9', '10', '10', '10', '10', '10', '10', 'indikator sasaran teks adalah tool online sederhana yang memungkinkan Anda mengulang teks sebanyak yang Anda inginkan. Anda kemudian dapat menyalin dan menempelkan teks berulang Anda di mana pun Anda inginkan, termasuk WhatsApp, Messenger, SMS, tlp, Telegram', 'Pengulang teks adalah tool online sederhana yang memungkinkan Anda mengulang teks sebanyak yang Anda inginkan. Anda kemudian dapat menyalin dan menempelkan teks berulang Anda di mana pun Anda inginkan, termasuk WhatsApp, Messenger, SMS, ', 1, '2025-08-26 14:40:15', '2025-09-14 23:00:48', NULL);

-- --------------------------------------------------------

--
-- Table structure for table `rpjmd_indikator_tujuan`
--

CREATE TABLE `rpjmd_indikator_tujuan` (
  `id` bigint UNSIGNED NOT NULL,
  `uraian_indikator_tujuan` varchar(255) NOT NULL,
  `satuan` varchar(255) NOT NULL,
  `kondisi_awal_I` varchar(255) NOT NULL,
  `kondisi_awal_II` varchar(255) NOT NULL,
  `target_I` varchar(255) NOT NULL,
  `target_II` varchar(255) NOT NULL,
  `target_III` varchar(255) NOT NULL,
  `target_IV` varchar(255) NOT NULL,
  `target_V` varchar(255) NOT NULL,
  `kondisi_akhir` varchar(255) NOT NULL,
  `formulasi` text NOT NULL,
  `keterangan` text NOT NULL,
  `id_tujuan` bigint UNSIGNED NOT NULL,
  `created_at` datetime NOT NULL,
  `updated_at` datetime NOT NULL,
  `deleted_at` datetime DEFAULT NULL
) ENGINE=InnoDB DEFAULT CHARSET=utf8mb4 COLLATE=utf8mb4_0900_ai_ci;

--
-- Dumping data for table `rpjmd_indikator_tujuan`
--

INSERT INTO `rpjmd_indikator_tujuan` (`id`, `uraian_indikator_tujuan`, `satuan`, `kondisi_awal_I`, `kondisi_awal_II`, `target_I`, `target_II`, `target_III`, `target_IV`, `target_V`, `kondisi_akhir`, `formulasi`, `keterangan`, `id_tujuan`, `created_at`, `updated_at`, `deleted_at`) VALUES
(19, 'ujicoba 1', 'uji', '90', '90', '90', '90', '90', '90', '90', '90', 'Pengulang teks adalah tool online sederhana yang memungkinkan Anda mengulang teks sebanyak yang Anda inginkan. Anda kemudian dapat menyalin dan menempelkan teks berulang Anda di mana pun Anda inginkan, termasuk WhatsApp, Messenger, SMS, Telegram', 'Pengulang teks adalah tool online sederhana yang memungkinkan Anda mengulang teks sebanyak yang Anda inginkan. Anda kemudian dapat menyalin dan menempelkan teks berulang Anda di mana pun Anda inginkan, termasuk WhatsApp, Messenger, SMS, Telegram', 39, '2025-08-26 09:35:23', '2025-08-26 15:34:15', '2025-08-26 15:34:15'),
(20, 'Ujicoba', 'ujicoba', '100', '100', '100', '100', '100', '100', '100', '100', 'Pengulang teks adalah tool online sederhana yang memungkinkan Anda mengulang teks sebanyak yang Anda inginkan. Anda kemudian dapat menyalin dan menempelkan teks berulang Anda di mana pun Anda inginkan, termasuk WhatsApp, Messenger, SMS, Telegram, atau media sosial lainnya.Pengulang teks adalah tool online sederhana yang memungkinkan Anda mengulang teks sebanyak yang Anda inginkan. Anda kemudian dapat menyalin dan menempelkan teks berulang Anda di mana pun Anda inginkan, termasuk WhatsApp, Messenger, SMS, Telegram, atau media sosial lainnya.', 'Pengulang teks adalah tool online sederhana yang memungkinkan Anda mengulang teks sebanyak yang Anda inginkan. Anda kemudian dapat menyalin dan menempelkan teks berulang Anda di mana pun Anda inginkan, termasuk WhatsApp, Messenger, SMS, Telegram, atau media sosial lainnya.Pengulang teks adalah tool online sederhana yang memungkinkan Anda mengulang teks sebanyak yang Anda inginkan. Anda kemudian dapat menyalin dan menempelkan teks berulang Anda di mana pun Anda inginkan, termasuk WhatsApp, Messenger, SMS, Telegram, atau media sosial lainnya.', 39, '2025-08-26 11:14:49', '2025-09-13 17:34:02', NULL),
(21, 'Ujicoba indikator tujuan', 'index', '20', '20', '20', '20', '20', '20', '20', '20', 'Pengulang teks adalah tool online sederhana yang memungkinkan Anda mengulang teks sebanyak yang Anda inginkan. Anda kemudian dapat menyalin dan menempelkan teks berulang Anda di mana pun Anda inginkan, termasuk WhatsApp, Messenger, SMS, Telegram, atau media sosial lainnya.Pengulang teks adalah tool online sederhana yang memungkinkan Anda mengulang teks sebanyak yang Anda inginkan. Anda kemudian dapat menyalin dan menempelkan teks berulang Anda di mana pun Anda inginkan, termasuk WhatsApp, Messenger, SMS, Telegram, atau media sosial lainnya.', 'Pengulang teks adalah tool online sederhana yang memungkinkan Anda mengulang teks sebanyak yang Anda inginkan. Anda kemudian dapat menyalin dan menempelkan teks berulang Anda di mana pun Anda inginkan, termasuk WhatsApp, Messenger, SMS, Telegram, atau media sosial lainnya.Pengulang teks adalah tool online sederhana yang memungkinkan Anda mengulang teks sebanyak yang Anda inginkan. Anda kemudian dapat menyalin dan menempelkan teks berulang Anda di mana pun Anda inginkan, termasuk WhatsApp, Messenger, SMS, Telegram, atau media sosial lainnya.', 40, '2025-09-13 17:47:00', '2025-09-13 17:47:09', '2025-09-13 17:47:09');

-- --------------------------------------------------------

--
-- Table structure for table `rpjmd_misi`
--

CREATE TABLE `rpjmd_misi` (
  `id` bigint UNSIGNED NOT NULL,
  `uraian_misi` varchar(255) NOT NULL,
  `id_visi` bigint UNSIGNED NOT NULL,
  `created_at` datetime NOT NULL,
  `updated_at` datetime NOT NULL,
  `deleted_at` datetime DEFAULT NULL
) ENGINE=InnoDB DEFAULT CHARSET=utf8mb4 COLLATE=utf8mb4_0900_ai_ci;

--
-- Dumping data for table `rpjmd_misi`
--

INSERT INTO `rpjmd_misi` (`id`, `uraian_misi`, `id_visi`, `created_at`, `updated_at`, `deleted_at`) VALUES
(35, 'misi', 18, '2025-08-25 02:15:57', '2025-08-25 02:15:57', NULL),
(36, 'misi 0', 18, '2025-08-25 02:18:11', '2025-09-13 15:44:39', '2025-09-13 15:44:39'),
(37, 'Pengulang misi RPJMD adalah tool online sederhana yang memungkinkan Anda mengulang teks sebanyak yang Anda inginkan. Anda kemudian dapat menyalin dan menempelkan teks berulang Anda di mana pun Anda inginkan, termasuk WhatsApp, Messenger, SMS, Telegram', 18, '2025-09-13 15:43:50', '2025-09-13 15:49:44', NULL);

-- --------------------------------------------------------

--
-- Table structure for table `rpjmd_sasaran`
--

CREATE TABLE `rpjmd_sasaran` (
  `id` bigint UNSIGNED NOT NULL,
  `uraian_sasaran` varchar(255) NOT NULL,
  `id_tujuan` bigint UNSIGNED NOT NULL,
  `created_at` datetime NOT NULL,
  `updated_at` datetime NOT NULL,
  `deleted_at` datetime DEFAULT NULL
) ENGINE=InnoDB DEFAULT CHARSET=utf8mb4 COLLATE=utf8mb4_0900_ai_ci;

--
-- Dumping data for table `rpjmd_sasaran`
--

INSERT INTO `rpjmd_sasaran` (`id`, `uraian_sasaran`, `id_tujuan`, `created_at`, `updated_at`, `deleted_at`) VALUES
(1, 'tes sasaran edit', 39, '2025-08-26 13:58:14', '2025-08-26 14:02:03', NULL),
(2, 'Sasaran teks adalah tool yang online sederhana yang memungkinkan Anda mengulang teks sebanyak yang Anda inginkan. Anda kemudian dapat menyalin dan menempelkan teks berulang Anda di mana pun Anda inginkan, termasuk WhatsApp, Messenger, SMS, Telegram', 39, '2025-09-13 22:39:59', '2025-09-13 22:41:29', NULL);

-- --------------------------------------------------------

--
-- Table structure for table `rpjmd_tujuan`
--

CREATE TABLE `rpjmd_tujuan` (
  `id` bigint UNSIGNED NOT NULL,
  `uraian_tujuan` varchar(255) NOT NULL,
  `id_misi` bigint UNSIGNED NOT NULL,
  `created_at` datetime NOT NULL,
  `updated_at` datetime NOT NULL,
  `deleted_at` datetime DEFAULT NULL
) ENGINE=InnoDB DEFAULT CHARSET=utf8mb4 COLLATE=utf8mb4_0900_ai_ci;

--
-- Dumping data for table `rpjmd_tujuan`
--

INSERT INTO `rpjmd_tujuan` (`id`, `uraian_tujuan`, `id_misi`, `created_at`, `updated_at`, `deleted_at`) VALUES
(39, 'uji tujuan 5', 35, '2025-08-25 11:49:46', '2025-08-25 14:25:20', NULL),
(40, 'Tujuan dari membuat teks adalah tool online sederhana yang memungkinkan Anda mengulang teks sebanyak yang Anda inginkan. Anda kemudian dapat menyalin dan menempelkan teks berulang Anda di mana pun Anda inginkan, termasuk WhatsApp, Messenger', 37, '2025-09-13 16:15:37', '2025-09-13 16:49:39', NULL);

-- --------------------------------------------------------

--
-- Table structure for table `rpjmd_visi`
--

CREATE TABLE `rpjmd_visi` (
  `id` bigint UNSIGNED NOT NULL,
  `uraian_visi` text NOT NULL,
  `id_tahapan` bigint UNSIGNED NOT NULL,
  `created_at` datetime NOT NULL,
  `updated_at` datetime NOT NULL,
  `deleted_at` datetime DEFAULT NULL
) ENGINE=InnoDB DEFAULT CHARSET=utf8mb4 COLLATE=utf8mb4_0900_ai_ci;

--
-- Dumping data for table `rpjmd_visi`
--

INSERT INTO `rpjmd_visi` (`id`, `uraian_visi`, `id_tahapan`, `created_at`, `updated_at`, `deleted_at`) VALUES
(18, 'Visi Pengulang teks adalah tool online sederhana yang memungkinkan Anda mengulang teks sebanyak yang Anda inginkan. Anda kemudian dapat menyalin dan menempelkan teks berulang Anda di mana pun Anda inginkan, termasuk What', 85, '2025-08-25 00:47:26', '2025-09-13 01:36:45', NULL);

-- --------------------------------------------------------

--
-- Table structure for table `rpjpd_arah_kebijakan`
--

CREATE TABLE `rpjpd_arah_kebijakan` (
  `id` bigint UNSIGNED NOT NULL,
  `uraian_arjak_tahap_I` text NOT NULL,
  `uraian_arjak_tahap_II` text NOT NULL,
  `uraian_arjak_tahap_III` text NOT NULL,
  `uraian_arjak_tahap_IV` text NOT NULL,
  `id_misi` bigint UNSIGNED NOT NULL,
  `created_at` datetime NOT NULL,
  `updated_at` datetime NOT NULL,
  `deleted_at` datetime DEFAULT NULL
) ENGINE=InnoDB DEFAULT CHARSET=utf8mb4 COLLATE=utf8mb4_0900_ai_ci;

--
-- Dumping data for table `rpjpd_arah_kebijakan`
--

INSERT INTO `rpjpd_arah_kebijakan` (`id`, `uraian_arjak_tahap_I`, `uraian_arjak_tahap_II`, `uraian_arjak_tahap_III`, `uraian_arjak_tahap_IV`, `id_misi`, `created_at`, `updated_at`, `deleted_at`) VALUES
(1, 'coba', 'coba', 'coba', 'coba', 59, '2025-08-24 21:59:36', '2025-08-24 21:59:36', NULL),
(2, 'Anda kemudian dapat menyalin dan menempelkan teks berulang Anda di mana pun Anda inginkan, termasuk What', 'Anda kemudian dapat menyalin dan menempelkan teks berulang Anda di mana pun Anda inginkan, termasuk What', 'Anda kemudian dapat menyalin dan menempelkan teks berulang Anda di mana pun Anda inginkan, termasuk What', 'misi Penjelasan Pokok visi Pengulang teks adalah tool online sederhana yang memungkinkan Anda mengulang teks sebanyak yang Anda inginkan. Anda kemudian dapat menyalin dan menempelkan teks berulang Anda di mana pun Anda inginkan, termasuk What', 61, '2025-08-24 22:06:15', '2025-09-13 00:08:01', '2025-09-13 00:08:01'),
(3, 'ujicoba arah kebijakan', 'ujicoba arah kebijakan', 'ujicoba', 'ujicoba', 62, '2025-08-28 10:52:32', '2025-08-28 10:52:32', NULL),
(4, 'ujicoba arah kebijakan', 'ujicoba arah kebijakan', 'ujicoba', 'ujicoba', 64, '2025-09-15 11:30:46', '2025-09-15 11:30:46', NULL),
(5, 'Anda kemudian dapat menyalin dan menempelkan teks berulang Anda di mana pun Anda inginkan, termasuk What', 'Anda kemudian dapat menyalin dan menempelkan teks berulang Anda di mana pun Anda inginkan, termasuk What', 'Anda kemudian dapat menyalin dan menempelkan teks berulang Anda di mana pun Anda inginkan, termasuk What', 'misi Penjelasan Pokok visi Pengulang teks adalah tool online sederhana yang memungkinkan Anda mengulang teks sebanyak yang Anda inginkan. Anda kemudian dapat menyalin dan menempelkan teks berulang Anda di mana pun Anda inginkan, termasuk What', 66, '2025-09-15 11:30:46', '2025-09-15 11:39:21', NULL),
(6, 'ujicoba arah kebijakan', 'ujicoba arah kebijakan', 'ujicoba', 'ujicoba', 67, '2025-09-15 11:46:37', '2025-09-15 11:46:37', NULL),
(7, 'ujicoba arah kebijakan', 'ujicoba arah kebijakan', 'ujicoba', 'ujicoba', 69, '2025-09-15 11:46:37', '2025-09-15 11:46:37', NULL),
(8, 'ujicoba arah kebijakan', 'ujicoba arah kebijakan', 'ujicoba', 'ujicoba', 71, '2025-09-15 11:46:37', '2025-09-15 11:46:37', NULL),
(9, 'ujicoba arah kebijakan', 'ujicoba arah kebijakan', 'ujicoba', 'ujicoba', 73, '2025-09-15 11:46:37', '2025-09-15 11:46:37', NULL),
(10, 'Anda kemudian dapat menyalin dan menempelkan teks berulang Anda di mana pun Anda inginkan, termasuk What', 'Anda kemudian dapat menyalin dan menempelkan teks berulang Anda di mana pun Anda inginkan, termasuk What', 'Anda kemudian dapat menyalin dan menempelkan teks berulang Anda di mana pun Anda inginkan, termasuk What', 'misi Penjelasan Pokok visi Pengulang teks adalah tool online sederhana yang memungkinkan Anda mengulang teks sebanyak yang Anda inginkan. Anda kemudian dapat menyalin dan menempelkan teks berulang Anda di mana pun Anda inginkan, termasuk What', 75, '2025-09-15 11:46:37', '2025-09-15 11:46:37', NULL),
(11, 'ujicoba arah kebijakan', 'ujicoba arah kebijakan', 'ujicoba', 'ujicoba', 76, '2025-09-15 11:46:38', '2025-09-15 11:46:38', NULL),
(12, 'Anda kemudian dapat menyalin dan menempelkan teks berulang Anda di mana pun Anda inginkan, termasuk What', 'Anda kemudian dapat menyalin dan menempelkan teks berulang Anda di mana pun Anda inginkan, termasuk What', 'Anda kemudian dapat menyalin dan menempelkan teks berulang Anda di mana pun Anda inginkan, termasuk What', 'misi Penjelasan Pokok visi Pengulang teks adalah tool online sederhana yang memungkinkan Anda mengulang teks sebanyak yang Anda inginkan. Anda kemudian dapat menyalin dan menempelkan teks berulang Anda di mana pun Anda inginkan, termasuk What', 78, '2025-09-15 11:46:38', '2025-09-15 11:46:38', NULL),
(13, 'ujicoba arah kebijakan', 'ujicoba arah kebijakan', 'ujicoba', 'ujicoba', 79, '2025-09-15 12:53:39', '2025-09-15 12:53:39', NULL),
(14, 'ujicoba arah kebijakan', 'ujicoba arah kebijakan', 'ujicoba', 'ujicoba', 81, '2025-09-15 12:53:39', '2025-09-15 12:53:39', NULL),
(15, 'ujicoba arah kebijakan', 'ujicoba arah kebijakan', 'ujicoba', 'ujicoba', 83, '2025-09-15 12:53:39', '2025-09-15 12:53:39', NULL),
(16, 'ujicoba arah kebijakan', 'ujicoba arah kebijakan', 'ujicoba', 'ujicoba', 85, '2025-09-15 12:53:39', '2025-09-15 12:53:39', NULL),
(17, 'ujicoba arah kebijakan', 'ujicoba arah kebijakan', 'ujicoba', 'ujicoba', 87, '2025-09-15 12:53:39', '2025-09-15 12:53:39', NULL),
(18, 'Anda kemudian dapat menyalin dan menempelkan teks berulang Anda di mana pun Anda inginkan, termasuk What', 'Anda kemudian dapat menyalin dan menempelkan teks berulang Anda di mana pun Anda inginkan, termasuk What', 'Anda kemudian dapat menyalin dan menempelkan teks berulang Anda di mana pun Anda inginkan, termasuk What', 'misi Penjelasan Pokok visi Pengulang teks adalah tool online sederhana yang memungkinkan Anda mengulang teks sebanyak yang Anda inginkan. Anda kemudian dapat menyalin dan menempelkan teks berulang Anda di mana pun Anda inginkan, termasuk What', 89, '2025-09-15 12:53:40', '2025-09-15 12:53:40', NULL),
(19, 'Anda kemudian dapat menyalin dan menempelkan teks berulang Anda di mana pun Anda inginkan, termasuk What', 'Anda kemudian dapat menyalin dan menempelkan teks berulang Anda di mana pun Anda inginkan, termasuk What', 'Anda kemudian dapat menyalin dan menempelkan teks berulang Anda di mana pun Anda inginkan, termasuk What', 'misi Penjelasan Pokok visi Pengulang teks adalah tool online sederhana yang memungkinkan Anda mengulang teks sebanyak yang Anda inginkan. Anda kemudian dapat menyalin dan menempelkan teks berulang Anda di mana pun Anda inginkan, termasuk What', 90, '2025-09-15 12:53:40', '2025-09-15 12:53:40', NULL),
(20, 'ujicoba arah kebijakan', 'ujicoba arah kebijakan', 'ujicoba', 'ujicoba', 91, '2025-09-22 00:20:21', '2025-09-22 00:20:21', NULL),
(21, 'ujicoba arah kebijakan', 'ujicoba arah kebijakan', 'ujicoba', 'ujicoba', 93, '2025-09-22 00:20:21', '2025-09-22 00:20:21', NULL),
(22, 'ujicoba arah kebijakan', 'ujicoba arah kebijakan', 'ujicoba', 'ujicoba', 95, '2025-09-22 00:20:22', '2025-09-22 00:20:22', NULL),
(23, 'ujicoba arah kebijakan', 'ujicoba arah kebijakan', 'ujicoba', 'ujicoba', 97, '2025-09-22 00:20:22', '2025-09-22 00:20:22', NULL),
(24, 'ujicoba arah kebijakan', 'ujicoba arah kebijakan', 'ujicoba', 'ujicoba', 99, '2025-09-22 00:20:22', '2025-09-22 00:20:22', NULL),
(25, 'Anda kemudian dapat menyalin dan menempelkan teks berulang Anda di mana pun Anda inginkan, termasuk What', 'Anda kemudian dapat menyalin dan menempelkan teks berulang Anda di mana pun Anda inginkan, termasuk What', 'Anda kemudian dapat menyalin dan menempelkan teks berulang Anda di mana pun Anda inginkan, termasuk What', 'misi Penjelasan Pokok visi Pengulang teks adalah tool online sederhana yang memungkinkan Anda mengulang teks sebanyak yang Anda inginkan. Anda kemudian dapat menyalin dan menempelkan teks berulang Anda di mana pun Anda inginkan, termasuk What', 101, '2025-09-22 00:20:22', '2025-09-22 00:20:22', NULL),
(26, 'Anda kemudian dapat menyalin dan menempelkan teks berulang Anda di mana pun Anda inginkan, termasuk What', 'Anda kemudian dapat menyalin dan menempelkan teks berulang Anda di mana pun Anda inginkan, termasuk What', 'Anda kemudian dapat menyalin dan menempelkan teks berulang Anda di mana pun Anda inginkan, termasuk What', 'misi Penjelasan Pokok visi Pengulang teks adalah tool online sederhana yang memungkinkan Anda mengulang teks sebanyak yang Anda inginkan. Anda kemudian dapat menyalin dan menempelkan teks berulang Anda di mana pun Anda inginkan, termasuk What', 102, '2025-09-22 00:20:22', '2025-09-22 00:20:22', NULL);

-- --------------------------------------------------------

--
-- Table structure for table `rpjpd_arah_pembangunan`
--

CREATE TABLE `rpjpd_arah_pembangunan` (
  `id` bigint UNSIGNED NOT NULL,
  `uraian_arah_pembangunan` varchar(255) CHARACTER SET utf8mb4 COLLATE utf8mb4_0900_ai_ci NOT NULL,
  `id_sasaran_pokok` bigint UNSIGNED NOT NULL,
  `created_at` datetime NOT NULL,
  `updated_at` datetime NOT NULL,
  `deleted_at` datetime DEFAULT NULL
) ENGINE=InnoDB DEFAULT CHARSET=utf8mb4 COLLATE=utf8mb4_0900_ai_ci;

--
-- Dumping data for table `rpjpd_arah_pembangunan`
--

INSERT INTO `rpjpd_arah_pembangunan` (`id`, `uraian_arah_pembangunan`, `id_sasaran_pokok`, `created_at`, `updated_at`, `deleted_at`) VALUES
(80, 'uji ini', 60, '2025-08-24 22:05:20', '2025-08-24 22:05:20', NULL),
(81, 'arah pembangunan Pengulang teks adalah tool online sederhana yang memungkinkan Anda mengulang teks sebanyak yang Anda inginkan. Anda kemudian dapat menyalin dan menempelkan teks berulang Anda di mana pun Anda inginkan, termasuk What', 61, '2025-08-24 22:06:15', '2025-09-13 01:01:54', NULL),
(82, 'sasaran pokok', 62, '2025-08-28 10:56:06', '2025-08-28 10:56:06', NULL),
(83, 'sasaran pokok', 63, '2025-09-15 11:30:46', '2025-09-15 11:30:46', NULL),
(84, 'arah pembangunan Pengulang teks adalah tool online sederhana yang memungkinkan Anda mengulang teks sebanyak yang Anda inginkan. Anda kemudian dapat menyalin dan menempelkan teks berulang Anda di mana pun Anda inginkan, termasuk What', 64, '2025-09-15 11:30:46', '2025-09-15 11:30:46', NULL),
(85, 'sasaran pokok', 65, '2025-09-15 11:46:37', '2025-09-15 11:46:37', NULL),
(86, 'sasaran pokok', 66, '2025-09-15 11:46:37', '2025-09-15 11:46:37', NULL),
(87, 'sasaran pokok', 67, '2025-09-15 11:46:37', '2025-09-15 11:46:37', NULL),
(88, 'sasaran pokok', 68, '2025-09-15 11:46:37', '2025-09-15 11:46:37', NULL),
(89, 'arah pembangunan Pengulang teks adalah tool online sederhana yang memungkinkan Anda mengulang teks sebanyak yang Anda inginkan. Anda kemudian dapat menyalin dan menempelkan teks berulang Anda di mana pun Anda inginkan, termasuk What', 69, '2025-09-15 11:46:37', '2025-09-15 11:46:37', NULL),
(90, 'sasaran pokok', 70, '2025-09-15 11:46:38', '2025-09-15 11:46:38', NULL),
(91, 'arah pembangunan Pengulang teks adalah tool online sederhana yang memungkinkan Anda mengulang teks sebanyak yang Anda inginkan. Anda kemudian dapat menyalin dan menempelkan teks berulang Anda di mana pun Anda inginkan, termasuk What', 71, '2025-09-15 11:46:38', '2025-09-15 11:46:38', NULL),
(92, 'sasaran pokok', 72, '2025-09-15 12:53:39', '2025-09-15 12:53:39', NULL),
(93, 'sasaran pokok', 73, '2025-09-15 12:53:39', '2025-09-15 12:53:39', NULL),
(94, 'sasaran pokok', 74, '2025-09-15 12:53:39', '2025-09-15 12:53:39', NULL),
(95, 'sasaran pokok', 75, '2025-09-15 12:53:39', '2025-09-15 12:53:39', NULL),
(96, 'sasaran pokok', 76, '2025-09-15 12:53:40', '2025-09-15 12:53:40', NULL),
(97, 'arah pembangunan Pengulang teks adalah tool online sederhana yang memungkinkan Anda mengulang teks sebanyak yang Anda inginkan. Anda kemudian dapat menyalin dan menempelkan teks berulang Anda di mana pun Anda inginkan, termasuk What', 77, '2025-09-15 12:53:40', '2025-09-15 12:53:40', NULL),
(98, 'arah pembangunan Pengulang teks adalah tool online sederhana yang memungkinkan Anda mengulang teks sebanyak yang Anda inginkan. Anda kemudian dapat menyalin dan menempelkan teks berulang Anda di mana pun Anda inginkan, termasuk What', 78, '2025-09-15 12:53:40', '2025-09-15 12:53:40', NULL),
(99, 'sasaran pokok', 79, '2025-09-22 00:20:21', '2025-09-22 00:20:21', NULL),
(100, 'sasaran pokok', 80, '2025-09-22 00:20:21', '2025-09-22 00:20:21', NULL),
(101, 'sasaran pokok', 81, '2025-09-22 00:20:22', '2025-09-22 00:20:22', NULL),
(102, 'sasaran pokok', 82, '2025-09-22 00:20:22', '2025-09-22 00:20:22', NULL),
(103, 'sasaran pokok', 83, '2025-09-22 00:20:22', '2025-09-22 00:20:22', NULL),
(104, 'arah pembangunan Pengulang teks adalah tool online sederhana yang memungkinkan Anda mengulang teks sebanyak yang Anda inginkan. Anda kemudian dapat menyalin dan menempelkan teks berulang Anda di mana pun Anda inginkan, termasuk What', 84, '2025-09-22 00:20:22', '2025-09-22 00:20:22', NULL),
(105, 'arah pembangunan Pengulang teks adalah tool online sederhana yang memungkinkan Anda mengulang teks sebanyak yang Anda inginkan. Anda kemudian dapat menyalin dan menempelkan teks berulang Anda di mana pun Anda inginkan, termasuk What', 85, '2025-09-22 00:20:22', '2025-09-22 00:20:22', NULL);

-- --------------------------------------------------------

--
-- Table structure for table `rpjpd_header_arah_kebijakan`
--

CREATE TABLE `rpjpd_header_arah_kebijakan` (
  `id` bigint UNSIGNED NOT NULL,
  `header_tahap_I` text NOT NULL,
  `header_tahap_II` text NOT NULL,
  `header_tahap_III` text NOT NULL,
  `header_tahap_IV` text NOT NULL,
  `id_tahapan` bigint UNSIGNED NOT NULL,
  `created_at` datetime NOT NULL,
  `updated_at` datetime NOT NULL,
  `deleted_at` datetime DEFAULT NULL
) ENGINE=InnoDB DEFAULT CHARSET=utf8mb4 COLLATE=utf8mb4_0900_ai_ci;

--
-- Dumping data for table `rpjpd_header_arah_kebijakan`
--

INSERT INTO `rpjpd_header_arah_kebijakan` (`id`, `header_tahap_I`, `header_tahap_II`, `header_tahap_III`, `header_tahap_IV`, `id_tahapan`, `created_at`, `updated_at`, `deleted_at`) VALUES
(1, 'indonesia', 'merdeka', 'tahun ', '1945', 83, '2025-08-24 21:59:15', '2025-08-24 21:59:15', NULL),
(2, 'Anda kemudian dapat menyalin dan menempelkan teks berulang Anda di mana pun Anda inginkan, termasuk What', 'Anda kemudian dapat menyalin dan menempelkan teks berulang Anda di mana pun Anda inginkan, termasuk What', 'Anda kemudian dapat menyalin dan menempelkan teks berulang Anda di mana pun Anda inginkan, termasuk What', 'Anda kemudian dapat menyalin dan menempelkan teks berulang Anda di mana pun Anda inginkan, termasuk What', 84, '2025-08-24 22:06:15', '2025-09-08 14:04:25', NULL),
(3, 'Anda kemudian dapat menyalin dan menempelkan teks berulang Anda di mana pun Anda inginkan, termasuk What', 'Anda kemudian dapat menyalin dan menempelkan teks berulang Anda di mana pun Anda inginkan, termasuk What', 'Anda kemudian dapat menyalin dan menempelkan teks berulang Anda di mana pun Anda inginkan, termasuk What', 'Anda kemudian dapat menyalin dan menempelkan teks berulang Anda di mana pun Anda inginkan, termasuk What', 86, '2025-09-15 11:30:46', '2025-09-15 11:30:46', NULL),
(4, 'Anda kemudian dapat menyalin dan menempelkan teks berulang Anda di mana pun Anda inginkan, termasuk What', 'Anda kemudian dapat menyalin dan menempelkan teks berulang Anda di mana pun Anda inginkan, termasuk What', 'Anda kemudian dapat menyalin dan menempelkan teks berulang Anda di mana pun Anda inginkan, termasuk What', 'Anda kemudian dapat menyalin dan menempelkan teks berulang Anda di mana pun Anda inginkan, termasuk What', 87, '2025-09-15 11:46:38', '2025-09-15 11:46:38', NULL),
(5, 'Anda kemudian dapat menyalin dan menempelkan teks berulang Anda di mana pun Anda inginkan, termasuk What', 'Anda kemudian dapat menyalin dan menempelkan teks berulang Anda di mana pun Anda inginkan, termasuk What', 'Anda kemudian dapat menyalin dan menempelkan teks berulang Anda di mana pun Anda inginkan, termasuk What', 'Anda kemudian dapat menyalin dan menempelkan teks berulang Anda di mana pun Anda inginkan, termasuk What', 88, '2025-09-15 12:53:40', '2025-09-15 12:53:40', NULL),
(6, 'Anda kemudian dapat menyalin dan menempelkan teks berulang Anda di mana pun Anda inginkan, termasuk What', 'Anda kemudian dapat menyalin dan menempelkan teks berulang Anda di mana pun Anda inginkan, termasuk What', 'Anda kemudian dapat menyalin dan menempelkan teks berulang Anda di mana pun Anda inginkan, termasuk What', 'Anda kemudian dapat menyalin dan menempelkan teks berulang Anda di mana pun Anda inginkan, termasuk What', 89, '2025-09-22 00:20:22', '2025-09-22 00:20:22', NULL);

-- --------------------------------------------------------

--
-- Table structure for table `rpjpd_indikator_sasaran_visi`
--

CREATE TABLE `rpjpd_indikator_sasaran_visi` (
  `id` bigint UNSIGNED NOT NULL,
  `uraian_indikator_sasaran_visi` varchar(255) CHARACTER SET utf8mb4 COLLATE utf8mb4_0900_ai_ci NOT NULL,
  `satuan` varchar(255) NOT NULL,
  `baseline` varchar(255) CHARACTER SET utf8mb4 COLLATE utf8mb4_0900_ai_ci NOT NULL,
  `target_tahap_I` varchar(255) CHARACTER SET utf8mb4 COLLATE utf8mb4_0900_ai_ci NOT NULL,
  `target_tahap_II` varchar(255) CHARACTER SET utf8mb4 COLLATE utf8mb4_0900_ai_ci NOT NULL,
  `target_tahap_III` varchar(255) CHARACTER SET utf8mb4 COLLATE utf8mb4_0900_ai_ci NOT NULL,
  `target_tahap_IV` varchar(255) CHARACTER SET utf8mb4 COLLATE utf8mb4_0900_ai_ci NOT NULL,
  `definisi_op` varchar(255) NOT NULL,
  `formulasi` text NOT NULL,
  `id_sasaran_visi` bigint UNSIGNED NOT NULL,
  `created_at` datetime NOT NULL,
  `updated_at` datetime NOT NULL,
  `deleted_at` datetime DEFAULT NULL
) ENGINE=InnoDB DEFAULT CHARSET=utf8mb4 COLLATE=utf8mb4_0900_ai_ci;

--
-- Dumping data for table `rpjpd_indikator_sasaran_visi`
--

INSERT INTO `rpjpd_indikator_sasaran_visi` (`id`, `uraian_indikator_sasaran_visi`, `satuan`, `baseline`, `target_tahap_I`, `target_tahap_II`, `target_tahap_III`, `target_tahap_IV`, `definisi_op`, `formulasi`, `id_sasaran_visi`, `created_at`, `updated_at`, `deleted_at`) VALUES
(135, 'ujicoba', 'indeks', '200', '20', '20', '20', '02', 'Pengulang teks adalah tool online sederhana yang memungkinkan Anda mengulang teks sebanyak yang Anda inginkan. Anda kemudian dapat menyalin dan menempelkan teks berulang Anda di mana pun Anda inginkan, termasuk WhatsApp, Messenger, SMS, Telegram', 'Pengulang teks adalah tool online sederhana yang memungkinkan Anda mengulang teks sebanyak yang Anda inginkan. Anda kemudian dapat menyalin dan menempelkan teks berulang Anda di mana pun Anda inginkan, termasuk WhatsApp, Messenger, SMS, Telegram', 73, '2025-08-24 21:44:48', '2025-08-24 21:44:48', NULL),
(136, 'ujicoba', 'indeks', '200', '20', '20', '20', '30', 'Pengulang teks adalah tool online sederhana yang memungkinkan Anda mengulang teks sebanyak yang Anda inginkan. Anda kemudian dapat menyalin dan menempelkan teks berulang Anda di mana pun Anda inginkan, termasuk WhatsApp, Messenger, SMS, Telegram', 'Pengulang teks adalah tool online sederhana yang memungkinkan Anda mengulang teks sebanyak yang Anda inginkan. Anda kemudian dapat menyalin dan menempelkan teks berulang Anda di mana pun Anda inginkan, termasuk WhatsApp, Messenger, SMS, Telegram', 74, '2025-08-24 22:06:15', '2025-09-07 01:51:14', '2025-09-07 01:51:14'),
(137, 'Ujicoba tambah', 'indeks', '100', '100', '100', '100', '100', 'definisi OP adalah tool online sederhana yang memungkinkan Anda mengulang teks sebanyak yang Anda inginkan. Anda kemudian dapat menyalin dan menempelkan teks berulang Anda di mana pun Anda inginkan, termasuk WhatsApp, Messenge', 'Pengulang teks adalah tool online sederhana yang memungkinkan Anda mengulang teks sebanyak yang Anda inginkan. Anda kemudian dapat menyalin dan menempelkan teks berulang Anda di mana pun Anda inginkan, termasuk WhatsApp, Messenger, SMS, Telegram, atau media sosial lainnya.Pengulang teks adalah tool online sederhana yang memungkinkan Anda mengulang teks sebanyak yang Anda inginkan. Anda kemudian dapat menyalin dan menempelkan teks berulang Anda di mana pun Anda inginkan, termasuk WhatsApp, Messenger, SMS, Telegram, atau media sosial lainnya\r\n\r\nFORMULASI', 74, '2025-09-04 13:46:42', '2025-09-06 23:51:32', NULL),
(138, 'ujicoba', 'indeks', '200', '20', '20', '20', '30', 'Pengulang teks adalah tool online sederhana yang memungkinkan Anda mengulang teks sebanyak yang Anda inginkan. Anda kemudian dapat menyalin dan menempelkan teks berulang Anda di mana pun Anda inginkan, termasuk WhatsApp, Messenger, SMS, Telegram', 'Pengulang teks adalah tool online sederhana yang memungkinkan Anda mengulang teks sebanyak yang Anda inginkan. Anda kemudian dapat menyalin dan menempelkan teks berulang Anda di mana pun Anda inginkan, termasuk WhatsApp, Messenger, SMS, Telegram', 76, '2025-09-15 11:30:46', '2025-09-15 11:30:46', '2025-09-07 01:51:14'),
(139, 'Ujicoba tambah', 'indeks', '100', '100', '100', '100', '100', 'definisi OP adalah tool online sederhana yang memungkinkan Anda mengulang teks sebanyak yang Anda inginkan. Anda kemudian dapat menyalin dan menempelkan teks berulang Anda di mana pun Anda inginkan, termasuk WhatsApp, Messenge', 'Pengulang teks adalah tool online sederhana yang memungkinkan Anda mengulang teks sebanyak yang Anda inginkan. Anda kemudian dapat menyalin dan menempelkan teks berulang Anda di mana pun Anda inginkan, termasuk WhatsApp, Messenger, SMS, Telegram, atau media sosial lainnya.Pengulang teks adalah tool online sederhana yang memungkinkan Anda mengulang teks sebanyak yang Anda inginkan. Anda kemudian dapat menyalin dan menempelkan teks berulang Anda di mana pun Anda inginkan, termasuk WhatsApp, Messenger, SMS, Telegram, atau media sosial lainnya\r\n\r\nFORMULASI', 76, '2025-09-15 11:30:46', '2025-09-15 11:30:46', NULL),
(140, 'ujicoba', 'indeks', '200', '20', '20', '20', '30', 'Pengulang teks adalah tool online sederhana yang memungkinkan Anda mengulang teks sebanyak yang Anda inginkan. Anda kemudian dapat menyalin dan menempelkan teks berulang Anda di mana pun Anda inginkan, termasuk WhatsApp, Messenger, SMS, Telegram', 'Pengulang teks adalah tool online sederhana yang memungkinkan Anda mengulang teks sebanyak yang Anda inginkan. Anda kemudian dapat menyalin dan menempelkan teks berulang Anda di mana pun Anda inginkan, termasuk WhatsApp, Messenger, SMS, Telegram', 78, '2025-09-15 11:46:37', '2025-09-15 11:46:37', '2025-09-07 01:51:14'),
(141, 'Ujicoba tambah', 'indeks', '100', '100', '100', '100', '100', 'definisi OP adalah tool online sederhana yang memungkinkan Anda mengulang teks sebanyak yang Anda inginkan. Anda kemudian dapat menyalin dan menempelkan teks berulang Anda di mana pun Anda inginkan, termasuk WhatsApp, Messenge', 'Pengulang teks adalah tool online sederhana yang memungkinkan Anda mengulang teks sebanyak yang Anda inginkan. Anda kemudian dapat menyalin dan menempelkan teks berulang Anda di mana pun Anda inginkan, termasuk WhatsApp, Messenger, SMS, Telegram, atau media sosial lainnya.Pengulang teks adalah tool online sederhana yang memungkinkan Anda mengulang teks sebanyak yang Anda inginkan. Anda kemudian dapat menyalin dan menempelkan teks berulang Anda di mana pun Anda inginkan, termasuk WhatsApp, Messenger, SMS, Telegram, atau media sosial lainnya\r\n\r\nFORMULASI', 78, '2025-09-15 11:46:37', '2025-09-15 11:46:37', NULL),
(142, 'ujicoba', 'indeks', '200', '20', '20', '20', '30', 'Pengulang teks adalah tool online sederhana yang memungkinkan Anda mengulang teks sebanyak yang Anda inginkan. Anda kemudian dapat menyalin dan menempelkan teks berulang Anda di mana pun Anda inginkan, termasuk WhatsApp, Messenger, SMS, Telegram', 'Pengulang teks adalah tool online sederhana yang memungkinkan Anda mengulang teks sebanyak yang Anda inginkan. Anda kemudian dapat menyalin dan menempelkan teks berulang Anda di mana pun Anda inginkan, termasuk WhatsApp, Messenger, SMS, Telegram', 80, '2025-09-15 12:53:39', '2025-09-15 12:53:39', '2025-09-07 01:51:14'),
(143, 'Ujicoba tambah', 'indeks', '100', '100', '100', '100', '100', 'definisi OP adalah tool online sederhana yang memungkinkan Anda mengulang teks sebanyak yang Anda inginkan. Anda kemudian dapat menyalin dan menempelkan teks berulang Anda di mana pun Anda inginkan, termasuk WhatsApp, Messenge', 'Pengulang teks adalah tool online sederhana yang memungkinkan Anda mengulang teks sebanyak yang Anda inginkan. Anda kemudian dapat menyalin dan menempelkan teks berulang Anda di mana pun Anda inginkan, termasuk WhatsApp, Messenger, SMS, Telegram, atau media sosial lainnya.Pengulang teks adalah tool online sederhana yang memungkinkan Anda mengulang teks sebanyak yang Anda inginkan. Anda kemudian dapat menyalin dan menempelkan teks berulang Anda di mana pun Anda inginkan, termasuk WhatsApp, Messenger, SMS, Telegram, atau media sosial lainnya\r\n\r\nFORMULASI', 80, '2025-09-15 12:53:39', '2025-09-15 12:53:39', NULL),
(144, 'ujicoba', 'indeks', '200', '20', '20', '20', '30', 'Pengulang teks adalah tool online sederhana yang memungkinkan Anda mengulang teks sebanyak yang Anda inginkan. Anda kemudian dapat menyalin dan menempelkan teks berulang Anda di mana pun Anda inginkan, termasuk WhatsApp, Messenger, SMS, Telegram', 'Pengulang teks adalah tool online sederhana yang memungkinkan Anda mengulang teks sebanyak yang Anda inginkan. Anda kemudian dapat menyalin dan menempelkan teks berulang Anda di mana pun Anda inginkan, termasuk WhatsApp, Messenger, SMS, Telegram', 82, '2025-09-22 00:20:21', '2025-09-22 00:20:21', '2025-09-07 01:51:14'),
(145, 'Ujicoba tambah', 'indeks', '100', '100', '100', '100', '100', 'definisi OP adalah tool online sederhana yang memungkinkan Anda mengulang teks sebanyak yang Anda inginkan. Anda kemudian dapat menyalin dan menempelkan teks berulang Anda di mana pun Anda inginkan, termasuk WhatsApp, Messenge', 'Pengulang teks adalah tool online sederhana yang memungkinkan Anda mengulang teks sebanyak yang Anda inginkan. Anda kemudian dapat menyalin dan menempelkan teks berulang Anda di mana pun Anda inginkan, termasuk WhatsApp, Messenger, SMS, Telegram, atau media sosial lainnya.Pengulang teks adalah tool online sederhana yang memungkinkan Anda mengulang teks sebanyak yang Anda inginkan. Anda kemudian dapat menyalin dan menempelkan teks berulang Anda di mana pun Anda inginkan, termasuk WhatsApp, Messenger, SMS, Telegram, atau media sosial lainnya\r\n\r\nFORMULASI', 82, '2025-09-22 00:20:21', '2025-09-22 00:20:21', NULL);

-- --------------------------------------------------------

--
-- Table structure for table `rpjpd_indikator_utama_pembangunan`
--

CREATE TABLE `rpjpd_indikator_utama_pembangunan` (
  `id` bigint UNSIGNED NOT NULL,
  `uraian_iup` varchar(255) CHARACTER SET utf8mb4 COLLATE utf8mb4_0900_ai_ci NOT NULL,
  `definisi_op` text CHARACTER SET utf8mb4 COLLATE utf8mb4_0900_ai_ci,
  `formulasi` text CHARACTER SET utf8mb4 COLLATE utf8mb4_0900_ai_ci,
  `interpretasi` text CHARACTER SET utf8mb4 COLLATE utf8mb4_0900_ai_ci,
  `sumber_data` varchar(255) CHARACTER SET utf8mb4 COLLATE utf8mb4_0900_ai_ci DEFAULT NULL,
  `satuan` varchar(255) DEFAULT NULL,
  `baseline` varchar(255) CHARACTER SET utf8mb4 COLLATE utf8mb4_0900_ai_ci DEFAULT NULL,
  `target_tahap_I` varchar(255) CHARACTER SET utf8mb4 COLLATE utf8mb4_0900_ai_ci DEFAULT NULL,
  `target_tahap_II` varchar(255) CHARACTER SET utf8mb4 COLLATE utf8mb4_0900_ai_ci DEFAULT NULL,
  `target_tahap_III` varchar(255) CHARACTER SET utf8mb4 COLLATE utf8mb4_0900_ai_ci DEFAULT NULL,
  `target_tahap_IV` varchar(255) CHARACTER SET utf8mb4 COLLATE utf8mb4_0900_ai_ci DEFAULT NULL,
  `keterangan` text,
  `id_parent` bigint UNSIGNED DEFAULT NULL,
  `id_arah_pembangunan` bigint UNSIGNED NOT NULL,
  `id_opd` int UNSIGNED DEFAULT NULL,
  `created_at` datetime NOT NULL,
  `updated_at` datetime NOT NULL,
  `deleted_at` datetime DEFAULT NULL
) ENGINE=InnoDB DEFAULT CHARSET=utf8mb4 COLLATE=utf8mb4_0900_ai_ci;

--
-- Dumping data for table `rpjpd_indikator_utama_pembangunan`
--

INSERT INTO `rpjpd_indikator_utama_pembangunan` (`id`, `uraian_iup`, `definisi_op`, `formulasi`, `interpretasi`, `sumber_data`, `satuan`, `baseline`, `target_tahap_I`, `target_tahap_II`, `target_tahap_III`, `target_tahap_IV`, `keterangan`, `id_parent`, `id_arah_pembangunan`, `id_opd`, `created_at`, `updated_at`, `deleted_at`) VALUES
(1, 'uji ini', NULL, NULL, NULL, NULL, NULL, NULL, NULL, NULL, NULL, NULL, NULL, NULL, 80, NULL, '2025-08-24 22:05:41', '2025-08-24 22:05:41', NULL),
(2, 'bab ini menerangkan semua hal yang perlu diterangkan', NULL, NULL, NULL, NULL, NULL, NULL, NULL, NULL, NULL, NULL, NULL, NULL, 81, NULL, '2025-08-24 22:06:15', '2025-09-10 15:17:04', NULL),
(3, 'ujicoba', 'Pengulang teks adalah tool online sederhana yang memungkinkan Anda mengulang teks sebanyak yang Anda inginkan. Anda kemudian dapat menyalin dan menempelkan teks berulang Anda di mana pun Anda inginkan, termasuk WhatsApp, Messenger, SMS, Telegram', 'Pengulang teks adalah tool online sederhana yang memungkinkan Anda mengulang teks sebanyak yang Anda inginkan. Anda kemudian dapat menyalin dan menempelkan teks berulang Anda di mana pun Anda inginkan, termasuk WhatsApp, Messenger, SMS, Telegram', 'Pengulang teks adalah tool online sederhana yang memungkinkan Anda mengulang teks sebanyak yang Anda inginkan. Anda kemudian dapat menyalin dan menempelkan teks berulang Anda di mana pun Anda inginkan, termasuk WhatsApp, Messenger, SMS, Telegram', 'ujicoba', 'indeks', '100', '100', '100', '100', '100', NULL, 2, 81, NULL, '2025-08-26 11:45:58', '2025-09-10 13:17:18', NULL),
(4, 'indikator utama pembangunan', 'Pengulang teks adalah tool online sederhana yang memungkinkan Anda mengulang teks sebanyak yang Anda inginkan. Anda kemudian dapat menyalin dan menempelkan teks berulang Anda di mana pun Anda inginkan, termasuk WhatsApp, Messenger, SMS, Telegram', 'Pengulang teks adalah tool online sederhana yang memungkinkan Anda mengulang teks sebanyak yang Anda inginkan. Anda kemudian dapat menyalin dan menempelkan teks berulang Anda di mana pun Anda inginkan, termasuk WhatsApp, Messenger, SMS, Telegram', 'Pengulang teks adalah tool online sederhana yang memungkinkan Anda mengulang teks sebanyak yang Anda inginkan. Anda kemudian dapat menyalin dan menempelkan teks berulang Anda di mana pun Anda inginkan, termasuk WhatsApp, Messenger, SMS, Telegram', 'web', 'indeks', '20', '20', '20', '20', '20', NULL, NULL, 82, NULL, '2025-08-28 10:58:10', '2025-08-28 10:58:10', NULL),
(5, 'ujicoba', 'Dalam rangka meningkatkan kinerja lembaga dan kualitas pelayanan publik, Perpustakaan Umum Kota Pekalongan menyelenggarakan survei kepuasan masyarakat secara kontinue setiap tahun. Kuesioner survei ini disebarkan kepada para pengguna atau stakeholder yang pernah memanfaatkan jasa lembaga. Survei ini dilaksanakan berdasarkan Peraturan Menteri Pendayagunaan Aparatur Negara dan Reformasi Birokrasi Nomor 14 Tahun 2017 Tentang  Pedoman Penyusunan Survei Kepuasan Masyarakat. Berdasarkan peraturan tersebut ada sembilan indikator survei kepuasan masyarakat, yaitu: (1) persyaratan; (2) sistem, mekanisme, dan prosedur; (3) waktu penyelesaian; (4) biaya/tarif; (5) produk spesifikasi jenis pelayanan; (6) kompetensi pelaksana; (7) perilaku pelaksana; (8) penanganan pengaduan, saran, dan masukan; (9) sarana dan prasarana.', 'Dalam rangka meningkatkan kinerja lembaga dan kualitas pelayanan publik, Perpustakaan Umum Kota Pekalongan menyelenggarakan survei kepuasan masyarakat secara kontinue setiap tahun. Kuesioner survei ini disebarkan kepada para pengguna atau stakeholder yang pernah memanfaatkan jasa lembaga. Survei ini dilaksanakan berdasarkan Peraturan Menteri Pendayagunaan Aparatur Negara dan Reformasi Birokrasi Nomor 14 Tahun 2017 Tentang  Pedoman Penyusunan Survei Kepuasan Masyarakat. Berdasarkan peraturan tersebut ada sembilan indikator survei kepuasan masyarakat, yaitu: (1) persyaratan; (2) sistem, mekanisme, dan prosedur; (3) waktu penyelesaian; (4) biaya/tarif; (5) produk spesifikasi jenis pelayanan; (6) kompetensi pelaksana; (7) perilaku pelaksana; (8) penanganan pengaduan, saran, dan masukan; (9) sarana dan prasarana.', 'Dalam rangka meningkatkan kinerja lembaga dan kualitas pelayanan publik, Perpustakaan Umum Kota Pekalongan menyelenggarakan survei kepuasan masyarakat secara kontinue setiap tahun. Kuesioner survei ini disebarkan kepada para pengguna atau stakeholder yang pernah memanfaatkan jasa lembaga. Survei ini dilaksanakan berdasarkan Peraturan Menteri Pendayagunaan Aparatur Negara dan Reformasi Birokrasi Nomor 14 Tahun 2017 Tentang  Pedoman Penyusunan Survei Kepuasan Masyarakat. Berdasarkan peraturan tersebut ada sembilan indikator survei kepuasan masyarakat, yaitu: (1) persyaratan; (2) sistem, mekanisme, dan prosedur; (3) waktu penyelesaian; (4) biaya/tarif; (5) produk spesifikasi jenis pelayanan; (6) kompetensi pelaksana; (7) perilaku pelaksana; (8) penanganan pengaduan, saran, dan masukan; (9) sarana dan prasarana.', 'google', 'indeks', '100', '100', '100', '100', '100', NULL, NULL, 81, NULL, '2025-09-10 13:47:57', '2025-09-10 13:47:57', NULL),
(6, 'ujian', 'Dalam rangka meningkatkan kinerja lembaga dan kualitas pelayanan publik, Perpustakaan Umum Kota Pekalongan menyelenggarakan survei kepuasan masyarakat secara kontinue setiap tahun. Kuesioner survei ini disebarkan kepada para pengguna atau stakeholder yang pernah memanfaatkan jasa lembaga. Survei ini dilaksanakan berdasarkan Peraturan Menteri Pendayagunaan Aparatur Negara dan Reformasi Birokrasi Nomor 14 Tahun 2017 Tentang  Pedoman Penyusunan Survei Kepuasan Masyarakat. Berdasarkan peraturan tersebut ada sembilan indikator survei kepuasan masyarakat, yaitu: (1) persyaratan; (2) sistem, mekanisme, dan prosedur; (3) waktu penyelesaian; (4) biaya/tarif; (5) produk spesifikasi jenis pelayanan; (6) kompetensi pelaksana; (7) perilaku pelaksana; (8) penanganan pengaduan, saran, dan masukan; (9) sarana dan prasarana.', 'Dalam rangka meningkatkan kinerja lembaga dan kualitas pelayanan publik, Perpustakaan Umum Kota Pekalongan menyelenggarakan survei kepuasan masyarakat secara kontinue setiap tahun. Kuesioner survei ini disebarkan kepada para pengguna atau stakeholder yang pernah memanfaatkan jasa lembaga. Survei ini dilaksanakan berdasarkan Peraturan Menteri Pendayagunaan Aparatur Negara dan Reformasi Birokrasi Nomor 14 Tahun 2017 Tentang  Pedoman Penyusunan Survei Kepuasan Masyarakat. Berdasarkan peraturan tersebut ada sembilan indikator survei kepuasan masyarakat, yaitu: (1) persyaratan; (2) sistem, mekanisme, dan prosedur; (3) waktu penyelesaian; (4) biaya/tarif; (5) produk spesifikasi jenis pelayanan; (6) kompetensi pelaksana; (7) perilaku pelaksana; (8) penanganan pengaduan, saran, dan masukan; (9) sarana dan prasarana.', 'Dalam rangka meningkatkan kinerja lembaga dan kualitas pelayanan publik, Perpustakaan Umum Kota Pekalongan menyelenggarakan survei kepuasan masyarakat secara kontinue setiap tahun. Kuesioner survei ini disebarkan kepada para pengguna atau stakeholder yang pernah memanfaatkan jasa lembaga. Survei ini dilaksanakan berdasarkan Peraturan Menteri Pendayagunaan Aparatur Negara dan Reformasi Birokrasi Nomor 14 Tahun 2017 Tentang  Pedoman Penyusunan Survei Kepuasan Masyarakat. Berdasarkan peraturan tersebut ada sembilan indikator survei kepuasan masyarakat, yaitu: (1) persyaratan; (2) sistem, mekanisme, dan prosedur; (3) waktu penyelesaian; (4) biaya/tarif; (5) produk spesifikasi jenis pelayanan; (6) kompetensi pelaksana; (7) perilaku pelaksana; (8) penanganan pengaduan, saran, dan masukan; (9) sarana dan prasarana.', 'perpus', 'indeks', '100', '100', '100', '100', '99', 'keterangan ini meningkatkan kinerja lembaga dan kualitas pelayanan publik, Perpustakaan Umum Kota Pekalongan menyelenggarakan survei kepuasan masyarakat. Kuesioner apakah bisa disebarkan kepada para pengguna atau stakeholder yang pernah memanfaatkan jasa lembaga. Survei ini dilaksanakan berdasarkan Peraturan Menteri Pendayagunaan Aparatur Negara dan Reformasi Birokrasi Nomor 14 Tahun 2017 Tentang  Pedoman Penyusunan Survei Kepuasan Masyarakat. Berdasarkan peraturan tersebut ada sembilan indikator survei kepuasan masyarakat, yaitu: (1) persyaratan; (2) sistem, mekanisme, dan prosedur; (3) waktu penyelesaian; (4) biaya/tarif; (5) produk spesifikasi jenis pelayanan; (6) kompetensi pelaksana; (7) perilaku pelaksana; (8) penanganan pengaduan, saran, dan masukan; (9) sarana dan prasarana.', NULL, 81, 8, '2025-09-10 13:50:57', '2025-09-13 01:09:42', '2025-09-13 01:09:42'),
(7, 'uji coba', NULL, NULL, NULL, NULL, NULL, NULL, NULL, NULL, NULL, NULL, NULL, 2, 81, NULL, '2025-09-10 14:28:51', '2025-09-10 14:28:51', NULL),
(8, 'ujicobaaaa', NULL, NULL, NULL, NULL, NULL, NULL, NULL, NULL, NULL, NULL, NULL, 7, 81, NULL, '2025-09-10 14:29:21', '2025-09-10 14:29:21', NULL),
(9, 'indikator utama pembangunan', 'Pengulang teks adalah tool online sederhana yang memungkinkan Anda mengulang teks sebanyak yang Anda inginkan. Anda kemudian dapat menyalin dan menempelkan teks berulang Anda di mana pun Anda inginkan, termasuk WhatsApp, Messenger, SMS, Telegram', 'Pengulang teks adalah tool online sederhana yang memungkinkan Anda mengulang teks sebanyak yang Anda inginkan. Anda kemudian dapat menyalin dan menempelkan teks berulang Anda di mana pun Anda inginkan, termasuk WhatsApp, Messenger, SMS, Telegram', 'Pengulang teks adalah tool online sederhana yang memungkinkan Anda mengulang teks sebanyak yang Anda inginkan. Anda kemudian dapat menyalin dan menempelkan teks berulang Anda di mana pun Anda inginkan, termasuk WhatsApp, Messenger, SMS, Telegram', 'web', 'indeks', '20', '20', '20', '20', '20', NULL, NULL, 83, NULL, '2025-09-15 11:30:46', '2025-09-15 11:30:46', NULL),
(10, 'bab ini menerangkan semua hal yang perlu diterangkan', NULL, NULL, NULL, NULL, NULL, NULL, NULL, NULL, NULL, NULL, NULL, NULL, 84, NULL, '2025-09-15 11:30:46', '2025-09-15 11:30:46', NULL),
(11, 'ujicoba', 'Pengulang teks adalah tool online sederhana yang memungkinkan Anda mengulang teks sebanyak yang Anda inginkan. Anda kemudian dapat menyalin dan menempelkan teks berulang Anda di mana pun Anda inginkan, termasuk WhatsApp, Messenger, SMS, Telegram', 'Pengulang teks adalah tool online sederhana yang memungkinkan Anda mengulang teks sebanyak yang Anda inginkan. Anda kemudian dapat menyalin dan menempelkan teks berulang Anda di mana pun Anda inginkan, termasuk WhatsApp, Messenger, SMS, Telegram', 'Pengulang teks adalah tool online sederhana yang memungkinkan Anda mengulang teks sebanyak yang Anda inginkan. Anda kemudian dapat menyalin dan menempelkan teks berulang Anda di mana pun Anda inginkan, termasuk WhatsApp, Messenger, SMS, Telegram', 'ujicoba', 'indeks', '100', '100', '100', '100', '100', NULL, 10, 84, NULL, '2025-09-15 11:30:46', '2025-09-15 11:30:46', NULL),
(12, 'ujicoba', 'Dalam rangka meningkatkan kinerja lembaga dan kualitas pelayanan publik, Perpustakaan Umum Kota Pekalongan menyelenggarakan survei kepuasan masyarakat secara kontinue setiap tahun. Kuesioner survei ini disebarkan kepada para pengguna atau stakeholder yang pernah memanfaatkan jasa lembaga. Survei ini dilaksanakan berdasarkan Peraturan Menteri Pendayagunaan Aparatur Negara dan Reformasi Birokrasi Nomor 14 Tahun 2017 Tentang  Pedoman Penyusunan Survei Kepuasan Masyarakat. Berdasarkan peraturan tersebut ada sembilan indikator survei kepuasan masyarakat, yaitu: (1) persyaratan; (2) sistem, mekanisme, dan prosedur; (3) waktu penyelesaian; (4) biaya/tarif; (5) produk spesifikasi jenis pelayanan; (6) kompetensi pelaksana; (7) perilaku pelaksana; (8) penanganan pengaduan, saran, dan masukan; (9) sarana dan prasarana.', 'Dalam rangka meningkatkan kinerja lembaga dan kualitas pelayanan publik, Perpustakaan Umum Kota Pekalongan menyelenggarakan survei kepuasan masyarakat secara kontinue setiap tahun. Kuesioner survei ini disebarkan kepada para pengguna atau stakeholder yang pernah memanfaatkan jasa lembaga. Survei ini dilaksanakan berdasarkan Peraturan Menteri Pendayagunaan Aparatur Negara dan Reformasi Birokrasi Nomor 14 Tahun 2017 Tentang  Pedoman Penyusunan Survei Kepuasan Masyarakat. Berdasarkan peraturan tersebut ada sembilan indikator survei kepuasan masyarakat, yaitu: (1) persyaratan; (2) sistem, mekanisme, dan prosedur; (3) waktu penyelesaian; (4) biaya/tarif; (5) produk spesifikasi jenis pelayanan; (6) kompetensi pelaksana; (7) perilaku pelaksana; (8) penanganan pengaduan, saran, dan masukan; (9) sarana dan prasarana.', 'Dalam rangka meningkatkan kinerja lembaga dan kualitas pelayanan publik, Perpustakaan Umum Kota Pekalongan menyelenggarakan survei kepuasan masyarakat secara kontinue setiap tahun. Kuesioner survei ini disebarkan kepada para pengguna atau stakeholder yang pernah memanfaatkan jasa lembaga. Survei ini dilaksanakan berdasarkan Peraturan Menteri Pendayagunaan Aparatur Negara dan Reformasi Birokrasi Nomor 14 Tahun 2017 Tentang  Pedoman Penyusunan Survei Kepuasan Masyarakat. Berdasarkan peraturan tersebut ada sembilan indikator survei kepuasan masyarakat, yaitu: (1) persyaratan; (2) sistem, mekanisme, dan prosedur; (3) waktu penyelesaian; (4) biaya/tarif; (5) produk spesifikasi jenis pelayanan; (6) kompetensi pelaksana; (7) perilaku pelaksana; (8) penanganan pengaduan, saran, dan masukan; (9) sarana dan prasarana.', 'google', 'indeks', '100', '100', '100', '100', '100', NULL, NULL, 84, NULL, '2025-09-15 11:30:46', '2025-09-15 11:30:46', NULL),
(13, 'ujian', 'Dalam rangka meningkatkan kinerja lembaga dan kualitas pelayanan publik, Perpustakaan Umum Kota Pekalongan menyelenggarakan survei kepuasan masyarakat secara kontinue setiap tahun. Kuesioner survei ini disebarkan kepada para pengguna atau stakeholder yang pernah memanfaatkan jasa lembaga. Survei ini dilaksanakan berdasarkan Peraturan Menteri Pendayagunaan Aparatur Negara dan Reformasi Birokrasi Nomor 14 Tahun 2017 Tentang  Pedoman Penyusunan Survei Kepuasan Masyarakat. Berdasarkan peraturan tersebut ada sembilan indikator survei kepuasan masyarakat, yaitu: (1) persyaratan; (2) sistem, mekanisme, dan prosedur; (3) waktu penyelesaian; (4) biaya/tarif; (5) produk spesifikasi jenis pelayanan; (6) kompetensi pelaksana; (7) perilaku pelaksana; (8) penanganan pengaduan, saran, dan masukan; (9) sarana dan prasarana.', 'Dalam rangka meningkatkan kinerja lembaga dan kualitas pelayanan publik, Perpustakaan Umum Kota Pekalongan menyelenggarakan survei kepuasan masyarakat secara kontinue setiap tahun. Kuesioner survei ini disebarkan kepada para pengguna atau stakeholder yang pernah memanfaatkan jasa lembaga. Survei ini dilaksanakan berdasarkan Peraturan Menteri Pendayagunaan Aparatur Negara dan Reformasi Birokrasi Nomor 14 Tahun 2017 Tentang  Pedoman Penyusunan Survei Kepuasan Masyarakat. Berdasarkan peraturan tersebut ada sembilan indikator survei kepuasan masyarakat, yaitu: (1) persyaratan; (2) sistem, mekanisme, dan prosedur; (3) waktu penyelesaian; (4) biaya/tarif; (5) produk spesifikasi jenis pelayanan; (6) kompetensi pelaksana; (7) perilaku pelaksana; (8) penanganan pengaduan, saran, dan masukan; (9) sarana dan prasarana.', 'Dalam rangka meningkatkan kinerja lembaga dan kualitas pelayanan publik, Perpustakaan Umum Kota Pekalongan menyelenggarakan survei kepuasan masyarakat secara kontinue setiap tahun. Kuesioner survei ini disebarkan kepada para pengguna atau stakeholder yang pernah memanfaatkan jasa lembaga. Survei ini dilaksanakan berdasarkan Peraturan Menteri Pendayagunaan Aparatur Negara dan Reformasi Birokrasi Nomor 14 Tahun 2017 Tentang  Pedoman Penyusunan Survei Kepuasan Masyarakat. Berdasarkan peraturan tersebut ada sembilan indikator survei kepuasan masyarakat, yaitu: (1) persyaratan; (2) sistem, mekanisme, dan prosedur; (3) waktu penyelesaian; (4) biaya/tarif; (5) produk spesifikasi jenis pelayanan; (6) kompetensi pelaksana; (7) perilaku pelaksana; (8) penanganan pengaduan, saran, dan masukan; (9) sarana dan prasarana.', 'perpus', 'indeks', '100', '100', '100', '100', '99', 'keterangan ini meningkatkan kinerja lembaga dan kualitas pelayanan publik, Perpustakaan Umum Kota Pekalongan menyelenggarakan survei kepuasan masyarakat. Kuesioner apakah bisa disebarkan kepada para pengguna atau stakeholder yang pernah memanfaatkan jasa lembaga. Survei ini dilaksanakan berdasarkan Peraturan Menteri Pendayagunaan Aparatur Negara dan Reformasi Birokrasi Nomor 14 Tahun 2017 Tentang  Pedoman Penyusunan Survei Kepuasan Masyarakat. Berdasarkan peraturan tersebut ada sembilan indikator survei kepuasan masyarakat, yaitu: (1) persyaratan; (2) sistem, mekanisme, dan prosedur; (3) waktu penyelesaian; (4) biaya/tarif; (5) produk spesifikasi jenis pelayanan; (6) kompetensi pelaksana; (7) perilaku pelaksana; (8) penanganan pengaduan, saran, dan masukan; (9) sarana dan prasarana.', NULL, 84, 8, '2025-09-15 11:30:46', '2025-09-15 11:30:46', '2025-09-13 01:09:42'),
(14, 'uji coba', NULL, NULL, NULL, NULL, NULL, NULL, NULL, NULL, NULL, NULL, NULL, 10, 84, NULL, '2025-09-15 11:30:46', '2025-09-15 11:30:46', NULL),
(15, 'ujicobaaaa', NULL, NULL, NULL, NULL, NULL, NULL, NULL, NULL, NULL, NULL, NULL, 14, 84, NULL, '2025-09-15 11:30:46', '2025-09-15 11:30:46', NULL),
(16, 'indikator utama pembangunan', 'Pengulang teks adalah tool online sederhana yang memungkinkan Anda mengulang teks sebanyak yang Anda inginkan. Anda kemudian dapat menyalin dan menempelkan teks berulang Anda di mana pun Anda inginkan, termasuk WhatsApp, Messenger, SMS, Telegram', 'Pengulang teks adalah tool online sederhana yang memungkinkan Anda mengulang teks sebanyak yang Anda inginkan. Anda kemudian dapat menyalin dan menempelkan teks berulang Anda di mana pun Anda inginkan, termasuk WhatsApp, Messenger, SMS, Telegram', 'Pengulang teks adalah tool online sederhana yang memungkinkan Anda mengulang teks sebanyak yang Anda inginkan. Anda kemudian dapat menyalin dan menempelkan teks berulang Anda di mana pun Anda inginkan, termasuk WhatsApp, Messenger, SMS, Telegram', 'web', 'indeks', '20', '20', '20', '20', '20', NULL, NULL, 85, NULL, '2025-09-15 11:46:37', '2025-09-15 11:46:37', NULL),
(17, 'indikator utama pembangunan', 'Pengulang teks adalah tool online sederhana yang memungkinkan Anda mengulang teks sebanyak yang Anda inginkan. Anda kemudian dapat menyalin dan menempelkan teks berulang Anda di mana pun Anda inginkan, termasuk WhatsApp, Messenger, SMS, Telegram', 'Pengulang teks adalah tool online sederhana yang memungkinkan Anda mengulang teks sebanyak yang Anda inginkan. Anda kemudian dapat menyalin dan menempelkan teks berulang Anda di mana pun Anda inginkan, termasuk WhatsApp, Messenger, SMS, Telegram', 'Pengulang teks adalah tool online sederhana yang memungkinkan Anda mengulang teks sebanyak yang Anda inginkan. Anda kemudian dapat menyalin dan menempelkan teks berulang Anda di mana pun Anda inginkan, termasuk WhatsApp, Messenger, SMS, Telegram', 'web', 'indeks', '20', '20', '20', '20', '20', NULL, NULL, 86, NULL, '2025-09-15 11:46:37', '2025-09-15 11:46:37', NULL),
(18, 'indikator utama pembangunan', 'Pengulang teks adalah tool online sederhana yang memungkinkan Anda mengulang teks sebanyak yang Anda inginkan. Anda kemudian dapat menyalin dan menempelkan teks berulang Anda di mana pun Anda inginkan, termasuk WhatsApp, Messenger, SMS, Telegram', 'Pengulang teks adalah tool online sederhana yang memungkinkan Anda mengulang teks sebanyak yang Anda inginkan. Anda kemudian dapat menyalin dan menempelkan teks berulang Anda di mana pun Anda inginkan, termasuk WhatsApp, Messenger, SMS, Telegram', 'Pengulang teks adalah tool online sederhana yang memungkinkan Anda mengulang teks sebanyak yang Anda inginkan. Anda kemudian dapat menyalin dan menempelkan teks berulang Anda di mana pun Anda inginkan, termasuk WhatsApp, Messenger, SMS, Telegram', 'web', 'indeks', '20', '20', '20', '20', '20', NULL, NULL, 87, NULL, '2025-09-15 11:46:37', '2025-09-15 11:46:37', NULL),
(19, 'indikator utama pembangunan', 'Pengulang teks adalah tool online sederhana yang memungkinkan Anda mengulang teks sebanyak yang Anda inginkan. Anda kemudian dapat menyalin dan menempelkan teks berulang Anda di mana pun Anda inginkan, termasuk WhatsApp, Messenger, SMS, Telegram', 'Pengulang teks adalah tool online sederhana yang memungkinkan Anda mengulang teks sebanyak yang Anda inginkan. Anda kemudian dapat menyalin dan menempelkan teks berulang Anda di mana pun Anda inginkan, termasuk WhatsApp, Messenger, SMS, Telegram', 'Pengulang teks adalah tool online sederhana yang memungkinkan Anda mengulang teks sebanyak yang Anda inginkan. Anda kemudian dapat menyalin dan menempelkan teks berulang Anda di mana pun Anda inginkan, termasuk WhatsApp, Messenger, SMS, Telegram', 'web', 'indeks', '20', '20', '20', '20', '20', NULL, NULL, 88, NULL, '2025-09-15 11:46:37', '2025-09-15 11:46:37', NULL),
(20, 'bab ini menerangkan semua hal yang perlu diterangkan', NULL, NULL, NULL, NULL, NULL, NULL, NULL, NULL, NULL, NULL, NULL, NULL, 89, NULL, '2025-09-15 11:46:37', '2025-09-15 11:46:37', NULL),
(21, 'ujicoba', 'Pengulang teks adalah tool online sederhana yang memungkinkan Anda mengulang teks sebanyak yang Anda inginkan. Anda kemudian dapat menyalin dan menempelkan teks berulang Anda di mana pun Anda inginkan, termasuk WhatsApp, Messenger, SMS, Telegram', 'Pengulang teks adalah tool online sederhana yang memungkinkan Anda mengulang teks sebanyak yang Anda inginkan. Anda kemudian dapat menyalin dan menempelkan teks berulang Anda di mana pun Anda inginkan, termasuk WhatsApp, Messenger, SMS, Telegram', 'Pengulang teks adalah tool online sederhana yang memungkinkan Anda mengulang teks sebanyak yang Anda inginkan. Anda kemudian dapat menyalin dan menempelkan teks berulang Anda di mana pun Anda inginkan, termasuk WhatsApp, Messenger, SMS, Telegram', 'ujicoba', 'indeks', '100', '100', '100', '100', '100', NULL, 20, 89, NULL, '2025-09-15 11:46:37', '2025-09-15 11:46:37', NULL),
(22, 'ujicoba', 'Dalam rangka meningkatkan kinerja lembaga dan kualitas pelayanan publik, Perpustakaan Umum Kota Pekalongan menyelenggarakan survei kepuasan masyarakat secara kontinue setiap tahun. Kuesioner survei ini disebarkan kepada para pengguna atau stakeholder yang pernah memanfaatkan jasa lembaga. Survei ini dilaksanakan berdasarkan Peraturan Menteri Pendayagunaan Aparatur Negara dan Reformasi Birokrasi Nomor 14 Tahun 2017 Tentang  Pedoman Penyusunan Survei Kepuasan Masyarakat. Berdasarkan peraturan tersebut ada sembilan indikator survei kepuasan masyarakat, yaitu: (1) persyaratan; (2) sistem, mekanisme, dan prosedur; (3) waktu penyelesaian; (4) biaya/tarif; (5) produk spesifikasi jenis pelayanan; (6) kompetensi pelaksana; (7) perilaku pelaksana; (8) penanganan pengaduan, saran, dan masukan; (9) sarana dan prasarana.', 'Dalam rangka meningkatkan kinerja lembaga dan kualitas pelayanan publik, Perpustakaan Umum Kota Pekalongan menyelenggarakan survei kepuasan masyarakat secara kontinue setiap tahun. Kuesioner survei ini disebarkan kepada para pengguna atau stakeholder yang pernah memanfaatkan jasa lembaga. Survei ini dilaksanakan berdasarkan Peraturan Menteri Pendayagunaan Aparatur Negara dan Reformasi Birokrasi Nomor 14 Tahun 2017 Tentang  Pedoman Penyusunan Survei Kepuasan Masyarakat. Berdasarkan peraturan tersebut ada sembilan indikator survei kepuasan masyarakat, yaitu: (1) persyaratan; (2) sistem, mekanisme, dan prosedur; (3) waktu penyelesaian; (4) biaya/tarif; (5) produk spesifikasi jenis pelayanan; (6) kompetensi pelaksana; (7) perilaku pelaksana; (8) penanganan pengaduan, saran, dan masukan; (9) sarana dan prasarana.', 'Dalam rangka meningkatkan kinerja lembaga dan kualitas pelayanan publik, Perpustakaan Umum Kota Pekalongan menyelenggarakan survei kepuasan masyarakat secara kontinue setiap tahun. Kuesioner survei ini disebarkan kepada para pengguna atau stakeholder yang pernah memanfaatkan jasa lembaga. Survei ini dilaksanakan berdasarkan Peraturan Menteri Pendayagunaan Aparatur Negara dan Reformasi Birokrasi Nomor 14 Tahun 2017 Tentang  Pedoman Penyusunan Survei Kepuasan Masyarakat. Berdasarkan peraturan tersebut ada sembilan indikator survei kepuasan masyarakat, yaitu: (1) persyaratan; (2) sistem, mekanisme, dan prosedur; (3) waktu penyelesaian; (4) biaya/tarif; (5) produk spesifikasi jenis pelayanan; (6) kompetensi pelaksana; (7) perilaku pelaksana; (8) penanganan pengaduan, saran, dan masukan; (9) sarana dan prasarana.', 'google', 'indeks', '100', '100', '100', '100', '100', NULL, NULL, 89, NULL, '2025-09-15 11:46:37', '2025-09-15 11:46:37', NULL),
(23, 'ujian', 'Dalam rangka meningkatkan kinerja lembaga dan kualitas pelayanan publik, Perpustakaan Umum Kota Pekalongan menyelenggarakan survei kepuasan masyarakat secara kontinue setiap tahun. Kuesioner survei ini disebarkan kepada para pengguna atau stakeholder yang pernah memanfaatkan jasa lembaga. Survei ini dilaksanakan berdasarkan Peraturan Menteri Pendayagunaan Aparatur Negara dan Reformasi Birokrasi Nomor 14 Tahun 2017 Tentang  Pedoman Penyusunan Survei Kepuasan Masyarakat. Berdasarkan peraturan tersebut ada sembilan indikator survei kepuasan masyarakat, yaitu: (1) persyaratan; (2) sistem, mekanisme, dan prosedur; (3) waktu penyelesaian; (4) biaya/tarif; (5) produk spesifikasi jenis pelayanan; (6) kompetensi pelaksana; (7) perilaku pelaksana; (8) penanganan pengaduan, saran, dan masukan; (9) sarana dan prasarana.', 'Dalam rangka meningkatkan kinerja lembaga dan kualitas pelayanan publik, Perpustakaan Umum Kota Pekalongan menyelenggarakan survei kepuasan masyarakat secara kontinue setiap tahun. Kuesioner survei ini disebarkan kepada para pengguna atau stakeholder yang pernah memanfaatkan jasa lembaga. Survei ini dilaksanakan berdasarkan Peraturan Menteri Pendayagunaan Aparatur Negara dan Reformasi Birokrasi Nomor 14 Tahun 2017 Tentang  Pedoman Penyusunan Survei Kepuasan Masyarakat. Berdasarkan peraturan tersebut ada sembilan indikator survei kepuasan masyarakat, yaitu: (1) persyaratan; (2) sistem, mekanisme, dan prosedur; (3) waktu penyelesaian; (4) biaya/tarif; (5) produk spesifikasi jenis pelayanan; (6) kompetensi pelaksana; (7) perilaku pelaksana; (8) penanganan pengaduan, saran, dan masukan; (9) sarana dan prasarana.', 'Dalam rangka meningkatkan kinerja lembaga dan kualitas pelayanan publik, Perpustakaan Umum Kota Pekalongan menyelenggarakan survei kepuasan masyarakat secara kontinue setiap tahun. Kuesioner survei ini disebarkan kepada para pengguna atau stakeholder yang pernah memanfaatkan jasa lembaga. Survei ini dilaksanakan berdasarkan Peraturan Menteri Pendayagunaan Aparatur Negara dan Reformasi Birokrasi Nomor 14 Tahun 2017 Tentang  Pedoman Penyusunan Survei Kepuasan Masyarakat. Berdasarkan peraturan tersebut ada sembilan indikator survei kepuasan masyarakat, yaitu: (1) persyaratan; (2) sistem, mekanisme, dan prosedur; (3) waktu penyelesaian; (4) biaya/tarif; (5) produk spesifikasi jenis pelayanan; (6) kompetensi pelaksana; (7) perilaku pelaksana; (8) penanganan pengaduan, saran, dan masukan; (9) sarana dan prasarana.', 'perpus', 'indeks', '100', '100', '100', '100', '99', 'keterangan ini meningkatkan kinerja lembaga dan kualitas pelayanan publik, Perpustakaan Umum Kota Pekalongan menyelenggarakan survei kepuasan masyarakat. Kuesioner apakah bisa disebarkan kepada para pengguna atau stakeholder yang pernah memanfaatkan jasa lembaga. Survei ini dilaksanakan berdasarkan Peraturan Menteri Pendayagunaan Aparatur Negara dan Reformasi Birokrasi Nomor 14 Tahun 2017 Tentang  Pedoman Penyusunan Survei Kepuasan Masyarakat. Berdasarkan peraturan tersebut ada sembilan indikator survei kepuasan masyarakat, yaitu: (1) persyaratan; (2) sistem, mekanisme, dan prosedur; (3) waktu penyelesaian; (4) biaya/tarif; (5) produk spesifikasi jenis pelayanan; (6) kompetensi pelaksana; (7) perilaku pelaksana; (8) penanganan pengaduan, saran, dan masukan; (9) sarana dan prasarana.', NULL, 89, 8, '2025-09-15 11:46:37', '2025-09-15 11:46:37', '2025-09-13 01:09:42'),
(24, 'uji coba', NULL, NULL, NULL, NULL, NULL, NULL, NULL, NULL, NULL, NULL, NULL, 20, 89, NULL, '2025-09-15 11:46:37', '2025-09-15 11:46:37', NULL),
(25, 'ujicobaaaa', NULL, NULL, NULL, NULL, NULL, NULL, NULL, NULL, NULL, NULL, NULL, 24, 89, NULL, '2025-09-15 11:46:37', '2025-09-15 11:46:37', NULL),
(26, 'indikator utama pembangunan', 'Pengulang teks adalah tool online sederhana yang memungkinkan Anda mengulang teks sebanyak yang Anda inginkan. Anda kemudian dapat menyalin dan menempelkan teks berulang Anda di mana pun Anda inginkan, termasuk WhatsApp, Messenger, SMS, Telegram', 'Pengulang teks adalah tool online sederhana yang memungkinkan Anda mengulang teks sebanyak yang Anda inginkan. Anda kemudian dapat menyalin dan menempelkan teks berulang Anda di mana pun Anda inginkan, termasuk WhatsApp, Messenger, SMS, Telegram', 'Pengulang teks adalah tool online sederhana yang memungkinkan Anda mengulang teks sebanyak yang Anda inginkan. Anda kemudian dapat menyalin dan menempelkan teks berulang Anda di mana pun Anda inginkan, termasuk WhatsApp, Messenger, SMS, Telegram', 'web', 'indeks', '20', '20', '20', '20', '20', NULL, NULL, 90, NULL, '2025-09-15 11:46:38', '2025-09-15 11:46:38', NULL),
(27, 'bab ini menerangkan semua hal yang perlu diterangkan', NULL, NULL, NULL, NULL, NULL, NULL, NULL, NULL, NULL, NULL, NULL, NULL, 91, NULL, '2025-09-15 11:46:38', '2025-09-15 11:46:38', NULL),
(28, 'ujicoba', 'Pengulang teks adalah tool online sederhana yang memungkinkan Anda mengulang teks sebanyak yang Anda inginkan. Anda kemudian dapat menyalin dan menempelkan teks berulang Anda di mana pun Anda inginkan, termasuk WhatsApp, Messenger, SMS, Telegram', 'Pengulang teks adalah tool online sederhana yang memungkinkan Anda mengulang teks sebanyak yang Anda inginkan. Anda kemudian dapat menyalin dan menempelkan teks berulang Anda di mana pun Anda inginkan, termasuk WhatsApp, Messenger, SMS, Telegram', 'Pengulang teks adalah tool online sederhana yang memungkinkan Anda mengulang teks sebanyak yang Anda inginkan. Anda kemudian dapat menyalin dan menempelkan teks berulang Anda di mana pun Anda inginkan, termasuk WhatsApp, Messenger, SMS, Telegram', 'ujicoba', 'indeks', '100', '100', '100', '100', '100', NULL, 27, 91, NULL, '2025-09-15 11:46:38', '2025-09-15 11:46:38', NULL),
(29, 'ujicoba', 'Dalam rangka meningkatkan kinerja lembaga dan kualitas pelayanan publik, Perpustakaan Umum Kota Pekalongan menyelenggarakan survei kepuasan masyarakat secara kontinue setiap tahun. Kuesioner survei ini disebarkan kepada para pengguna atau stakeholder yang pernah memanfaatkan jasa lembaga. Survei ini dilaksanakan berdasarkan Peraturan Menteri Pendayagunaan Aparatur Negara dan Reformasi Birokrasi Nomor 14 Tahun 2017 Tentang  Pedoman Penyusunan Survei Kepuasan Masyarakat. Berdasarkan peraturan tersebut ada sembilan indikator survei kepuasan masyarakat, yaitu: (1) persyaratan; (2) sistem, mekanisme, dan prosedur; (3) waktu penyelesaian; (4) biaya/tarif; (5) produk spesifikasi jenis pelayanan; (6) kompetensi pelaksana; (7) perilaku pelaksana; (8) penanganan pengaduan, saran, dan masukan; (9) sarana dan prasarana.', 'Dalam rangka meningkatkan kinerja lembaga dan kualitas pelayanan publik, Perpustakaan Umum Kota Pekalongan menyelenggarakan survei kepuasan masyarakat secara kontinue setiap tahun. Kuesioner survei ini disebarkan kepada para pengguna atau stakeholder yang pernah memanfaatkan jasa lembaga. Survei ini dilaksanakan berdasarkan Peraturan Menteri Pendayagunaan Aparatur Negara dan Reformasi Birokrasi Nomor 14 Tahun 2017 Tentang  Pedoman Penyusunan Survei Kepuasan Masyarakat. Berdasarkan peraturan tersebut ada sembilan indikator survei kepuasan masyarakat, yaitu: (1) persyaratan; (2) sistem, mekanisme, dan prosedur; (3) waktu penyelesaian; (4) biaya/tarif; (5) produk spesifikasi jenis pelayanan; (6) kompetensi pelaksana; (7) perilaku pelaksana; (8) penanganan pengaduan, saran, dan masukan; (9) sarana dan prasarana.', 'Dalam rangka meningkatkan kinerja lembaga dan kualitas pelayanan publik, Perpustakaan Umum Kota Pekalongan menyelenggarakan survei kepuasan masyarakat secara kontinue setiap tahun. Kuesioner survei ini disebarkan kepada para pengguna atau stakeholder yang pernah memanfaatkan jasa lembaga. Survei ini dilaksanakan berdasarkan Peraturan Menteri Pendayagunaan Aparatur Negara dan Reformasi Birokrasi Nomor 14 Tahun 2017 Tentang  Pedoman Penyusunan Survei Kepuasan Masyarakat. Berdasarkan peraturan tersebut ada sembilan indikator survei kepuasan masyarakat, yaitu: (1) persyaratan; (2) sistem, mekanisme, dan prosedur; (3) waktu penyelesaian; (4) biaya/tarif; (5) produk spesifikasi jenis pelayanan; (6) kompetensi pelaksana; (7) perilaku pelaksana; (8) penanganan pengaduan, saran, dan masukan; (9) sarana dan prasarana.', 'google', 'indeks', '100', '100', '100', '100', '100', NULL, NULL, 91, NULL, '2025-09-15 11:46:38', '2025-09-15 11:46:38', NULL),
(30, 'ujian', 'Dalam rangka meningkatkan kinerja lembaga dan kualitas pelayanan publik, Perpustakaan Umum Kota Pekalongan menyelenggarakan survei kepuasan masyarakat secara kontinue setiap tahun. Kuesioner survei ini disebarkan kepada para pengguna atau stakeholder yang pernah memanfaatkan jasa lembaga. Survei ini dilaksanakan berdasarkan Peraturan Menteri Pendayagunaan Aparatur Negara dan Reformasi Birokrasi Nomor 14 Tahun 2017 Tentang  Pedoman Penyusunan Survei Kepuasan Masyarakat. Berdasarkan peraturan tersebut ada sembilan indikator survei kepuasan masyarakat, yaitu: (1) persyaratan; (2) sistem, mekanisme, dan prosedur; (3) waktu penyelesaian; (4) biaya/tarif; (5) produk spesifikasi jenis pelayanan; (6) kompetensi pelaksana; (7) perilaku pelaksana; (8) penanganan pengaduan, saran, dan masukan; (9) sarana dan prasarana.', 'Dalam rangka meningkatkan kinerja lembaga dan kualitas pelayanan publik, Perpustakaan Umum Kota Pekalongan menyelenggarakan survei kepuasan masyarakat secara kontinue setiap tahun. Kuesioner survei ini disebarkan kepada para pengguna atau stakeholder yang pernah memanfaatkan jasa lembaga. Survei ini dilaksanakan berdasarkan Peraturan Menteri Pendayagunaan Aparatur Negara dan Reformasi Birokrasi Nomor 14 Tahun 2017 Tentang  Pedoman Penyusunan Survei Kepuasan Masyarakat. Berdasarkan peraturan tersebut ada sembilan indikator survei kepuasan masyarakat, yaitu: (1) persyaratan; (2) sistem, mekanisme, dan prosedur; (3) waktu penyelesaian; (4) biaya/tarif; (5) produk spesifikasi jenis pelayanan; (6) kompetensi pelaksana; (7) perilaku pelaksana; (8) penanganan pengaduan, saran, dan masukan; (9) sarana dan prasarana.', 'Dalam rangka meningkatkan kinerja lembaga dan kualitas pelayanan publik, Perpustakaan Umum Kota Pekalongan menyelenggarakan survei kepuasan masyarakat secara kontinue setiap tahun. Kuesioner survei ini disebarkan kepada para pengguna atau stakeholder yang pernah memanfaatkan jasa lembaga. Survei ini dilaksanakan berdasarkan Peraturan Menteri Pendayagunaan Aparatur Negara dan Reformasi Birokrasi Nomor 14 Tahun 2017 Tentang  Pedoman Penyusunan Survei Kepuasan Masyarakat. Berdasarkan peraturan tersebut ada sembilan indikator survei kepuasan masyarakat, yaitu: (1) persyaratan; (2) sistem, mekanisme, dan prosedur; (3) waktu penyelesaian; (4) biaya/tarif; (5) produk spesifikasi jenis pelayanan; (6) kompetensi pelaksana; (7) perilaku pelaksana; (8) penanganan pengaduan, saran, dan masukan; (9) sarana dan prasarana.', 'perpus', 'indeks', '100', '100', '100', '100', '99', 'keterangan ini meningkatkan kinerja lembaga dan kualitas pelayanan publik, Perpustakaan Umum Kota Pekalongan menyelenggarakan survei kepuasan masyarakat. Kuesioner apakah bisa disebarkan kepada para pengguna atau stakeholder yang pernah memanfaatkan jasa lembaga. Survei ini dilaksanakan berdasarkan Peraturan Menteri Pendayagunaan Aparatur Negara dan Reformasi Birokrasi Nomor 14 Tahun 2017 Tentang  Pedoman Penyusunan Survei Kepuasan Masyarakat. Berdasarkan peraturan tersebut ada sembilan indikator survei kepuasan masyarakat, yaitu: (1) persyaratan; (2) sistem, mekanisme, dan prosedur; (3) waktu penyelesaian; (4) biaya/tarif; (5) produk spesifikasi jenis pelayanan; (6) kompetensi pelaksana; (7) perilaku pelaksana; (8) penanganan pengaduan, saran, dan masukan; (9) sarana dan prasarana.', NULL, 91, 8, '2025-09-15 11:46:38', '2025-09-15 11:46:38', '2025-09-13 01:09:42'),
(31, 'uji coba', NULL, NULL, NULL, NULL, NULL, NULL, NULL, NULL, NULL, NULL, NULL, 27, 91, NULL, '2025-09-15 11:46:38', '2025-09-15 11:46:38', NULL),
(32, 'ujicobaaaa', NULL, NULL, NULL, NULL, NULL, NULL, NULL, NULL, NULL, NULL, NULL, 31, 91, NULL, '2025-09-15 11:46:38', '2025-09-15 11:46:38', NULL),
(33, 'indikator utama pembangunan', 'Pengulang teks adalah tool online sederhana yang memungkinkan Anda mengulang teks sebanyak yang Anda inginkan. Anda kemudian dapat menyalin dan menempelkan teks berulang Anda di mana pun Anda inginkan, termasuk WhatsApp, Messenger, SMS, Telegram', 'Pengulang teks adalah tool online sederhana yang memungkinkan Anda mengulang teks sebanyak yang Anda inginkan. Anda kemudian dapat menyalin dan menempelkan teks berulang Anda di mana pun Anda inginkan, termasuk WhatsApp, Messenger, SMS, Telegram', 'Pengulang teks adalah tool online sederhana yang memungkinkan Anda mengulang teks sebanyak yang Anda inginkan. Anda kemudian dapat menyalin dan menempelkan teks berulang Anda di mana pun Anda inginkan, termasuk WhatsApp, Messenger, SMS, Telegram', 'web', 'indeks', '20', '20', '20', '20', '20', NULL, NULL, 92, NULL, '2025-09-15 12:53:39', '2025-09-15 12:53:39', NULL),
(34, 'indikator utama pembangunan', 'Pengulang teks adalah tool online sederhana yang memungkinkan Anda mengulang teks sebanyak yang Anda inginkan. Anda kemudian dapat menyalin dan menempelkan teks berulang Anda di mana pun Anda inginkan, termasuk WhatsApp, Messenger, SMS, Telegram', 'Pengulang teks adalah tool online sederhana yang memungkinkan Anda mengulang teks sebanyak yang Anda inginkan. Anda kemudian dapat menyalin dan menempelkan teks berulang Anda di mana pun Anda inginkan, termasuk WhatsApp, Messenger, SMS, Telegram', 'Pengulang teks adalah tool online sederhana yang memungkinkan Anda mengulang teks sebanyak yang Anda inginkan. Anda kemudian dapat menyalin dan menempelkan teks berulang Anda di mana pun Anda inginkan, termasuk WhatsApp, Messenger, SMS, Telegram', 'web', 'indeks', '20', '20', '20', '20', '20', NULL, NULL, 93, NULL, '2025-09-15 12:53:39', '2025-09-15 12:53:39', NULL),
(35, 'indikator utama pembangunan', 'Pengulang teks adalah tool online sederhana yang memungkinkan Anda mengulang teks sebanyak yang Anda inginkan. Anda kemudian dapat menyalin dan menempelkan teks berulang Anda di mana pun Anda inginkan, termasuk WhatsApp, Messenger, SMS, Telegram', 'Pengulang teks adalah tool online sederhana yang memungkinkan Anda mengulang teks sebanyak yang Anda inginkan. Anda kemudian dapat menyalin dan menempelkan teks berulang Anda di mana pun Anda inginkan, termasuk WhatsApp, Messenger, SMS, Telegram', 'Pengulang teks adalah tool online sederhana yang memungkinkan Anda mengulang teks sebanyak yang Anda inginkan. Anda kemudian dapat menyalin dan menempelkan teks berulang Anda di mana pun Anda inginkan, termasuk WhatsApp, Messenger, SMS, Telegram', 'web', 'indeks', '20', '20', '20', '20', '20', NULL, NULL, 94, NULL, '2025-09-15 12:53:39', '2025-09-15 12:53:39', NULL),
(36, 'indikator utama pembangunan', 'Pengulang teks adalah tool online sederhana yang memungkinkan Anda mengulang teks sebanyak yang Anda inginkan. Anda kemudian dapat menyalin dan menempelkan teks berulang Anda di mana pun Anda inginkan, termasuk WhatsApp, Messenger, SMS, Telegram', 'Pengulang teks adalah tool online sederhana yang memungkinkan Anda mengulang teks sebanyak yang Anda inginkan. Anda kemudian dapat menyalin dan menempelkan teks berulang Anda di mana pun Anda inginkan, termasuk WhatsApp, Messenger, SMS, Telegram', 'Pengulang teks adalah tool online sederhana yang memungkinkan Anda mengulang teks sebanyak yang Anda inginkan. Anda kemudian dapat menyalin dan menempelkan teks berulang Anda di mana pun Anda inginkan, termasuk WhatsApp, Messenger, SMS, Telegram', 'web', 'indeks', '20', '20', '20', '20', '20', NULL, NULL, 95, NULL, '2025-09-15 12:53:39', '2025-09-15 12:53:39', NULL),
(37, 'indikator utama pembangunan', 'Pengulang teks adalah tool online sederhana yang memungkinkan Anda mengulang teks sebanyak yang Anda inginkan. Anda kemudian dapat menyalin dan menempelkan teks berulang Anda di mana pun Anda inginkan, termasuk WhatsApp, Messenger, SMS, Telegram', 'Pengulang teks adalah tool online sederhana yang memungkinkan Anda mengulang teks sebanyak yang Anda inginkan. Anda kemudian dapat menyalin dan menempelkan teks berulang Anda di mana pun Anda inginkan, termasuk WhatsApp, Messenger, SMS, Telegram', 'Pengulang teks adalah tool online sederhana yang memungkinkan Anda mengulang teks sebanyak yang Anda inginkan. Anda kemudian dapat menyalin dan menempelkan teks berulang Anda di mana pun Anda inginkan, termasuk WhatsApp, Messenger, SMS, Telegram', 'web', 'indeks', '20', '20', '20', '20', '20', NULL, NULL, 96, NULL, '2025-09-15 12:53:40', '2025-09-15 12:53:40', NULL),
(38, 'bab ini menerangkan semua hal yang perlu diterangkan', NULL, NULL, NULL, NULL, NULL, NULL, NULL, NULL, NULL, NULL, NULL, NULL, 97, NULL, '2025-09-15 12:53:40', '2025-09-15 12:53:40', NULL),
(39, 'ujicoba', 'Pengulang teks adalah tool online sederhana yang memungkinkan Anda mengulang teks sebanyak yang Anda inginkan. Anda kemudian dapat menyalin dan menempelkan teks berulang Anda di mana pun Anda inginkan, termasuk WhatsApp, Messenger, SMS, Telegram', 'Pengulang teks adalah tool online sederhana yang memungkinkan Anda mengulang teks sebanyak yang Anda inginkan. Anda kemudian dapat menyalin dan menempelkan teks berulang Anda di mana pun Anda inginkan, termasuk WhatsApp, Messenger, SMS, Telegram', 'Pengulang teks adalah tool online sederhana yang memungkinkan Anda mengulang teks sebanyak yang Anda inginkan. Anda kemudian dapat menyalin dan menempelkan teks berulang Anda di mana pun Anda inginkan, termasuk WhatsApp, Messenger, SMS, Telegram', 'ujicoba', 'indeks', '100', '100', '100', '100', '100', NULL, 38, 97, NULL, '2025-09-15 12:53:40', '2025-09-15 12:53:40', NULL),
(40, 'ujicoba', 'Dalam rangka meningkatkan kinerja lembaga dan kualitas pelayanan publik, Perpustakaan Umum Kota Pekalongan menyelenggarakan survei kepuasan masyarakat secara kontinue setiap tahun. Kuesioner survei ini disebarkan kepada para pengguna atau stakeholder yang pernah memanfaatkan jasa lembaga. Survei ini dilaksanakan berdasarkan Peraturan Menteri Pendayagunaan Aparatur Negara dan Reformasi Birokrasi Nomor 14 Tahun 2017 Tentang  Pedoman Penyusunan Survei Kepuasan Masyarakat. Berdasarkan peraturan tersebut ada sembilan indikator survei kepuasan masyarakat, yaitu: (1) persyaratan; (2) sistem, mekanisme, dan prosedur; (3) waktu penyelesaian; (4) biaya/tarif; (5) produk spesifikasi jenis pelayanan; (6) kompetensi pelaksana; (7) perilaku pelaksana; (8) penanganan pengaduan, saran, dan masukan; (9) sarana dan prasarana.', 'Dalam rangka meningkatkan kinerja lembaga dan kualitas pelayanan publik, Perpustakaan Umum Kota Pekalongan menyelenggarakan survei kepuasan masyarakat secara kontinue setiap tahun. Kuesioner survei ini disebarkan kepada para pengguna atau stakeholder yang pernah memanfaatkan jasa lembaga. Survei ini dilaksanakan berdasarkan Peraturan Menteri Pendayagunaan Aparatur Negara dan Reformasi Birokrasi Nomor 14 Tahun 2017 Tentang  Pedoman Penyusunan Survei Kepuasan Masyarakat. Berdasarkan peraturan tersebut ada sembilan indikator survei kepuasan masyarakat, yaitu: (1) persyaratan; (2) sistem, mekanisme, dan prosedur; (3) waktu penyelesaian; (4) biaya/tarif; (5) produk spesifikasi jenis pelayanan; (6) kompetensi pelaksana; (7) perilaku pelaksana; (8) penanganan pengaduan, saran, dan masukan; (9) sarana dan prasarana.', 'Dalam rangka meningkatkan kinerja lembaga dan kualitas pelayanan publik, Perpustakaan Umum Kota Pekalongan menyelenggarakan survei kepuasan masyarakat secara kontinue setiap tahun. Kuesioner survei ini disebarkan kepada para pengguna atau stakeholder yang pernah memanfaatkan jasa lembaga. Survei ini dilaksanakan berdasarkan Peraturan Menteri Pendayagunaan Aparatur Negara dan Reformasi Birokrasi Nomor 14 Tahun 2017 Tentang  Pedoman Penyusunan Survei Kepuasan Masyarakat. Berdasarkan peraturan tersebut ada sembilan indikator survei kepuasan masyarakat, yaitu: (1) persyaratan; (2) sistem, mekanisme, dan prosedur; (3) waktu penyelesaian; (4) biaya/tarif; (5) produk spesifikasi jenis pelayanan; (6) kompetensi pelaksana; (7) perilaku pelaksana; (8) penanganan pengaduan, saran, dan masukan; (9) sarana dan prasarana.', 'google', 'indeks', '100', '100', '100', '100', '100', NULL, NULL, 97, NULL, '2025-09-15 12:53:40', '2025-09-15 12:53:40', NULL),
(41, 'ujian', 'Dalam rangka meningkatkan kinerja lembaga dan kualitas pelayanan publik, Perpustakaan Umum Kota Pekalongan menyelenggarakan survei kepuasan masyarakat secara kontinue setiap tahun. Kuesioner survei ini disebarkan kepada para pengguna atau stakeholder yang pernah memanfaatkan jasa lembaga. Survei ini dilaksanakan berdasarkan Peraturan Menteri Pendayagunaan Aparatur Negara dan Reformasi Birokrasi Nomor 14 Tahun 2017 Tentang  Pedoman Penyusunan Survei Kepuasan Masyarakat. Berdasarkan peraturan tersebut ada sembilan indikator survei kepuasan masyarakat, yaitu: (1) persyaratan; (2) sistem, mekanisme, dan prosedur; (3) waktu penyelesaian; (4) biaya/tarif; (5) produk spesifikasi jenis pelayanan; (6) kompetensi pelaksana; (7) perilaku pelaksana; (8) penanganan pengaduan, saran, dan masukan; (9) sarana dan prasarana.', 'Dalam rangka meningkatkan kinerja lembaga dan kualitas pelayanan publik, Perpustakaan Umum Kota Pekalongan menyelenggarakan survei kepuasan masyarakat secara kontinue setiap tahun. Kuesioner survei ini disebarkan kepada para pengguna atau stakeholder yang pernah memanfaatkan jasa lembaga. Survei ini dilaksanakan berdasarkan Peraturan Menteri Pendayagunaan Aparatur Negara dan Reformasi Birokrasi Nomor 14 Tahun 2017 Tentang  Pedoman Penyusunan Survei Kepuasan Masyarakat. Berdasarkan peraturan tersebut ada sembilan indikator survei kepuasan masyarakat, yaitu: (1) persyaratan; (2) sistem, mekanisme, dan prosedur; (3) waktu penyelesaian; (4) biaya/tarif; (5) produk spesifikasi jenis pelayanan; (6) kompetensi pelaksana; (7) perilaku pelaksana; (8) penanganan pengaduan, saran, dan masukan; (9) sarana dan prasarana.', 'Dalam rangka meningkatkan kinerja lembaga dan kualitas pelayanan publik, Perpustakaan Umum Kota Pekalongan menyelenggarakan survei kepuasan masyarakat secara kontinue setiap tahun. Kuesioner survei ini disebarkan kepada para pengguna atau stakeholder yang pernah memanfaatkan jasa lembaga. Survei ini dilaksanakan berdasarkan Peraturan Menteri Pendayagunaan Aparatur Negara dan Reformasi Birokrasi Nomor 14 Tahun 2017 Tentang  Pedoman Penyusunan Survei Kepuasan Masyarakat. Berdasarkan peraturan tersebut ada sembilan indikator survei kepuasan masyarakat, yaitu: (1) persyaratan; (2) sistem, mekanisme, dan prosedur; (3) waktu penyelesaian; (4) biaya/tarif; (5) produk spesifikasi jenis pelayanan; (6) kompetensi pelaksana; (7) perilaku pelaksana; (8) penanganan pengaduan, saran, dan masukan; (9) sarana dan prasarana.', 'perpus', 'indeks', '100', '100', '100', '100', '99', 'keterangan ini meningkatkan kinerja lembaga dan kualitas pelayanan publik, Perpustakaan Umum Kota Pekalongan menyelenggarakan survei kepuasan masyarakat. Kuesioner apakah bisa disebarkan kepada para pengguna atau stakeholder yang pernah memanfaatkan jasa lembaga. Survei ini dilaksanakan berdasarkan Peraturan Menteri Pendayagunaan Aparatur Negara dan Reformasi Birokrasi Nomor 14 Tahun 2017 Tentang  Pedoman Penyusunan Survei Kepuasan Masyarakat. Berdasarkan peraturan tersebut ada sembilan indikator survei kepuasan masyarakat, yaitu: (1) persyaratan; (2) sistem, mekanisme, dan prosedur; (3) waktu penyelesaian; (4) biaya/tarif; (5) produk spesifikasi jenis pelayanan; (6) kompetensi pelaksana; (7) perilaku pelaksana; (8) penanganan pengaduan, saran, dan masukan; (9) sarana dan prasarana.', NULL, 97, 8, '2025-09-15 12:53:40', '2025-09-15 12:53:40', '2025-09-13 01:09:42'),
(42, 'uji coba', NULL, NULL, NULL, NULL, NULL, NULL, NULL, NULL, NULL, NULL, NULL, 38, 97, NULL, '2025-09-15 12:53:40', '2025-09-15 12:53:40', NULL),
(43, 'ujicobaaaa', NULL, NULL, NULL, NULL, NULL, NULL, NULL, NULL, NULL, NULL, NULL, 42, 97, NULL, '2025-09-15 12:53:40', '2025-09-15 12:53:40', NULL),
(44, 'bab ini menerangkan semua hal yang perlu diterangkan', NULL, NULL, NULL, NULL, NULL, NULL, NULL, NULL, NULL, NULL, NULL, NULL, 98, NULL, '2025-09-15 12:53:40', '2025-09-15 12:53:40', NULL),
(45, 'ujicoba', 'Pengulang teks adalah tool online sederhana yang memungkinkan Anda mengulang teks sebanyak yang Anda inginkan. Anda kemudian dapat menyalin dan menempelkan teks berulang Anda di mana pun Anda inginkan, termasuk WhatsApp, Messenger, SMS, Telegram', 'Pengulang teks adalah tool online sederhana yang memungkinkan Anda mengulang teks sebanyak yang Anda inginkan. Anda kemudian dapat menyalin dan menempelkan teks berulang Anda di mana pun Anda inginkan, termasuk WhatsApp, Messenger, SMS, Telegram', 'Pengulang teks adalah tool online sederhana yang memungkinkan Anda mengulang teks sebanyak yang Anda inginkan. Anda kemudian dapat menyalin dan menempelkan teks berulang Anda di mana pun Anda inginkan, termasuk WhatsApp, Messenger, SMS, Telegram', 'ujicoba', 'indeks', '100', '100', '100', '100', '100', NULL, 44, 98, NULL, '2025-09-15 12:53:40', '2025-09-15 12:53:40', NULL);
INSERT INTO `rpjpd_indikator_utama_pembangunan` (`id`, `uraian_iup`, `definisi_op`, `formulasi`, `interpretasi`, `sumber_data`, `satuan`, `baseline`, `target_tahap_I`, `target_tahap_II`, `target_tahap_III`, `target_tahap_IV`, `keterangan`, `id_parent`, `id_arah_pembangunan`, `id_opd`, `created_at`, `updated_at`, `deleted_at`) VALUES
(46, 'ujicoba', 'Dalam rangka meningkatkan kinerja lembaga dan kualitas pelayanan publik, Perpustakaan Umum Kota Pekalongan menyelenggarakan survei kepuasan masyarakat secara kontinue setiap tahun. Kuesioner survei ini disebarkan kepada para pengguna atau stakeholder yang pernah memanfaatkan jasa lembaga. Survei ini dilaksanakan berdasarkan Peraturan Menteri Pendayagunaan Aparatur Negara dan Reformasi Birokrasi Nomor 14 Tahun 2017 Tentang  Pedoman Penyusunan Survei Kepuasan Masyarakat. Berdasarkan peraturan tersebut ada sembilan indikator survei kepuasan masyarakat, yaitu: (1) persyaratan; (2) sistem, mekanisme, dan prosedur; (3) waktu penyelesaian; (4) biaya/tarif; (5) produk spesifikasi jenis pelayanan; (6) kompetensi pelaksana; (7) perilaku pelaksana; (8) penanganan pengaduan, saran, dan masukan; (9) sarana dan prasarana.', 'Dalam rangka meningkatkan kinerja lembaga dan kualitas pelayanan publik, Perpustakaan Umum Kota Pekalongan menyelenggarakan survei kepuasan masyarakat secara kontinue setiap tahun. Kuesioner survei ini disebarkan kepada para pengguna atau stakeholder yang pernah memanfaatkan jasa lembaga. Survei ini dilaksanakan berdasarkan Peraturan Menteri Pendayagunaan Aparatur Negara dan Reformasi Birokrasi Nomor 14 Tahun 2017 Tentang  Pedoman Penyusunan Survei Kepuasan Masyarakat. Berdasarkan peraturan tersebut ada sembilan indikator survei kepuasan masyarakat, yaitu: (1) persyaratan; (2) sistem, mekanisme, dan prosedur; (3) waktu penyelesaian; (4) biaya/tarif; (5) produk spesifikasi jenis pelayanan; (6) kompetensi pelaksana; (7) perilaku pelaksana; (8) penanganan pengaduan, saran, dan masukan; (9) sarana dan prasarana.', 'Dalam rangka meningkatkan kinerja lembaga dan kualitas pelayanan publik, Perpustakaan Umum Kota Pekalongan menyelenggarakan survei kepuasan masyarakat secara kontinue setiap tahun. Kuesioner survei ini disebarkan kepada para pengguna atau stakeholder yang pernah memanfaatkan jasa lembaga. Survei ini dilaksanakan berdasarkan Peraturan Menteri Pendayagunaan Aparatur Negara dan Reformasi Birokrasi Nomor 14 Tahun 2017 Tentang  Pedoman Penyusunan Survei Kepuasan Masyarakat. Berdasarkan peraturan tersebut ada sembilan indikator survei kepuasan masyarakat, yaitu: (1) persyaratan; (2) sistem, mekanisme, dan prosedur; (3) waktu penyelesaian; (4) biaya/tarif; (5) produk spesifikasi jenis pelayanan; (6) kompetensi pelaksana; (7) perilaku pelaksana; (8) penanganan pengaduan, saran, dan masukan; (9) sarana dan prasarana.', 'google', 'indeks', '100', '100', '100', '100', '100', NULL, NULL, 98, NULL, '2025-09-15 12:53:40', '2025-09-15 12:53:40', NULL),
(47, 'ujian', 'Dalam rangka meningkatkan kinerja lembaga dan kualitas pelayanan publik, Perpustakaan Umum Kota Pekalongan menyelenggarakan survei kepuasan masyarakat secara kontinue setiap tahun. Kuesioner survei ini disebarkan kepada para pengguna atau stakeholder yang pernah memanfaatkan jasa lembaga. Survei ini dilaksanakan berdasarkan Peraturan Menteri Pendayagunaan Aparatur Negara dan Reformasi Birokrasi Nomor 14 Tahun 2017 Tentang  Pedoman Penyusunan Survei Kepuasan Masyarakat. Berdasarkan peraturan tersebut ada sembilan indikator survei kepuasan masyarakat, yaitu: (1) persyaratan; (2) sistem, mekanisme, dan prosedur; (3) waktu penyelesaian; (4) biaya/tarif; (5) produk spesifikasi jenis pelayanan; (6) kompetensi pelaksana; (7) perilaku pelaksana; (8) penanganan pengaduan, saran, dan masukan; (9) sarana dan prasarana.', 'Dalam rangka meningkatkan kinerja lembaga dan kualitas pelayanan publik, Perpustakaan Umum Kota Pekalongan menyelenggarakan survei kepuasan masyarakat secara kontinue setiap tahun. Kuesioner survei ini disebarkan kepada para pengguna atau stakeholder yang pernah memanfaatkan jasa lembaga. Survei ini dilaksanakan berdasarkan Peraturan Menteri Pendayagunaan Aparatur Negara dan Reformasi Birokrasi Nomor 14 Tahun 2017 Tentang  Pedoman Penyusunan Survei Kepuasan Masyarakat. Berdasarkan peraturan tersebut ada sembilan indikator survei kepuasan masyarakat, yaitu: (1) persyaratan; (2) sistem, mekanisme, dan prosedur; (3) waktu penyelesaian; (4) biaya/tarif; (5) produk spesifikasi jenis pelayanan; (6) kompetensi pelaksana; (7) perilaku pelaksana; (8) penanganan pengaduan, saran, dan masukan; (9) sarana dan prasarana.', 'Dalam rangka meningkatkan kinerja lembaga dan kualitas pelayanan publik, Perpustakaan Umum Kota Pekalongan menyelenggarakan survei kepuasan masyarakat secara kontinue setiap tahun. Kuesioner survei ini disebarkan kepada para pengguna atau stakeholder yang pernah memanfaatkan jasa lembaga. Survei ini dilaksanakan berdasarkan Peraturan Menteri Pendayagunaan Aparatur Negara dan Reformasi Birokrasi Nomor 14 Tahun 2017 Tentang  Pedoman Penyusunan Survei Kepuasan Masyarakat. Berdasarkan peraturan tersebut ada sembilan indikator survei kepuasan masyarakat, yaitu: (1) persyaratan; (2) sistem, mekanisme, dan prosedur; (3) waktu penyelesaian; (4) biaya/tarif; (5) produk spesifikasi jenis pelayanan; (6) kompetensi pelaksana; (7) perilaku pelaksana; (8) penanganan pengaduan, saran, dan masukan; (9) sarana dan prasarana.', 'perpus', 'indeks', '100', '100', '100', '100', '99', 'keterangan ini meningkatkan kinerja lembaga dan kualitas pelayanan publik, Perpustakaan Umum Kota Pekalongan menyelenggarakan survei kepuasan masyarakat. Kuesioner apakah bisa disebarkan kepada para pengguna atau stakeholder yang pernah memanfaatkan jasa lembaga. Survei ini dilaksanakan berdasarkan Peraturan Menteri Pendayagunaan Aparatur Negara dan Reformasi Birokrasi Nomor 14 Tahun 2017 Tentang  Pedoman Penyusunan Survei Kepuasan Masyarakat. Berdasarkan peraturan tersebut ada sembilan indikator survei kepuasan masyarakat, yaitu: (1) persyaratan; (2) sistem, mekanisme, dan prosedur; (3) waktu penyelesaian; (4) biaya/tarif; (5) produk spesifikasi jenis pelayanan; (6) kompetensi pelaksana; (7) perilaku pelaksana; (8) penanganan pengaduan, saran, dan masukan; (9) sarana dan prasarana.', NULL, 98, 8, '2025-09-15 12:53:40', '2025-09-15 12:53:40', '2025-09-13 01:09:42'),
(48, 'uji coba', NULL, NULL, NULL, NULL, NULL, NULL, NULL, NULL, NULL, NULL, NULL, 44, 98, NULL, '2025-09-15 12:53:40', '2025-09-15 12:53:40', NULL),
(49, 'ujicobaaaa', NULL, NULL, NULL, NULL, NULL, NULL, NULL, NULL, NULL, NULL, NULL, 48, 98, NULL, '2025-09-15 12:53:40', '2025-09-15 12:53:40', NULL),
(50, 'indikator utama pembangunan', 'Pengulang teks adalah tool online sederhana yang memungkinkan Anda mengulang teks sebanyak yang Anda inginkan. Anda kemudian dapat menyalin dan menempelkan teks berulang Anda di mana pun Anda inginkan, termasuk WhatsApp, Messenger, SMS, Telegram', 'Pengulang teks adalah tool online sederhana yang memungkinkan Anda mengulang teks sebanyak yang Anda inginkan. Anda kemudian dapat menyalin dan menempelkan teks berulang Anda di mana pun Anda inginkan, termasuk WhatsApp, Messenger, SMS, Telegram', 'Pengulang teks adalah tool online sederhana yang memungkinkan Anda mengulang teks sebanyak yang Anda inginkan. Anda kemudian dapat menyalin dan menempelkan teks berulang Anda di mana pun Anda inginkan, termasuk WhatsApp, Messenger, SMS, Telegram', 'web', 'indeks', '20', '20', '20', '20', '20', NULL, NULL, 99, NULL, '2025-09-22 00:20:21', '2025-09-22 00:20:21', NULL),
(51, 'indikator utama pembangunan', 'Pengulang teks adalah tool online sederhana yang memungkinkan Anda mengulang teks sebanyak yang Anda inginkan. Anda kemudian dapat menyalin dan menempelkan teks berulang Anda di mana pun Anda inginkan, termasuk WhatsApp, Messenger, SMS, Telegram', 'Pengulang teks adalah tool online sederhana yang memungkinkan Anda mengulang teks sebanyak yang Anda inginkan. Anda kemudian dapat menyalin dan menempelkan teks berulang Anda di mana pun Anda inginkan, termasuk WhatsApp, Messenger, SMS, Telegram', 'Pengulang teks adalah tool online sederhana yang memungkinkan Anda mengulang teks sebanyak yang Anda inginkan. Anda kemudian dapat menyalin dan menempelkan teks berulang Anda di mana pun Anda inginkan, termasuk WhatsApp, Messenger, SMS, Telegram', 'web', 'indeks', '20', '20', '20', '20', '20', NULL, NULL, 100, NULL, '2025-09-22 00:20:21', '2025-09-22 00:20:21', NULL),
(52, 'indikator utama pembangunan', 'Pengulang teks adalah tool online sederhana yang memungkinkan Anda mengulang teks sebanyak yang Anda inginkan. Anda kemudian dapat menyalin dan menempelkan teks berulang Anda di mana pun Anda inginkan, termasuk WhatsApp, Messenger, SMS, Telegram', 'Pengulang teks adalah tool online sederhana yang memungkinkan Anda mengulang teks sebanyak yang Anda inginkan. Anda kemudian dapat menyalin dan menempelkan teks berulang Anda di mana pun Anda inginkan, termasuk WhatsApp, Messenger, SMS, Telegram', 'Pengulang teks adalah tool online sederhana yang memungkinkan Anda mengulang teks sebanyak yang Anda inginkan. Anda kemudian dapat menyalin dan menempelkan teks berulang Anda di mana pun Anda inginkan, termasuk WhatsApp, Messenger, SMS, Telegram', 'web', 'indeks', '20', '20', '20', '20', '20', NULL, NULL, 101, NULL, '2025-09-22 00:20:22', '2025-09-22 00:20:22', NULL),
(53, 'indikator utama pembangunan', 'Pengulang teks adalah tool online sederhana yang memungkinkan Anda mengulang teks sebanyak yang Anda inginkan. Anda kemudian dapat menyalin dan menempelkan teks berulang Anda di mana pun Anda inginkan, termasuk WhatsApp, Messenger, SMS, Telegram', 'Pengulang teks adalah tool online sederhana yang memungkinkan Anda mengulang teks sebanyak yang Anda inginkan. Anda kemudian dapat menyalin dan menempelkan teks berulang Anda di mana pun Anda inginkan, termasuk WhatsApp, Messenger, SMS, Telegram', 'Pengulang teks adalah tool online sederhana yang memungkinkan Anda mengulang teks sebanyak yang Anda inginkan. Anda kemudian dapat menyalin dan menempelkan teks berulang Anda di mana pun Anda inginkan, termasuk WhatsApp, Messenger, SMS, Telegram', 'web', 'indeks', '20', '20', '20', '20', '20', NULL, NULL, 102, NULL, '2025-09-22 00:20:22', '2025-09-22 00:20:22', NULL),
(54, 'indikator utama pembangunan', 'Pengulang teks adalah tool online sederhana yang memungkinkan Anda mengulang teks sebanyak yang Anda inginkan. Anda kemudian dapat menyalin dan menempelkan teks berulang Anda di mana pun Anda inginkan, termasuk WhatsApp, Messenger, SMS, Telegram', 'Pengulang teks adalah tool online sederhana yang memungkinkan Anda mengulang teks sebanyak yang Anda inginkan. Anda kemudian dapat menyalin dan menempelkan teks berulang Anda di mana pun Anda inginkan, termasuk WhatsApp, Messenger, SMS, Telegram', 'Pengulang teks adalah tool online sederhana yang memungkinkan Anda mengulang teks sebanyak yang Anda inginkan. Anda kemudian dapat menyalin dan menempelkan teks berulang Anda di mana pun Anda inginkan, termasuk WhatsApp, Messenger, SMS, Telegram', 'web', 'indeks', '20', '20', '20', '20', '20', NULL, NULL, 103, NULL, '2025-09-22 00:20:22', '2025-09-22 00:20:22', NULL),
(55, 'bab ini menerangkan semua hal yang perlu diterangkan', NULL, NULL, NULL, NULL, NULL, NULL, NULL, NULL, NULL, NULL, NULL, NULL, 104, NULL, '2025-09-22 00:20:22', '2025-09-22 00:20:22', NULL),
(56, 'ujicoba', 'Pengulang teks adalah tool online sederhana yang memungkinkan Anda mengulang teks sebanyak yang Anda inginkan. Anda kemudian dapat menyalin dan menempelkan teks berulang Anda di mana pun Anda inginkan, termasuk WhatsApp, Messenger, SMS, Telegram', 'Pengulang teks adalah tool online sederhana yang memungkinkan Anda mengulang teks sebanyak yang Anda inginkan. Anda kemudian dapat menyalin dan menempelkan teks berulang Anda di mana pun Anda inginkan, termasuk WhatsApp, Messenger, SMS, Telegram', 'Pengulang teks adalah tool online sederhana yang memungkinkan Anda mengulang teks sebanyak yang Anda inginkan. Anda kemudian dapat menyalin dan menempelkan teks berulang Anda di mana pun Anda inginkan, termasuk WhatsApp, Messenger, SMS, Telegram', 'ujicoba', 'indeks', '10', '10', '10', '100', '10', 'Jumlah kata adalah jumlah kata dalam suatu teks, sedangkan jumlah karakter adalah jumlah semua karakter dalam suatu teks. Jika Anda ingin mengetahui berapa banyak karakter dalam suatu teks, Anda perlu menghitung semua karakter, termasuk karakter spesial.', 55, 104, 7, '2025-09-22 00:20:22', '2025-10-10 13:56:09', NULL),
(57, 'ujicoba', 'Dalam rangka meningkatkan kinerja lembaga dan kualitas pelayanan publik, Perpustakaan Umum Kota Pekalongan menyelenggarakan survei kepuasan masyarakat secara kontinue setiap tahun. Kuesioner survei ini disebarkan kepada para pengguna atau stakeholder yang pernah memanfaatkan jasa lembaga. Survei ini dilaksanakan berdasarkan Peraturan Menteri Pendayagunaan Aparatur Negara dan Reformasi Birokrasi Nomor 14 Tahun 2017 Tentang  Pedoman Penyusunan Survei Kepuasan Masyarakat. Berdasarkan peraturan tersebut ada sembilan indikator survei kepuasan masyarakat, yaitu: (1) persyaratan; (2) sistem, mekanisme, dan prosedur; (3) waktu penyelesaian; (4) biaya/tarif; (5) produk spesifikasi jenis pelayanan; (6) kompetensi pelaksana; (7) perilaku pelaksana; (8) penanganan pengaduan, saran, dan masukan; (9) sarana dan prasarana.', 'Dalam rangka meningkatkan kinerja lembaga dan kualitas pelayanan publik, Perpustakaan Umum Kota Pekalongan menyelenggarakan survei kepuasan masyarakat secara kontinue setiap tahun. Kuesioner survei ini disebarkan kepada para pengguna atau stakeholder yang pernah memanfaatkan jasa lembaga. Survei ini dilaksanakan berdasarkan Peraturan Menteri Pendayagunaan Aparatur Negara dan Reformasi Birokrasi Nomor 14 Tahun 2017 Tentang  Pedoman Penyusunan Survei Kepuasan Masyarakat. Berdasarkan peraturan tersebut ada sembilan indikator survei kepuasan masyarakat, yaitu: (1) persyaratan; (2) sistem, mekanisme, dan prosedur; (3) waktu penyelesaian; (4) biaya/tarif; (5) produk spesifikasi jenis pelayanan; (6) kompetensi pelaksana; (7) perilaku pelaksana; (8) penanganan pengaduan, saran, dan masukan; (9) sarana dan prasarana.', 'Dalam rangka meningkatkan kinerja lembaga dan kualitas pelayanan publik, Perpustakaan Umum Kota Pekalongan menyelenggarakan survei kepuasan masyarakat secara kontinue setiap tahun. Kuesioner survei ini disebarkan kepada para pengguna atau stakeholder yang pernah memanfaatkan jasa lembaga. Survei ini dilaksanakan berdasarkan Peraturan Menteri Pendayagunaan Aparatur Negara dan Reformasi Birokrasi Nomor 14 Tahun 2017 Tentang  Pedoman Penyusunan Survei Kepuasan Masyarakat. Berdasarkan peraturan tersebut ada sembilan indikator survei kepuasan masyarakat, yaitu: (1) persyaratan; (2) sistem, mekanisme, dan prosedur; (3) waktu penyelesaian; (4) biaya/tarif; (5) produk spesifikasi jenis pelayanan; (6) kompetensi pelaksana; (7) perilaku pelaksana; (8) penanganan pengaduan, saran, dan masukan; (9) sarana dan prasarana.', 'google', 'indeks', '100', '100', '100', '100', '100', NULL, NULL, 104, NULL, '2025-09-22 00:20:22', '2025-09-22 00:20:22', NULL),
(58, 'ujian', 'Dalam rangka meningkatkan kinerja lembaga dan kualitas pelayanan publik, Perpustakaan Umum Kota Pekalongan menyelenggarakan survei kepuasan masyarakat secara kontinue setiap tahun. Kuesioner survei ini disebarkan kepada para pengguna atau stakeholder yang pernah memanfaatkan jasa lembaga. Survei ini dilaksanakan berdasarkan Peraturan Menteri Pendayagunaan Aparatur Negara dan Reformasi Birokrasi Nomor 14 Tahun 2017 Tentang  Pedoman Penyusunan Survei Kepuasan Masyarakat. Berdasarkan peraturan tersebut ada sembilan indikator survei kepuasan masyarakat, yaitu: (1) persyaratan; (2) sistem, mekanisme, dan prosedur; (3) waktu penyelesaian; (4) biaya/tarif; (5) produk spesifikasi jenis pelayanan; (6) kompetensi pelaksana; (7) perilaku pelaksana; (8) penanganan pengaduan, saran, dan masukan; (9) sarana dan prasarana.', 'Dalam rangka meningkatkan kinerja lembaga dan kualitas pelayanan publik, Perpustakaan Umum Kota Pekalongan menyelenggarakan survei kepuasan masyarakat secara kontinue setiap tahun. Kuesioner survei ini disebarkan kepada para pengguna atau stakeholder yang pernah memanfaatkan jasa lembaga. Survei ini dilaksanakan berdasarkan Peraturan Menteri Pendayagunaan Aparatur Negara dan Reformasi Birokrasi Nomor 14 Tahun 2017 Tentang  Pedoman Penyusunan Survei Kepuasan Masyarakat. Berdasarkan peraturan tersebut ada sembilan indikator survei kepuasan masyarakat, yaitu: (1) persyaratan; (2) sistem, mekanisme, dan prosedur; (3) waktu penyelesaian; (4) biaya/tarif; (5) produk spesifikasi jenis pelayanan; (6) kompetensi pelaksana; (7) perilaku pelaksana; (8) penanganan pengaduan, saran, dan masukan; (9) sarana dan prasarana.', 'Dalam rangka meningkatkan kinerja lembaga dan kualitas pelayanan publik, Perpustakaan Umum Kota Pekalongan menyelenggarakan survei kepuasan masyarakat secara kontinue setiap tahun. Kuesioner survei ini disebarkan kepada para pengguna atau stakeholder yang pernah memanfaatkan jasa lembaga. Survei ini dilaksanakan berdasarkan Peraturan Menteri Pendayagunaan Aparatur Negara dan Reformasi Birokrasi Nomor 14 Tahun 2017 Tentang  Pedoman Penyusunan Survei Kepuasan Masyarakat. Berdasarkan peraturan tersebut ada sembilan indikator survei kepuasan masyarakat, yaitu: (1) persyaratan; (2) sistem, mekanisme, dan prosedur; (3) waktu penyelesaian; (4) biaya/tarif; (5) produk spesifikasi jenis pelayanan; (6) kompetensi pelaksana; (7) perilaku pelaksana; (8) penanganan pengaduan, saran, dan masukan; (9) sarana dan prasarana.', 'perpus', 'indeks', '100', '100', '100', '100', '99', 'keterangan ini meningkatkan kinerja lembaga dan kualitas pelayanan publik, Perpustakaan Umum Kota Pekalongan menyelenggarakan survei kepuasan masyarakat. Kuesioner apakah bisa disebarkan kepada para pengguna atau stakeholder yang pernah memanfaatkan jasa lembaga. Survei ini dilaksanakan berdasarkan Peraturan Menteri Pendayagunaan Aparatur Negara dan Reformasi Birokrasi Nomor 14 Tahun 2017 Tentang  Pedoman Penyusunan Survei Kepuasan Masyarakat. Berdasarkan peraturan tersebut ada sembilan indikator survei kepuasan masyarakat, yaitu: (1) persyaratan; (2) sistem, mekanisme, dan prosedur; (3) waktu penyelesaian; (4) biaya/tarif; (5) produk spesifikasi jenis pelayanan; (6) kompetensi pelaksana; (7) perilaku pelaksana; (8) penanganan pengaduan, saran, dan masukan; (9) sarana dan prasarana.', NULL, 104, 8, '2025-09-22 00:20:22', '2025-10-01 17:29:57', NULL),
(59, 'uji coba', NULL, NULL, NULL, NULL, NULL, NULL, NULL, NULL, NULL, NULL, NULL, 55, 104, NULL, '2025-09-22 00:20:22', '2025-09-22 00:20:22', NULL),
(60, 'ujicobaaaa', NULL, NULL, NULL, NULL, NULL, NULL, NULL, NULL, NULL, NULL, NULL, 59, 104, NULL, '2025-09-22 00:20:22', '2025-09-22 00:20:22', NULL),
(61, 'bab ini menerangkan semua hal yang perlu diterangkan', NULL, NULL, NULL, NULL, NULL, NULL, NULL, NULL, NULL, NULL, NULL, NULL, 105, NULL, '2025-09-22 00:20:22', '2025-09-22 00:20:22', NULL),
(62, 'ujicoba', 'Pengulang teks adalah tool online sederhana yang memungkinkan Anda mengulang teks sebanyak yang Anda inginkan. Anda kemudian dapat menyalin dan menempelkan teks berulang Anda di mana pun Anda inginkan, termasuk WhatsApp, Messenger, SMS, Telegram', 'Pengulang teks adalah tool online sederhana yang memungkinkan Anda mengulang teks sebanyak yang Anda inginkan. Anda kemudian dapat menyalin dan menempelkan teks berulang Anda di mana pun Anda inginkan, termasuk WhatsApp, Messenger, SMS, Telegram', 'Pengulang teks adalah tool online sederhana yang memungkinkan Anda mengulang teks sebanyak yang Anda inginkan. Anda kemudian dapat menyalin dan menempelkan teks berulang Anda di mana pun Anda inginkan, termasuk WhatsApp, Messenger, SMS, Telegram', 'ujicoba', 'indeks', '100', '100', '100', '100', '100', NULL, 61, 105, NULL, '2025-09-22 00:20:22', '2025-09-22 00:20:22', NULL),
(63, 'ujicoba', 'Dalam rangka meningkatkan kinerja lembaga dan kualitas pelayanan publik, Perpustakaan Umum Kota Pekalongan menyelenggarakan survei kepuasan masyarakat secara kontinue setiap tahun. Kuesioner survei ini disebarkan kepada para pengguna atau stakeholder yang pernah memanfaatkan jasa lembaga. Survei ini dilaksanakan berdasarkan Peraturan Menteri Pendayagunaan Aparatur Negara dan Reformasi Birokrasi Nomor 14 Tahun 2017 Tentang  Pedoman Penyusunan Survei Kepuasan Masyarakat. Berdasarkan peraturan tersebut ada sembilan indikator survei kepuasan masyarakat, yaitu: (1) persyaratan; (2) sistem, mekanisme, dan prosedur; (3) waktu penyelesaian; (4) biaya/tarif; (5) produk spesifikasi jenis pelayanan; (6) kompetensi pelaksana; (7) perilaku pelaksana; (8) penanganan pengaduan, saran, dan masukan; (9) sarana dan prasarana.', 'Dalam rangka meningkatkan kinerja lembaga dan kualitas pelayanan publik, Perpustakaan Umum Kota Pekalongan menyelenggarakan survei kepuasan masyarakat secara kontinue setiap tahun. Kuesioner survei ini disebarkan kepada para pengguna atau stakeholder yang pernah memanfaatkan jasa lembaga. Survei ini dilaksanakan berdasarkan Peraturan Menteri Pendayagunaan Aparatur Negara dan Reformasi Birokrasi Nomor 14 Tahun 2017 Tentang  Pedoman Penyusunan Survei Kepuasan Masyarakat. Berdasarkan peraturan tersebut ada sembilan indikator survei kepuasan masyarakat, yaitu: (1) persyaratan; (2) sistem, mekanisme, dan prosedur; (3) waktu penyelesaian; (4) biaya/tarif; (5) produk spesifikasi jenis pelayanan; (6) kompetensi pelaksana; (7) perilaku pelaksana; (8) penanganan pengaduan, saran, dan masukan; (9) sarana dan prasarana.', 'Dalam rangka meningkatkan kinerja lembaga dan kualitas pelayanan publik, Perpustakaan Umum Kota Pekalongan menyelenggarakan survei kepuasan masyarakat secara kontinue setiap tahun. Kuesioner survei ini disebarkan kepada para pengguna atau stakeholder yang pernah memanfaatkan jasa lembaga. Survei ini dilaksanakan berdasarkan Peraturan Menteri Pendayagunaan Aparatur Negara dan Reformasi Birokrasi Nomor 14 Tahun 2017 Tentang  Pedoman Penyusunan Survei Kepuasan Masyarakat. Berdasarkan peraturan tersebut ada sembilan indikator survei kepuasan masyarakat, yaitu: (1) persyaratan; (2) sistem, mekanisme, dan prosedur; (3) waktu penyelesaian; (4) biaya/tarif; (5) produk spesifikasi jenis pelayanan; (6) kompetensi pelaksana; (7) perilaku pelaksana; (8) penanganan pengaduan, saran, dan masukan; (9) sarana dan prasarana.', 'google', 'indeks', '100', '100', '100', '100', '100', NULL, NULL, 105, NULL, '2025-09-22 00:20:22', '2025-09-22 00:20:22', NULL),
(64, 'ujian', 'Dalam rangka meningkatkan kinerja lembaga dan kualitas pelayanan publik, Perpustakaan Umum Kota Pekalongan menyelenggarakan survei kepuasan masyarakat secara kontinue setiap tahun. Kuesioner survei ini disebarkan kepada para pengguna atau stakeholder yang pernah memanfaatkan jasa lembaga. Survei ini dilaksanakan berdasarkan Peraturan Menteri Pendayagunaan Aparatur Negara dan Reformasi Birokrasi Nomor 14 Tahun 2017 Tentang  Pedoman Penyusunan Survei Kepuasan Masyarakat. Berdasarkan peraturan tersebut ada sembilan indikator survei kepuasan masyarakat, yaitu: (1) persyaratan; (2) sistem, mekanisme, dan prosedur; (3) waktu penyelesaian; (4) biaya/tarif; (5) produk spesifikasi jenis pelayanan; (6) kompetensi pelaksana; (7) perilaku pelaksana; (8) penanganan pengaduan, saran, dan masukan; (9) sarana dan prasarana.', 'Dalam rangka meningkatkan kinerja lembaga dan kualitas pelayanan publik, Perpustakaan Umum Kota Pekalongan menyelenggarakan survei kepuasan masyarakat secara kontinue setiap tahun. Kuesioner survei ini disebarkan kepada para pengguna atau stakeholder yang pernah memanfaatkan jasa lembaga. Survei ini dilaksanakan berdasarkan Peraturan Menteri Pendayagunaan Aparatur Negara dan Reformasi Birokrasi Nomor 14 Tahun 2017 Tentang  Pedoman Penyusunan Survei Kepuasan Masyarakat. Berdasarkan peraturan tersebut ada sembilan indikator survei kepuasan masyarakat, yaitu: (1) persyaratan; (2) sistem, mekanisme, dan prosedur; (3) waktu penyelesaian; (4) biaya/tarif; (5) produk spesifikasi jenis pelayanan; (6) kompetensi pelaksana; (7) perilaku pelaksana; (8) penanganan pengaduan, saran, dan masukan; (9) sarana dan prasarana.', 'Dalam rangka meningkatkan kinerja lembaga dan kualitas pelayanan publik, Perpustakaan Umum Kota Pekalongan menyelenggarakan survei kepuasan masyarakat secara kontinue setiap tahun. Kuesioner survei ini disebarkan kepada para pengguna atau stakeholder yang pernah memanfaatkan jasa lembaga. Survei ini dilaksanakan berdasarkan Peraturan Menteri Pendayagunaan Aparatur Negara dan Reformasi Birokrasi Nomor 14 Tahun 2017 Tentang  Pedoman Penyusunan Survei Kepuasan Masyarakat. Berdasarkan peraturan tersebut ada sembilan indikator survei kepuasan masyarakat, yaitu: (1) persyaratan; (2) sistem, mekanisme, dan prosedur; (3) waktu penyelesaian; (4) biaya/tarif; (5) produk spesifikasi jenis pelayanan; (6) kompetensi pelaksana; (7) perilaku pelaksana; (8) penanganan pengaduan, saran, dan masukan; (9) sarana dan prasarana.', 'perpus', 'indeks', '100', '100', '100', '100', '99', 'keterangan ini meningkatkan kinerja lembaga dan kualitas pelayanan publik, Perpustakaan Umum Kota Pekalongan menyelenggarakan survei kepuasan masyarakat. Kuesioner apakah bisa disebarkan kepada para pengguna atau stakeholder yang pernah memanfaatkan jasa lembaga. Survei ini dilaksanakan berdasarkan Peraturan Menteri Pendayagunaan Aparatur Negara dan Reformasi Birokrasi Nomor 14 Tahun 2017 Tentang  Pedoman Penyusunan Survei Kepuasan Masyarakat. Berdasarkan peraturan tersebut ada sembilan indikator survei kepuasan masyarakat, yaitu: (1) persyaratan; (2) sistem, mekanisme, dan prosedur; (3) waktu penyelesaian; (4) biaya/tarif; (5) produk spesifikasi jenis pelayanan; (6) kompetensi pelaksana; (7) perilaku pelaksana; (8) penanganan pengaduan, saran, dan masukan; (9) sarana dan prasarana.', NULL, 105, 8, '2025-09-22 00:20:22', '2025-09-22 00:20:22', '2025-09-13 01:09:42'),
(65, 'uji coba', NULL, NULL, NULL, NULL, NULL, NULL, NULL, NULL, NULL, NULL, NULL, 61, 105, NULL, '2025-09-22 00:20:22', '2025-09-22 00:20:22', NULL),
(66, 'ujicobaaaa', NULL, NULL, NULL, NULL, NULL, NULL, NULL, NULL, NULL, NULL, NULL, 65, 105, NULL, '2025-09-22 00:20:22', '2025-09-22 00:20:22', NULL);

-- --------------------------------------------------------

--
-- Table structure for table `rpjpd_misi`
--

CREATE TABLE `rpjpd_misi` (
  `id` bigint UNSIGNED NOT NULL,
  `uraian_misi` text NOT NULL,
  `id_pokok_visi` bigint UNSIGNED NOT NULL,
  `created_at` datetime NOT NULL,
  `updated_at` datetime NOT NULL,
  `deleted_at` datetime DEFAULT NULL
) ENGINE=InnoDB DEFAULT CHARSET=utf8mb4 COLLATE=utf8mb4_0900_ai_ci;

--
-- Dumping data for table `rpjpd_misi`
--

INSERT INTO `rpjpd_misi` (`id`, `uraian_misi`, `id_pokok_visi`, `created_at`, `updated_at`, `deleted_at`) VALUES
(59, 'ujicoba misi 2', 74, '2025-08-24 21:47:03', '2025-08-24 21:47:03', NULL),
(60, 'ujicoba', 74, '2025-08-24 21:47:25', '2025-08-24 21:47:25', NULL),
(61, 'indonesia merdeka dari penjajahan', 79, '2025-08-24 22:06:15', '2025-09-08 14:30:06', NULL),
(62, 'ujicoba misi edit', 76, '2025-08-24 22:06:15', '2025-09-04 14:10:36', '2025-09-04 14:10:36'),
(63, 'Tambah misi', 76, '2025-09-04 14:11:41', '2025-09-07 16:32:19', NULL),
(64, 'ujicoba misi edit', 80, '2025-09-15 11:30:46', '2025-09-15 11:30:46', '2025-09-04 14:10:36'),
(65, 'Tambah misi', 80, '2025-09-15 11:30:46', '2025-09-15 11:30:46', NULL),
(66, 'indonesia merdeka dari penjajahan', 83, '2025-09-15 11:30:46', '2025-09-15 11:30:46', NULL),
(67, 'ujicoba misi edit', 84, '2025-09-15 11:46:37', '2025-09-15 11:46:37', '2025-09-04 14:10:36'),
(68, 'Tambah misi', 84, '2025-09-15 11:46:37', '2025-09-15 11:46:37', NULL),
(69, 'ujicoba misi edit', 84, '2025-09-15 11:46:37', '2025-09-15 11:46:37', '2025-09-04 14:10:36'),
(70, 'Tambah misi', 84, '2025-09-15 11:46:37', '2025-09-15 11:46:37', NULL),
(71, 'ujicoba misi edit', 84, '2025-09-15 11:46:37', '2025-09-15 11:46:37', '2025-09-04 14:10:36'),
(72, 'Tambah misi', 84, '2025-09-15 11:46:37', '2025-09-15 11:46:37', NULL),
(73, 'ujicoba misi edit', 84, '2025-09-15 11:46:37', '2025-09-15 11:46:37', '2025-09-04 14:10:36'),
(74, 'Tambah misi', 84, '2025-09-15 11:46:37', '2025-09-15 11:46:37', NULL),
(75, 'indonesia merdeka dari penjajahan', 87, '2025-09-15 11:46:37', '2025-09-15 11:46:37', NULL),
(76, 'ujicoba misi edit', 84, '2025-09-15 11:46:38', '2025-09-15 11:46:38', '2025-09-04 14:10:36'),
(77, 'Tambah misi', 84, '2025-09-15 11:46:38', '2025-09-15 11:46:38', NULL),
(78, 'indonesia merdeka dari penjajahan', 87, '2025-09-15 11:46:38', '2025-09-15 11:46:38', NULL),
(79, 'ujicoba misi edit', 88, '2025-09-15 12:53:39', '2025-09-15 12:53:39', '2025-09-04 14:10:36'),
(80, 'Tambah misi', 88, '2025-09-15 12:53:39', '2025-09-15 12:53:39', NULL),
(81, 'ujicoba misi edit', 88, '2025-09-15 12:53:39', '2025-09-15 12:53:39', '2025-09-04 14:10:36'),
(82, 'Tambah misi', 88, '2025-09-15 12:53:39', '2025-09-15 12:53:39', NULL),
(83, 'ujicoba misi edit', 88, '2025-09-15 12:53:39', '2025-09-15 12:53:39', '2025-09-04 14:10:36'),
(84, 'Tambah misi', 88, '2025-09-15 12:53:39', '2025-09-15 12:53:39', NULL),
(85, 'ujicoba misi edit', 88, '2025-09-15 12:53:39', '2025-09-15 12:53:39', '2025-09-04 14:10:36'),
(86, 'Tambah misi', 88, '2025-09-15 12:53:39', '2025-09-15 12:53:39', NULL),
(87, 'ujicoba misi edit', 88, '2025-09-15 12:53:39', '2025-09-15 12:53:39', '2025-09-04 14:10:36'),
(88, 'Tambah misi', 88, '2025-09-15 12:53:40', '2025-09-15 12:53:40', NULL),
(89, 'indonesia merdeka dari penjajahan', 91, '2025-09-15 12:53:40', '2025-09-15 12:53:40', NULL),
(90, 'indonesia merdeka dari penjajahan', 91, '2025-09-15 12:53:40', '2025-09-15 12:53:40', NULL),
(91, 'ujicoba misi edit', 92, '2025-09-22 00:20:21', '2025-09-22 00:20:21', '2025-09-04 14:10:36'),
(92, 'Tambah misi', 92, '2025-09-22 00:20:21', '2025-09-22 00:20:21', NULL),
(93, 'ujicoba misi edit', 92, '2025-09-22 00:20:21', '2025-09-22 00:20:21', '2025-09-04 14:10:36'),
(94, 'Tambah misi', 92, '2025-09-22 00:20:21', '2025-09-22 00:20:21', NULL),
(95, 'ujicoba misi edit', 92, '2025-09-22 00:20:22', '2025-09-22 00:20:22', '2025-09-04 14:10:36'),
(96, 'Tambah misi', 92, '2025-09-22 00:20:22', '2025-09-22 00:20:22', NULL),
(97, 'ujicoba misi edit', 92, '2025-09-22 00:20:22', '2025-09-22 00:20:22', '2025-09-04 14:10:36'),
(98, 'Tambah misi', 92, '2025-09-22 00:20:22', '2025-09-22 00:20:22', NULL),
(99, 'ujicoba misi edit', 92, '2025-09-22 00:20:22', '2025-09-22 00:20:22', '2025-09-04 14:10:36'),
(100, 'Tambah misi', 92, '2025-09-22 00:20:22', '2025-09-22 00:20:22', NULL),
(101, 'indonesia merdeka dari penjajahan', 95, '2025-09-22 00:20:22', '2025-09-22 00:20:22', NULL),
(102, 'indonesia merdeka dari penjajahan', 95, '2025-09-22 00:20:22', '2025-09-22 00:20:22', NULL),
(103, 'Untuk mengetahui jumlah karakter dalam teks, Anda dapat membuka dokumen Anda dengan Word atau LibreOffice. Sebagai alternatif, Anda dapat menggunakan alat online seperti Penghitung Karakter untuk menghitung jumlah karakter dalam suatu dokumen.', 92, '2025-09-22 00:21:44', '2025-09-22 00:41:12', NULL);

-- --------------------------------------------------------

--
-- Table structure for table `rpjpd_pokok_visi`
--

CREATE TABLE `rpjpd_pokok_visi` (
  `id` bigint UNSIGNED NOT NULL,
  `uraian_pokok_visi` varchar(255) CHARACTER SET utf8mb4 COLLATE utf8mb4_0900_ai_ci NOT NULL,
  `penjelasan_pokok_visi` text NOT NULL,
  `id_visi` bigint UNSIGNED NOT NULL,
  `created_at` datetime NOT NULL,
  `updated_at` datetime NOT NULL,
  `deleted_at` datetime DEFAULT NULL
) ENGINE=InnoDB DEFAULT CHARSET=utf8mb4 COLLATE=utf8mb4_0900_ai_ci;

--
-- Dumping data for table `rpjpd_pokok_visi`
--

INSERT INTO `rpjpd_pokok_visi` (`id`, `uraian_pokok_visi`, `penjelasan_pokok_visi`, `id_visi`, `created_at`, `updated_at`, `deleted_at`) VALUES
(74, 'pokok visi', 'okok visi ujicoba gan', 51, '2025-08-24 21:42:39', '2025-08-25 01:54:39', NULL),
(75, 'pokok visi', 'visi hapus', 51, '2025-08-24 21:42:54', '2025-08-24 21:43:42', '2025-08-24 21:43:42'),
(76, 'Uraian pokok visi Penjelasan Pokok visi Pengulang teks adalah tool online sederhana yang memungkinkan Anda mengulang teks sebanyak yang Anda inginkan. Anda kemudian dapat menyalin dan menempelkan teks berulang Anda di mana pun Anda inginkan, termasuk What', 'Penjelasan Pokok visi Pengulang teks adalah tool online sederhana yang memungkinkan Anda mengulang teks sebanyak yang Anda inginkan. Anda kemudian dapat menyalin dan menempelkan teks berulang Anda di mana pun Anda inginkan, termasuk WhatsApp, Messenger, SMS, Telegram, atau media sosial lainnya.Pengulang teks adalah tool online sederhana yang memungkinkan Anda mengulang teks sebanyak yang Anda inginkan. Anda kemudian dapat menyalin dan menempelkan teks berulang Anda di mana pun Anda inginkan, termasuk WhatsApp, Messenger, SMS, Telegram, atau media sosial lainnyaa', 52, '2025-08-24 22:06:15', '2025-09-12 23:35:06', NULL),
(77, 'pokok visi Pengulang teks adalah tool online sederhana yang memungkinkan Anda mengulang teks sebanyak yang Anda inginkan. Anda kemudian dapat menyalin dan menempelkan teks berulang Anda di mana pun Anda inginkan, termasuk WhatsApp, Messenger, SMS, Telegra', 'visi hapus Pengulang teks adalah tool online sederhana yang memungkinkan Anda mengulang teks sebanyak yang Anda inginkan. Anda kemudian dapat menyalin dan menempelkan teks berulang Anda di mana pun Anda inginkan, termasuk WhatsApp, Messenger, SMS, Telegram, atau media sosial lainnya.Pengulang teks adalah tool online sederhana yang memungkinkan Anda mengulang teks sebanyak yang Anda inginkan. Anda kemudian dapat menyalin dan menempelkan teks berulang Anda di mana pun Anda inginkan, termasuk WhatsApp, Messenger, SMS, Telegram, atau media sosial lainnya.', 52, '2025-08-24 22:06:15', '2025-09-06 16:50:11', '2025-09-06 16:50:11'),
(78, 'Saat ini saya ujicoba edit', 'semoga berhasil', 52, '2025-09-03 14:45:46', '2025-09-03 14:49:28', '2025-09-03 14:49:28'),
(79, '222', '22222', 52, '2025-09-06 22:44:11', '2025-09-06 22:44:11', NULL),
(80, 'Uraian pokok visi Penjelasan Pokok visi Pengulang teks adalah tool online sederhana yang memungkinkan Anda mengulang teks sebanyak yang Anda inginkan. Anda kemudian dapat menyalin dan menempelkan teks berulang Anda di mana pun Anda inginkan, termasuk What', 'Penjelasan Pokok visi Pengulang teks adalah tool online sederhana yang memungkinkan Anda mengulang teks sebanyak yang Anda inginkan. Anda kemudian dapat menyalin dan menempelkan teks berulang Anda di mana pun Anda inginkan, termasuk WhatsApp, Messenger, SMS, Telegram, atau media sosial lainnya.Pengulang teks adalah tool online sederhana yang memungkinkan Anda mengulang teks sebanyak yang Anda inginkan. Anda kemudian dapat menyalin dan menempelkan teks berulang Anda di mana pun Anda inginkan, termasuk WhatsApp, Messenger, SMS, Telegram, atau media sosial lainnyaa', 53, '2025-09-15 11:30:46', '2025-09-15 11:30:46', NULL),
(81, 'pokok visi Pengulang teks adalah tool online sederhana yang memungkinkan Anda mengulang teks sebanyak yang Anda inginkan. Anda kemudian dapat menyalin dan menempelkan teks berulang Anda di mana pun Anda inginkan, termasuk WhatsApp, Messenger, SMS, Telegra', 'visi hapus Pengulang teks adalah tool online sederhana yang memungkinkan Anda mengulang teks sebanyak yang Anda inginkan. Anda kemudian dapat menyalin dan menempelkan teks berulang Anda di mana pun Anda inginkan, termasuk WhatsApp, Messenger, SMS, Telegram, atau media sosial lainnya.Pengulang teks adalah tool online sederhana yang memungkinkan Anda mengulang teks sebanyak yang Anda inginkan. Anda kemudian dapat menyalin dan menempelkan teks berulang Anda di mana pun Anda inginkan, termasuk WhatsApp, Messenger, SMS, Telegram, atau media sosial lainnya.', 53, '2025-09-15 11:30:46', '2025-09-15 11:30:46', '2025-09-06 16:50:11'),
(82, 'Saat ini saya ujicoba edit', 'semoga berhasil', 53, '2025-09-15 11:30:46', '2025-09-15 11:30:46', '2025-09-03 14:49:28'),
(83, '222', '22222', 53, '2025-09-15 11:30:46', '2025-09-15 11:30:46', NULL),
(84, 'Uraian pokok visi Penjelasan Pokok visi Pengulang teks adalah tool online sederhana yang memungkinkan Anda mengulang teks sebanyak yang Anda inginkan. Anda kemudian dapat menyalin dan menempelkan teks berulang Anda di mana pun Anda inginkan, termasuk What', 'Penjelasan Pokok visi Pengulang teks adalah tool online sederhana yang memungkinkan Anda mengulang teks sebanyak yang Anda inginkan. Anda kemudian dapat menyalin dan menempelkan teks berulang Anda di mana pun Anda inginkan, termasuk WhatsApp, Messenger, SMS, Telegram, atau media sosial lainnya.Pengulang teks adalah tool online sederhana yang memungkinkan Anda mengulang teks sebanyak yang Anda inginkan. Anda kemudian dapat menyalin dan menempelkan teks berulang Anda di mana pun Anda inginkan, termasuk WhatsApp, Messenger, SMS, Telegram, atau media sosial lainnyaa', 54, '2025-09-15 11:46:37', '2025-09-15 11:46:37', NULL),
(85, 'pokok visi Pengulang teks adalah tool online sederhana yang memungkinkan Anda mengulang teks sebanyak yang Anda inginkan. Anda kemudian dapat menyalin dan menempelkan teks berulang Anda di mana pun Anda inginkan, termasuk WhatsApp, Messenger, SMS, Telegra', 'visi hapus Pengulang teks adalah tool online sederhana yang memungkinkan Anda mengulang teks sebanyak yang Anda inginkan. Anda kemudian dapat menyalin dan menempelkan teks berulang Anda di mana pun Anda inginkan, termasuk WhatsApp, Messenger, SMS, Telegram, atau media sosial lainnya.Pengulang teks adalah tool online sederhana yang memungkinkan Anda mengulang teks sebanyak yang Anda inginkan. Anda kemudian dapat menyalin dan menempelkan teks berulang Anda di mana pun Anda inginkan, termasuk WhatsApp, Messenger, SMS, Telegram, atau media sosial lainnya.', 54, '2025-09-15 11:46:37', '2025-09-15 11:46:37', '2025-09-06 16:50:11'),
(86, 'Saat ini saya ujicoba edit', 'semoga berhasil', 54, '2025-09-15 11:46:37', '2025-09-15 11:46:37', '2025-09-03 14:49:28'),
(87, '222', '22222', 54, '2025-09-15 11:46:37', '2025-09-15 11:46:37', NULL),
(88, 'Uraian pokok visi Penjelasan Pokok visi Pengulang teks adalah tool online sederhana yang memungkinkan Anda mengulang teks sebanyak yang Anda inginkan. Anda kemudian dapat menyalin dan menempelkan teks berulang Anda di mana pun Anda inginkan, termasuk What', 'Penjelasan Pokok visi Pengulang teks adalah tool online sederhana yang memungkinkan Anda mengulang teks sebanyak yang Anda inginkan. Anda kemudian dapat menyalin dan menempelkan teks berulang Anda di mana pun Anda inginkan, termasuk WhatsApp, Messenger, SMS, Telegram, atau media sosial lainnya.Pengulang teks adalah tool online sederhana yang memungkinkan Anda mengulang teks sebanyak yang Anda inginkan. Anda kemudian dapat menyalin dan menempelkan teks berulang Anda di mana pun Anda inginkan, termasuk WhatsApp, Messenger, SMS, Telegram, atau media sosial lainnyaa', 55, '2025-09-15 12:53:38', '2025-09-15 12:53:38', NULL),
(89, 'pokok visi Pengulang teks adalah tool online sederhana yang memungkinkan Anda mengulang teks sebanyak yang Anda inginkan. Anda kemudian dapat menyalin dan menempelkan teks berulang Anda di mana pun Anda inginkan, termasuk WhatsApp, Messenger, SMS, Telegra', 'visi hapus Pengulang teks adalah tool online sederhana yang memungkinkan Anda mengulang teks sebanyak yang Anda inginkan. Anda kemudian dapat menyalin dan menempelkan teks berulang Anda di mana pun Anda inginkan, termasuk WhatsApp, Messenger, SMS, Telegram, atau media sosial lainnya.Pengulang teks adalah tool online sederhana yang memungkinkan Anda mengulang teks sebanyak yang Anda inginkan. Anda kemudian dapat menyalin dan menempelkan teks berulang Anda di mana pun Anda inginkan, termasuk WhatsApp, Messenger, SMS, Telegram, atau media sosial lainnya.', 55, '2025-09-15 12:53:38', '2025-09-15 12:53:38', '2025-09-06 16:50:11'),
(90, 'Saat ini saya ujicoba edit', 'semoga berhasil', 55, '2025-09-15 12:53:38', '2025-09-15 12:53:38', '2025-09-03 14:49:28'),
(91, '222', '22222', 55, '2025-09-15 12:53:39', '2025-09-15 12:53:39', NULL),
(92, 'Uraian pokok visi Penjelasan Pokok visi Pengulang teks adalah tool online sederhana yang memungkinkan Anda mengulang teks sebanyak yang Anda inginkan. Anda kemudian dapat menyalin dan menempelkan teks berulang Anda di mana pun Anda inginkan, termasuk What', 'Penjelasan Pokok visi Pengulang teks adalah tool online sederhana yang memungkinkan Anda mengulang teks sebanyak yang Anda inginkan. Anda kemudian dapat menyalin dan menempelkan teks berulang Anda di mana pun Anda inginkan, termasuk WhatsApp, Messenger, SMS, Telegram, atau media sosial lainnya.Pengulang teks adalah tool online sederhana yang memungkinkan Anda mengulang teks sebanyak yang Anda inginkan. Anda kemudian dapat menyalin dan menempelkan teks berulang Anda di mana pun Anda inginkan, termasuk WhatsApp, Messenger, SMS, Telegram, atau media sosial lainnyaa', 56, '2025-09-22 00:20:21', '2025-09-22 00:20:21', NULL),
(93, 'pokok visi Pengulang teks adalah tool online sederhana yang memungkinkan Anda mengulang teks sebanyak yang Anda inginkan. Anda kemudian dapat menyalin dan menempelkan teks berulang Anda di mana pun Anda inginkan, termasuk WhatsApp, Messenger, SMS, Telegra', 'visi hapus Pengulang teks adalah tool online sederhana yang memungkinkan Anda mengulang teks sebanyak yang Anda inginkan. Anda kemudian dapat menyalin dan menempelkan teks berulang Anda di mana pun Anda inginkan, termasuk WhatsApp, Messenger, SMS, Telegram, atau media sosial lainnya.Pengulang teks adalah tool online sederhana yang memungkinkan Anda mengulang teks sebanyak yang Anda inginkan. Anda kemudian dapat menyalin dan menempelkan teks berulang Anda di mana pun Anda inginkan, termasuk WhatsApp, Messenger, SMS, Telegram, atau media sosial lainnya.', 56, '2025-09-22 00:20:21', '2025-09-22 00:20:21', '2025-09-06 16:50:11'),
(94, 'Saat ini saya ujicoba edit', 'semoga berhasil', 56, '2025-09-22 00:20:21', '2025-09-22 00:20:21', '2025-09-03 14:49:28'),
(95, '222', '22222', 56, '2025-09-22 00:20:21', '2025-09-22 00:20:21', NULL);

-- --------------------------------------------------------

--
-- Table structure for table `rpjpd_sasaran_pokok`
--

CREATE TABLE `rpjpd_sasaran_pokok` (
  `id` bigint UNSIGNED NOT NULL,
  `uraian_sasaran_pokok` varchar(255) CHARACTER SET utf8mb4 COLLATE utf8mb4_0900_ai_ci NOT NULL,
  `id_misi` bigint UNSIGNED NOT NULL,
  `created_at` datetime NOT NULL,
  `updated_at` datetime NOT NULL,
  `deleted_at` datetime DEFAULT NULL
) ENGINE=InnoDB DEFAULT CHARSET=utf8mb4 COLLATE=utf8mb4_0900_ai_ci;

--
-- Dumping data for table `rpjpd_sasaran_pokok`
--

INSERT INTO `rpjpd_sasaran_pokok` (`id`, `uraian_sasaran_pokok`, `id_misi`, `created_at`, `updated_at`, `deleted_at`) VALUES
(60, 'uji bro', 59, '2025-08-24 22:05:07', '2025-08-24 22:05:07', NULL),
(61, 'sasaran pokok  Pengulang teks adalah tool online sederhana yang memungkinkan Anda mengulang teks sebanyak yang Anda inginkan. Anda kemudian dapat menyalin dan menempelkan teks berulang Anda di mana pun Anda inginkan, termasuk What', 61, '2025-08-24 22:06:15', '2025-09-13 00:22:49', NULL),
(62, 'Ujicoba sasaran pokok', 62, '2025-08-28 10:53:37', '2025-08-28 10:53:37', NULL),
(63, 'Ujicoba sasaran pokok', 64, '2025-09-15 11:30:46', '2025-09-15 11:30:46', NULL),
(64, 'sasaran pokok  Pengulang teks adalah tool online sederhana yang memungkinkan Anda mengulang teks sebanyak yang Anda inginkan. Anda kemudian dapat menyalin dan menempelkan teks berulang Anda di mana pun Anda inginkan, termasuk What', 66, '2025-09-15 11:30:46', '2025-09-15 11:30:46', NULL),
(65, 'Ujicoba sasaran pokok', 67, '2025-09-15 11:46:37', '2025-09-15 11:46:37', NULL),
(66, 'Ujicoba sasaran pokok', 69, '2025-09-15 11:46:37', '2025-09-15 11:46:37', NULL),
(67, 'Ujicoba sasaran pokok', 71, '2025-09-15 11:46:37', '2025-09-15 11:46:37', NULL),
(68, 'Ujicoba sasaran pokok', 73, '2025-09-15 11:46:37', '2025-09-15 11:46:37', NULL),
(69, 'sasaran pokok  Pengulang teks adalah tool online sederhana yang memungkinkan Anda mengulang teks sebanyak yang Anda inginkan. Anda kemudian dapat menyalin dan menempelkan teks berulang Anda di mana pun Anda inginkan, termasuk What', 75, '2025-09-15 11:46:37', '2025-09-15 11:46:37', NULL),
(70, 'Ujicoba sasaran pokok', 76, '2025-09-15 11:46:38', '2025-09-15 11:46:38', NULL),
(71, 'sasaran pokok  Pengulang teks adalah tool online sederhana yang memungkinkan Anda mengulang teks sebanyak yang Anda inginkan. Anda kemudian dapat menyalin dan menempelkan teks berulang Anda di mana pun Anda inginkan, termasuk What', 78, '2025-09-15 11:46:38', '2025-09-15 11:46:38', NULL),
(72, 'Ujicoba sasaran pokok', 79, '2025-09-15 12:53:39', '2025-09-15 12:53:39', NULL),
(73, 'Ujicoba sasaran pokok', 81, '2025-09-15 12:53:39', '2025-09-15 12:53:39', NULL),
(74, 'Ujicoba sasaran pokok', 83, '2025-09-15 12:53:39', '2025-09-15 12:53:39', NULL),
(75, 'Ujicoba sasaran pokok', 85, '2025-09-15 12:53:39', '2025-09-15 12:53:39', NULL),
(76, 'Ujicoba sasaran pokok', 87, '2025-09-15 12:53:40', '2025-09-15 12:53:40', NULL),
(77, 'sasaran pokok  Pengulang teks adalah tool online sederhana yang memungkinkan Anda mengulang teks sebanyak yang Anda inginkan. Anda kemudian dapat menyalin dan menempelkan teks berulang Anda di mana pun Anda inginkan, termasuk What', 89, '2025-09-15 12:53:40', '2025-09-15 12:53:40', NULL),
(78, 'sasaran pokok  Pengulang teks adalah tool online sederhana yang memungkinkan Anda mengulang teks sebanyak yang Anda inginkan. Anda kemudian dapat menyalin dan menempelkan teks berulang Anda di mana pun Anda inginkan, termasuk What', 90, '2025-09-15 12:53:40', '2025-09-15 12:53:40', NULL),
(79, 'Ujicoba sasaran pokok', 91, '2025-09-22 00:20:21', '2025-09-22 00:20:21', NULL),
(80, 'Ujicoba sasaran pokok', 93, '2025-09-22 00:20:21', '2025-09-22 00:20:21', NULL),
(81, 'Ujicoba sasaran pokok', 95, '2025-09-22 00:20:22', '2025-09-22 00:20:22', NULL),
(82, 'Ujicoba sasaran pokok', 97, '2025-09-22 00:20:22', '2025-09-22 00:20:22', NULL),
(83, 'Ujicoba sasaran pokok', 99, '2025-09-22 00:20:22', '2025-09-22 00:20:22', NULL),
(84, 'sasaran pokok  Pengulang teks adalah tool online sederhana yang memungkinkan Anda mengulang teks sebanyak yang Anda inginkan. Anda kemudian dapat menyalin dan menempelkan teks berulang Anda di mana pun Anda inginkan, termasuk What', 101, '2025-09-22 00:20:22', '2025-09-22 00:20:22', NULL),
(85, 'sasaran pokok  Pengulang teks adalah tool online sederhana yang memungkinkan Anda mengulang teks sebanyak yang Anda inginkan. Anda kemudian dapat menyalin dan menempelkan teks berulang Anda di mana pun Anda inginkan, termasuk What', 102, '2025-09-22 00:20:22', '2025-09-22 00:20:22', NULL);

-- --------------------------------------------------------

--
-- Table structure for table `rpjpd_sasaran_visi`
--

CREATE TABLE `rpjpd_sasaran_visi` (
  `id` bigint UNSIGNED NOT NULL,
  `uraian_sasaran_visi` varchar(255) CHARACTER SET utf8mb4 COLLATE utf8mb4_0900_ai_ci NOT NULL,
  `id_visi` bigint UNSIGNED NOT NULL,
  `created_at` datetime NOT NULL,
  `updated_at` datetime NOT NULL,
  `deleted_at` datetime DEFAULT NULL
) ENGINE=InnoDB DEFAULT CHARSET=utf8mb4 COLLATE=utf8mb4_0900_ai_ci;

--
-- Dumping data for table `rpjpd_sasaran_visi`
--

INSERT INTO `rpjpd_sasaran_visi` (`id`, `uraian_sasaran_visi`, `id_visi`, `created_at`, `updated_at`, `deleted_at`) VALUES
(73, 'ujicoba sasaran visi', 51, '2025-08-24 21:43:58', '2025-08-24 21:43:58', NULL),
(74, 'ujicoba sasaran visi 2', 52, '2025-08-24 22:06:15', '2025-09-04 01:09:33', NULL),
(75, 'Edit teks adalah tool online sederhana yang memungkinkan Anda mengulang teks sebanyak yang Anda inginkan. Anda kemudian dapat menyalin dan menempelkan teks berulang Anda di mana pun Anda inginkan, termasuk WhatsApp, Messenger, SMS dan lain .', 52, '2025-09-04 01:09:50', '2025-09-06 22:52:00', '2025-09-06 22:52:00'),
(76, 'ujicoba sasaran visi 2', 53, '2025-09-15 11:30:46', '2025-09-15 11:30:46', NULL),
(77, 'Edit teks adalah tool online sederhana yang memungkinkan Anda mengulang teks sebanyak yang Anda inginkan. Anda kemudian dapat menyalin dan menempelkan teks berulang Anda di mana pun Anda inginkan, termasuk WhatsApp, Messenger, SMS dan lain .', 53, '2025-09-15 11:30:46', '2025-09-15 11:30:46', '2025-09-06 22:52:00'),
(78, 'ujicoba sasaran visi 2', 54, '2025-09-15 11:46:37', '2025-09-15 11:46:37', NULL),
(79, 'Edit teks adalah tool online sederhana yang memungkinkan Anda mengulang teks sebanyak yang Anda inginkan. Anda kemudian dapat menyalin dan menempelkan teks berulang Anda di mana pun Anda inginkan, termasuk WhatsApp, Messenger, SMS dan lain .', 54, '2025-09-15 11:46:37', '2025-09-15 11:46:37', '2025-09-06 22:52:00'),
(80, 'ujicoba sasaran visi 2', 55, '2025-09-15 12:53:39', '2025-09-15 12:53:39', NULL),
(81, 'Edit teks adalah tool online sederhana yang memungkinkan Anda mengulang teks sebanyak yang Anda inginkan. Anda kemudian dapat menyalin dan menempelkan teks berulang Anda di mana pun Anda inginkan, termasuk WhatsApp, Messenger, SMS dan lain .', 55, '2025-09-15 12:53:39', '2025-09-15 12:53:39', '2025-09-06 22:52:00'),
(82, 'ujicoba sasaran visi 2', 56, '2025-09-22 00:20:21', '2025-09-22 00:20:21', NULL),
(83, 'Edit teks adalah tool online sederhana yang memungkinkan Anda mengulang teks sebanyak yang Anda inginkan. Anda kemudian dapat menyalin dan menempelkan teks berulang Anda di mana pun Anda inginkan, termasuk WhatsApp, Messenger, SMS dan lain .', 56, '2025-09-22 00:20:21', '2025-09-22 00:20:21', '2025-09-06 22:52:00');

-- --------------------------------------------------------

--
-- Table structure for table `rpjpd_visi`
--

CREATE TABLE `rpjpd_visi` (
  `id` bigint UNSIGNED NOT NULL,
  `uraian_visi` text NOT NULL,
  `id_tahapan` bigint UNSIGNED NOT NULL,
  `created_at` datetime NOT NULL,
  `updated_at` datetime NOT NULL,
  `deleted_at` datetime DEFAULT NULL
) ENGINE=InnoDB DEFAULT CHARSET=utf8mb4 COLLATE=utf8mb4_0900_ai_ci;

--
-- Dumping data for table `rpjpd_visi`
--

INSERT INTO `rpjpd_visi` (`id`, `uraian_visi`, `id_tahapan`, `created_at`, `updated_at`, `deleted_at`) VALUES
(51, 'Pengulang teks adalah tool online sederhana yang memungkinkan Anda mengulang teks sebanyak yang Anda inginkan. Anda kemudian dapat menyalin dan menempelkan teks berulang Anda di mana pun Anda inginkan, termasuk WhatsApp, Messenger, SMS, Telegram, atau media sosial lainnya.Pengulang teks adalah tool online sederhana yang memungkinkan Anda mengulang teks sebanyak yang Anda inginkan. Anda kemudian dapat menyalin dan menempelkan teks berulang Anda di mana pun Anda inginkan, termasuk WhatsApp, Messenger, SMS, Telegram, atau media sosial lainnya.', 83, '2025-08-24 21:42:19', '2025-09-06 16:59:15', NULL),
(52, 'Ujicoba visi', 84, '2025-08-24 22:06:15', '2025-09-06 15:30:01', NULL),
(53, 'Ujicoba visi', 86, '2025-09-15 11:30:46', '2025-09-15 11:30:46', NULL),
(54, 'Ujicoba visi', 87, '2025-09-15 11:46:37', '2025-09-15 11:46:37', NULL),
(55, 'Ujicoba visi', 88, '2025-09-15 12:53:38', '2025-09-15 12:53:38', NULL),
(56, 'Ujicoba visi', 89, '2025-09-22 00:20:20', '2025-09-22 00:20:20', NULL);

-- --------------------------------------------------------

--
-- Table structure for table `tahapan`
--

CREATE TABLE `tahapan` (
  `id` bigint UNSIGNED NOT NULL,
  `nama_tahapan` varchar(20) NOT NULL,
  `urutan` int NOT NULL,
  `tanggal_mulai` date NOT NULL,
  `tanggal_akhir` date NOT NULL,
  `status` enum('Aktif','Dikunci') CHARACTER SET utf8mb4 COLLATE utf8mb4_0900_ai_ci NOT NULL,
  `id_periode` bigint UNSIGNED NOT NULL
) ENGINE=InnoDB DEFAULT CHARSET=utf8mb4 COLLATE=utf8mb4_0900_ai_ci;

--
-- Dumping data for table `tahapan`
--

INSERT INTO `tahapan` (`id`, `nama_tahapan`, `urutan`, `tanggal_mulai`, `tanggal_akhir`, `status`, `id_periode`) VALUES
(83, 'Rancangan Awal', 1, '2025-08-24', '2025-08-25', 'Dikunci', 78),
(84, 'Rancangan', 2, '2025-08-26', '2025-08-27', 'Dikunci', 78),
(85, 'Rancangan Awal', 1, '2025-08-25', '2025-08-26', 'Aktif', 79),
(86, 'Musrenbang', 3, '2025-09-15', '2025-09-17', 'Aktif', 78),
(87, 'Rancangan Akhir', 4, '2025-09-16', '2025-09-20', 'Dikunci', 78),
(88, 'Final', 5, '2025-09-17', '2025-09-25', 'Dikunci', 78),
(89, 'Perubahan ke-1', 6, '2025-09-22', '2025-09-23', 'Aktif', 78);

-- --------------------------------------------------------

--
-- Table structure for table `user_opd_ampuan`
--

CREATE TABLE `user_opd_ampuan` (
  `id` int UNSIGNED NOT NULL,
  `id_user` int UNSIGNED NOT NULL,
  `id_opd` int UNSIGNED NOT NULL
) ENGINE=InnoDB DEFAULT CHARSET=utf8mb4 COLLATE=utf8mb4_0900_ai_ci;

--
-- Dumping data for table `user_opd_ampuan`
--

INSERT INTO `user_opd_ampuan` (`id`, `id_user`, `id_opd`) VALUES
(9, 19, 7),
(10, 19, 8);

--
-- Indexes for table `auth_groups`
--
ALTER TABLE `auth_groups`
  ADD PRIMARY KEY (`id`);

--
-- Indexes for table `auth_groups_permissions`
--
ALTER TABLE `auth_groups_permissions`
  ADD KEY `auth_groups_permissions_permission_id_foreign` (`permission_id`),
  ADD KEY `group_id_permission_id` (`group_id`,`permission_id`);

--
-- Indexes for table `auth_groups_users`
--
ALTER TABLE `auth_groups_users`
  ADD KEY `auth_groups_users_user_id_foreign` (`user_id`),
  ADD KEY `group_id_user_id` (`group_id`,`user_id`);

--
-- Indexes for table `auth_logins`
--
ALTER TABLE `auth_logins`
  ADD PRIMARY KEY (`id`),
  ADD KEY `email` (`email`),
  ADD KEY `user_id` (`user_id`);

--
-- Indexes for table `auth_permissions`
--
ALTER TABLE `auth_permissions`
  ADD PRIMARY KEY (`id`);

--
-- Indexes for table `auth_users_permissions`
--
ALTER TABLE `auth_users_permissions`
  ADD KEY `auth_users_permissions_permission_id_foreign` (`permission_id`),
  ADD KEY `user_id_permission_id` (`user_id`,`permission_id`);

--
-- Indexes for table `dokumentasi_kegiatan`
--
ALTER TABLE `dokumentasi_kegiatan`
  ADD PRIMARY KEY (`id`),
  ADD KEY `id_tahapan` (`id_tahapan`);

--
-- Indexes for table `history_arah_kebijakan`
--
ALTER TABLE `history_arah_kebijakan`
  ADD PRIMARY KEY (`id`);

--
-- Indexes for table `history_arah_pembangunan`
--
ALTER TABLE `history_arah_pembangunan`
  ADD PRIMARY KEY (`id`),
  ADD KEY `record_id` (`record_id`);

--
-- Indexes for table `history_header_arah_kebijakan`
--
ALTER TABLE `history_header_arah_kebijakan`
  ADD PRIMARY KEY (`id`);

--
-- Indexes for table `history_indikator_sasaran`
--
ALTER TABLE `history_indikator_sasaran`
  ADD PRIMARY KEY (`id`),
  ADD KEY `record_id` (`record_id`);

--
-- Indexes for table `history_indikator_sasaran_visi`
--
ALTER TABLE `history_indikator_sasaran_visi`
  ADD PRIMARY KEY (`id`),
  ADD KEY `record_id` (`record_id`);

--
-- Indexes for table `history_indikator_tujuan`
--
ALTER TABLE `history_indikator_tujuan`
  ADD PRIMARY KEY (`id`);

--
-- Indexes for table `history_indikator_utama_pembangunan`
--
ALTER TABLE `history_indikator_utama_pembangunan`
  ADD PRIMARY KEY (`id`);

--
-- Indexes for table `history_misi`
--
ALTER TABLE `history_misi`
  ADD PRIMARY KEY (`id`);

--
-- Indexes for table `history_periode`
--
ALTER TABLE `history_periode`
  ADD PRIMARY KEY (`id`);

--
-- Indexes for table `history_pokok_visi`
--
ALTER TABLE `history_pokok_visi`
  ADD PRIMARY KEY (`id`),
  ADD KEY `record_id` (`record_id`);

--
-- Indexes for table `history_renstra_indikator_tujuan`
--
ALTER TABLE `history_renstra_indikator_tujuan`
  ADD PRIMARY KEY (`id`);

--
-- Indexes for table `history_renstra_sasaran`
--
ALTER TABLE `history_renstra_sasaran`
  ADD PRIMARY KEY (`id`);

--
-- Indexes for table `history_renstra_tujuan`
--
ALTER TABLE `history_renstra_tujuan`
  ADD PRIMARY KEY (`id`);

--
-- Indexes for table `history_rpjmd_misi`
--
ALTER TABLE `history_rpjmd_misi`
  ADD PRIMARY KEY (`id`);

--
-- Indexes for table `history_rpjmd_sasaran`
--
ALTER TABLE `history_rpjmd_sasaran`
  ADD PRIMARY KEY (`id`);

--
-- Indexes for table `history_rpjmd_visi`
--
ALTER TABLE `history_rpjmd_visi`
  ADD PRIMARY KEY (`id`);

--
-- Indexes for table `history_sasaran_pokok`
--
ALTER TABLE `history_sasaran_pokok`
  ADD PRIMARY KEY (`id`);

--
-- Indexes for table `history_sasaran_visi`
--
ALTER TABLE `history_sasaran_visi`
  ADD PRIMARY KEY (`id`);

--
-- Indexes for table `history_tahapan`
--
ALTER TABLE `history_tahapan`
  ADD PRIMARY KEY (`id`);

--
-- Indexes for table `history_tujuan`
--
ALTER TABLE `history_tujuan`
  ADD PRIMARY KEY (`id`);

--
-- Indexes for table `history_visi`
--
ALTER TABLE `history_visi`
  ADD PRIMARY KEY (`id`),
  ADD KEY `record_id` (`record_id`);

--
-- Indexes for table `migrations`
--
ALTER TABLE `migrations`
  ADD PRIMARY KEY (`id`);

--
-- Indexes for table `opd`
--
ALTER TABLE `opd`
  ADD PRIMARY KEY (`id`),
  ADD UNIQUE KEY `kode` (`kode`);

--
-- Indexes for table `opd_bidang`
--
ALTER TABLE `opd_bidang`
  ADD PRIMARY KEY (`id`),
  ADD UNIQUE KEY `kode_bidang` (`kode_bidang`),
  ADD KEY `id_opd_urusan` (`id_opd_urusan`);

--
-- Indexes for table `opd_bidang_relasi`
--
ALTER TABLE `opd_bidang_relasi`
  ADD PRIMARY KEY (`id`),
  ADD KEY `id_opd` (`id_opd`),
  ADD KEY `id_opd_bidang` (`id_opd_bidang`);

--
-- Indexes for table `opd_kegiatan`
--
ALTER TABLE `opd_kegiatan`
  ADD PRIMARY KEY (`id`),
  ADD UNIQUE KEY `kode_kegiatan` (`kode_kegiatan`),
  ADD KEY `id_opd_program` (`id_opd_program`);

--
-- Indexes for table `opd_program`
--
ALTER TABLE `opd_program`
  ADD PRIMARY KEY (`id`),
  ADD UNIQUE KEY `kode_program` (`kode_program`),
  ADD KEY `id_opd_bidang` (`id_opd_bidang`);

--
-- Indexes for table `opd_sub_kegiatan`
--
ALTER TABLE `opd_sub_kegiatan`
  ADD PRIMARY KEY (`id`),
  ADD KEY `id_opd_kegiatan` (`id_opd_kegiatan`);

--
-- Indexes for table `opd_urusan`
--
ALTER TABLE `opd_urusan`
  ADD PRIMARY KEY (`id`),
  ADD UNIQUE KEY `kode_urusan` (`kode_urusan`);

--
-- Indexes for table `periode`
--
ALTER TABLE `periode`
  ADD PRIMARY KEY (`id`),
  ADD KEY `periode_ibfk_1` (`id_parent_periode`);

--
-- Indexes for table `renstra`
--
ALTER TABLE `renstra`
  ADD PRIMARY KEY (`id`),
  ADD KEY `id_periode` (`id_periode`),
  ADD KEY `id_tahapan` (`id_tahapan`),
  ADD KEY `id_opd` (`id_opd`);

--
-- Indexes for table `renstra_indikator_tujuan`
--
ALTER TABLE `renstra_indikator_tujuan`
  ADD PRIMARY KEY (`id`),
  ADD KEY `id_tujuan` (`id_tujuan`);

--
-- Indexes for table `renstra_sasaran`
--
ALTER TABLE `renstra_sasaran`
  ADD PRIMARY KEY (`id`),
  ADD KEY `id_indikator_tujuan` (`id_indikator_tujuan`);

--
-- Indexes for table `renstra_tujuan`
--
ALTER TABLE `renstra_tujuan`
  ADD PRIMARY KEY (`id`),
  ADD KEY `id_indikator_sasaran_rpjmd` (`id_indikator_sasaran_rpjmd`),
  ADD KEY `id_renstra` (`id_renstra`),
  ADD KEY `id_tahapan` (`id_tahapan`);

--
-- Indexes for table `rpjmd_indikator_sasaran`
--
ALTER TABLE `rpjmd_indikator_sasaran`
  ADD PRIMARY KEY (`id`);

--
-- Indexes for table `rpjmd_indikator_tujuan`
--
ALTER TABLE `rpjmd_indikator_tujuan`
  ADD PRIMARY KEY (`id`),
  ADD KEY `id_tujuan` (`id_tujuan`);

--
-- Indexes for table `rpjmd_misi`
--
ALTER TABLE `rpjmd_misi`
  ADD PRIMARY KEY (`id`),
  ADD KEY `id_visi` (`id_visi`);

--
-- Indexes for table `rpjmd_sasaran`
--
ALTER TABLE `rpjmd_sasaran`
  ADD PRIMARY KEY (`id`),
  ADD KEY `id_tujuan` (`id_tujuan`);

--
-- Indexes for table `rpjmd_tujuan`
--
ALTER TABLE `rpjmd_tujuan`
  ADD PRIMARY KEY (`id`),
  ADD KEY `rpjmd_tujuan_ibfk_1` (`id_misi`);

--
-- Indexes for table `rpjmd_visi`
--
ALTER TABLE `rpjmd_visi`
  ADD PRIMARY KEY (`id`),
  ADD KEY `id_tahapan` (`id_tahapan`);

--
-- Indexes for table `rpjpd_arah_kebijakan`
--
ALTER TABLE `rpjpd_arah_kebijakan`
  ADD PRIMARY KEY (`id`),
  ADD KEY `id_misi` (`id_misi`);

--
-- Indexes for table `rpjpd_arah_pembangunan`
--
ALTER TABLE `rpjpd_arah_pembangunan`
  ADD PRIMARY KEY (`id`),
  ADD KEY `id_sasaran_pokok` (`id_sasaran_pokok`);

--
-- Indexes for table `rpjpd_header_arah_kebijakan`
--
ALTER TABLE `rpjpd_header_arah_kebijakan`
  ADD PRIMARY KEY (`id`),
  ADD UNIQUE KEY `id_periode` (`id_tahapan`);

--
-- Indexes for table `rpjpd_indikator_sasaran_visi`
--
ALTER TABLE `rpjpd_indikator_sasaran_visi`
  ADD PRIMARY KEY (`id`),
  ADD KEY `id_sasaran_visi` (`id_sasaran_visi`);

--
-- Indexes for table `rpjpd_indikator_utama_pembangunan`
--
ALTER TABLE `rpjpd_indikator_utama_pembangunan`
  ADD PRIMARY KEY (`id`),
  ADD KEY `id_arah_pembangunan` (`id_arah_pembangunan`),
  ADD KEY `id_parent` (`id_parent`),
  ADD KEY `id_opd` (`id_opd`);

--
-- Indexes for table `rpjpd_misi`
--
ALTER TABLE `rpjpd_misi`
  ADD PRIMARY KEY (`id`),
  ADD KEY `id_sasaran_visi` (`id_pokok_visi`);

--
-- Indexes for table `rpjpd_pokok_visi`
--
ALTER TABLE `rpjpd_pokok_visi`
  ADD PRIMARY KEY (`id`),
  ADD KEY `id_visi` (`id_visi`);

--
-- Indexes for table `rpjpd_sasaran_pokok`
--
ALTER TABLE `rpjpd_sasaran_pokok`
  ADD PRIMARY KEY (`id`),
  ADD KEY `id_misi` (`id_misi`);

--
-- Indexes for table `rpjpd_sasaran_visi`
--
ALTER TABLE `rpjpd_sasaran_visi`
  ADD PRIMARY KEY (`id`),
  ADD KEY `id_visi` (`id_visi`);

--
-- Indexes for table `rpjpd_visi`
--
ALTER TABLE `rpjpd_visi`
  ADD PRIMARY KEY (`id`),
  ADD KEY `id_tahapan` (`id_tahapan`);

--
-- Indexes for table `tahapan`
--
ALTER TABLE `tahapan`
  ADD PRIMARY KEY (`id`),
  ADD KEY `id_periode` (`id_periode`);

--
-- Indexes for table `user_opd_ampuan`
--
ALTER TABLE `user_opd_ampuan`
  ADD PRIMARY KEY (`id`),
  ADD KEY `id_user` (`id_user`) USING BTREE,
  ADD KEY `id_opd` (`id_opd`) USING BTREE;

--
-- AUTO_INCREMENT for table `auth_groups`
--
ALTER TABLE `auth_groups`
  MODIFY `id` int UNSIGNED NOT NULL AUTO_INCREMENT, AUTO_INCREMENT=4;

--
-- AUTO_INCREMENT for table `auth_logins`
--
ALTER TABLE `auth_logins`
  MODIFY `id` int UNSIGNED NOT NULL AUTO_INCREMENT, AUTO_INCREMENT=417;

--
-- AUTO_INCREMENT for table `auth_permissions`
--
ALTER TABLE `auth_permissions`
  MODIFY `id` int UNSIGNED NOT NULL AUTO_INCREMENT;

--
-- AUTO_INCREMENT for table `dokumentasi_kegiatan`
--
ALTER TABLE `dokumentasi_kegiatan`
  MODIFY `id` bigint UNSIGNED NOT NULL AUTO_INCREMENT, AUTO_INCREMENT=2;

--
-- AUTO_INCREMENT for table `history_arah_kebijakan`
--
ALTER TABLE `history_arah_kebijakan`
  MODIFY `id` bigint UNSIGNED NOT NULL AUTO_INCREMENT, AUTO_INCREMENT=171;

--
-- AUTO_INCREMENT for table `history_arah_pembangunan`
--
ALTER TABLE `history_arah_pembangunan`
  MODIFY `id` bigint UNSIGNED NOT NULL AUTO_INCREMENT, AUTO_INCREMENT=156;

--
-- AUTO_INCREMENT for table `history_header_arah_kebijakan`
--
ALTER TABLE `history_header_arah_kebijakan`
  MODIFY `id` bigint UNSIGNED NOT NULL AUTO_INCREMENT, AUTO_INCREMENT=32;

--
-- AUTO_INCREMENT for table `history_indikator_sasaran`
--
ALTER TABLE `history_indikator_sasaran`
  MODIFY `id` bigint UNSIGNED NOT NULL AUTO_INCREMENT, AUTO_INCREMENT=14;

--
-- AUTO_INCREMENT for table `history_indikator_sasaran_visi`
--
ALTER TABLE `history_indikator_sasaran_visi`
  MODIFY `id` bigint NOT NULL AUTO_INCREMENT, AUTO_INCREMENT=107;

--
-- AUTO_INCREMENT for table `history_indikator_tujuan`
--
ALTER TABLE `history_indikator_tujuan`
  MODIFY `id` bigint UNSIGNED NOT NULL AUTO_INCREMENT, AUTO_INCREMENT=10;

--
-- AUTO_INCREMENT for table `history_indikator_utama_pembangunan`
--
ALTER TABLE `history_indikator_utama_pembangunan`
  MODIFY `id` bigint NOT NULL AUTO_INCREMENT, AUTO_INCREMENT=311;

--
-- AUTO_INCREMENT for table `history_misi`
--
ALTER TABLE `history_misi`
  MODIFY `id` bigint NOT NULL AUTO_INCREMENT, AUTO_INCREMENT=307;

--
-- AUTO_INCREMENT for table `history_periode`
--
ALTER TABLE `history_periode`
  MODIFY `id` bigint UNSIGNED NOT NULL AUTO_INCREMENT, AUTO_INCREMENT=2;

--
-- AUTO_INCREMENT for table `history_pokok_visi`
--
ALTER TABLE `history_pokok_visi`
  MODIFY `id` bigint UNSIGNED NOT NULL AUTO_INCREMENT, AUTO_INCREMENT=270;

--
-- AUTO_INCREMENT for table `history_renstra_indikator_tujuan`
--
ALTER TABLE `history_renstra_indikator_tujuan`
  MODIFY `id` bigint UNSIGNED NOT NULL AUTO_INCREMENT;

--
-- AUTO_INCREMENT for table `history_renstra_sasaran`
--
ALTER TABLE `history_renstra_sasaran`
  MODIFY `id` bigint UNSIGNED NOT NULL AUTO_INCREMENT, AUTO_INCREMENT=2;

--
-- AUTO_INCREMENT for table `history_renstra_tujuan`
--
ALTER TABLE `history_renstra_tujuan`
  MODIFY `id` bigint UNSIGNED NOT NULL AUTO_INCREMENT;

--
-- AUTO_INCREMENT for table `history_rpjmd_misi`
--
ALTER TABLE `history_rpjmd_misi`
  MODIFY `id` bigint UNSIGNED NOT NULL AUTO_INCREMENT, AUTO_INCREMENT=11;

--
-- AUTO_INCREMENT for table `history_rpjmd_sasaran`
--
ALTER TABLE `history_rpjmd_sasaran`
  MODIFY `id` bigint UNSIGNED NOT NULL AUTO_INCREMENT, AUTO_INCREMENT=9;

--
-- AUTO_INCREMENT for table `history_rpjmd_visi`
--
ALTER TABLE `history_rpjmd_visi`
  MODIFY `id` bigint UNSIGNED NOT NULL AUTO_INCREMENT, AUTO_INCREMENT=4;

--
-- AUTO_INCREMENT for table `history_sasaran_pokok`
--
ALTER TABLE `history_sasaran_pokok`
  MODIFY `id` bigint UNSIGNED NOT NULL AUTO_INCREMENT, AUTO_INCREMENT=164;

--
-- AUTO_INCREMENT for table `history_sasaran_visi`
--
ALTER TABLE `history_sasaran_visi`
  MODIFY `id` bigint NOT NULL AUTO_INCREMENT, AUTO_INCREMENT=97;

--
-- AUTO_INCREMENT for table `history_tahapan`
--
ALTER TABLE `history_tahapan`
  MODIFY `id` bigint UNSIGNED NOT NULL AUTO_INCREMENT, AUTO_INCREMENT=15;

--
-- AUTO_INCREMENT for table `history_tujuan`
--
ALTER TABLE `history_tujuan`
  MODIFY `id` bigint UNSIGNED NOT NULL AUTO_INCREMENT, AUTO_INCREMENT=13;

--
-- AUTO_INCREMENT for table `history_visi`
--
ALTER TABLE `history_visi`
  MODIFY `id` bigint UNSIGNED NOT NULL AUTO_INCREMENT, AUTO_INCREMENT=58;

--
-- AUTO_INCREMENT for table `migrations`
--
ALTER TABLE `migrations`
  MODIFY `id` bigint UNSIGNED NOT NULL AUTO_INCREMENT;

--
-- AUTO_INCREMENT for table `opd`
--
ALTER TABLE `opd`
  MODIFY `id` int UNSIGNED NOT NULL AUTO_INCREMENT, AUTO_INCREMENT=21;

--
-- AUTO_INCREMENT for table `opd_bidang`
--
ALTER TABLE `opd_bidang`
  MODIFY `id` int UNSIGNED NOT NULL AUTO_INCREMENT, AUTO_INCREMENT=13;

--
-- AUTO_INCREMENT for table `opd_bidang_relasi`
--
ALTER TABLE `opd_bidang_relasi`
  MODIFY `id` int UNSIGNED NOT NULL AUTO_INCREMENT, AUTO_INCREMENT=29;

--
-- AUTO_INCREMENT for table `opd_kegiatan`
--
ALTER TABLE `opd_kegiatan`
  MODIFY `id` int UNSIGNED NOT NULL AUTO_INCREMENT, AUTO_INCREMENT=10;

--
-- AUTO_INCREMENT for table `opd_program`
--
ALTER TABLE `opd_program`
  MODIFY `id` int UNSIGNED NOT NULL AUTO_INCREMENT, AUTO_INCREMENT=8;

--
-- AUTO_INCREMENT for table `opd_sub_kegiatan`
--
ALTER TABLE `opd_sub_kegiatan`
  MODIFY `id` int UNSIGNED NOT NULL AUTO_INCREMENT, AUTO_INCREMENT=7;

--
-- AUTO_INCREMENT for table `opd_urusan`
--
ALTER TABLE `opd_urusan`
  MODIFY `id` int UNSIGNED NOT NULL AUTO_INCREMENT, AUTO_INCREMENT=6;

--
-- AUTO_INCREMENT for table `periode`
--
ALTER TABLE `periode`
  MODIFY `id` bigint UNSIGNED NOT NULL AUTO_INCREMENT, AUTO_INCREMENT=80;

--
-- AUTO_INCREMENT for table `renstra`
--
ALTER TABLE `renstra`
  MODIFY `id` bigint UNSIGNED NOT NULL AUTO_INCREMENT, AUTO_INCREMENT=4;

--
-- AUTO_INCREMENT for table `renstra_indikator_tujuan`
--
ALTER TABLE `renstra_indikator_tujuan`
  MODIFY `id` bigint UNSIGNED NOT NULL AUTO_INCREMENT, AUTO_INCREMENT=5;

--
-- AUTO_INCREMENT for table `renstra_sasaran`
--
ALTER TABLE `renstra_sasaran`
  MODIFY `id` bigint UNSIGNED NOT NULL AUTO_INCREMENT, AUTO_INCREMENT=3;

--
-- AUTO_INCREMENT for table `renstra_tujuan`
--
ALTER TABLE `renstra_tujuan`
  MODIFY `id` bigint UNSIGNED NOT NULL AUTO_INCREMENT, AUTO_INCREMENT=10;

--
-- AUTO_INCREMENT for table `rpjmd_indikator_sasaran`
--
ALTER TABLE `rpjmd_indikator_sasaran`
  MODIFY `id` bigint UNSIGNED NOT NULL AUTO_INCREMENT, AUTO_INCREMENT=41;

--
-- AUTO_INCREMENT for table `rpjmd_indikator_tujuan`
--
ALTER TABLE `rpjmd_indikator_tujuan`
  MODIFY `id` bigint UNSIGNED NOT NULL AUTO_INCREMENT, AUTO_INCREMENT=22;

--
-- AUTO_INCREMENT for table `rpjmd_misi`
--
ALTER TABLE `rpjmd_misi`
  MODIFY `id` bigint UNSIGNED NOT NULL AUTO_INCREMENT, AUTO_INCREMENT=38;

--
-- AUTO_INCREMENT for table `rpjmd_sasaran`
--
ALTER TABLE `rpjmd_sasaran`
  MODIFY `id` bigint UNSIGNED NOT NULL AUTO_INCREMENT, AUTO_INCREMENT=3;

--
-- AUTO_INCREMENT for table `rpjmd_tujuan`
--
ALTER TABLE `rpjmd_tujuan`
  MODIFY `id` bigint UNSIGNED NOT NULL AUTO_INCREMENT, AUTO_INCREMENT=41;

--
-- AUTO_INCREMENT for table `rpjmd_visi`
--
ALTER TABLE `rpjmd_visi`
  MODIFY `id` bigint UNSIGNED NOT NULL AUTO_INCREMENT, AUTO_INCREMENT=19;

--
-- AUTO_INCREMENT for table `rpjpd_arah_kebijakan`
--
ALTER TABLE `rpjpd_arah_kebijakan`
  MODIFY `id` bigint UNSIGNED NOT NULL AUTO_INCREMENT, AUTO_INCREMENT=27;

--
-- AUTO_INCREMENT for table `rpjpd_arah_pembangunan`
--
ALTER TABLE `rpjpd_arah_pembangunan`
  MODIFY `id` bigint UNSIGNED NOT NULL AUTO_INCREMENT, AUTO_INCREMENT=106;

--
-- AUTO_INCREMENT for table `rpjpd_header_arah_kebijakan`
--
ALTER TABLE `rpjpd_header_arah_kebijakan`
  MODIFY `id` bigint UNSIGNED NOT NULL AUTO_INCREMENT, AUTO_INCREMENT=7;

--
-- AUTO_INCREMENT for table `rpjpd_indikator_sasaran_visi`
--
ALTER TABLE `rpjpd_indikator_sasaran_visi`
  MODIFY `id` bigint UNSIGNED NOT NULL AUTO_INCREMENT, AUTO_INCREMENT=146;

--
-- AUTO_INCREMENT for table `rpjpd_indikator_utama_pembangunan`
--
ALTER TABLE `rpjpd_indikator_utama_pembangunan`
  MODIFY `id` bigint UNSIGNED NOT NULL AUTO_INCREMENT, AUTO_INCREMENT=67;

--
-- AUTO_INCREMENT for table `rpjpd_misi`
--
ALTER TABLE `rpjpd_misi`
  MODIFY `id` bigint UNSIGNED NOT NULL AUTO_INCREMENT, AUTO_INCREMENT=104;

--
-- AUTO_INCREMENT for table `rpjpd_pokok_visi`
--
ALTER TABLE `rpjpd_pokok_visi`
  MODIFY `id` bigint UNSIGNED NOT NULL AUTO_INCREMENT, AUTO_INCREMENT=96;

--
-- AUTO_INCREMENT for table `rpjpd_sasaran_pokok`
--
ALTER TABLE `rpjpd_sasaran_pokok`
  MODIFY `id` bigint UNSIGNED NOT NULL AUTO_INCREMENT, AUTO_INCREMENT=86;

--
-- AUTO_INCREMENT for table `rpjpd_sasaran_visi`
--
ALTER TABLE `rpjpd_sasaran_visi`
  MODIFY `id` bigint UNSIGNED NOT NULL AUTO_INCREMENT, AUTO_INCREMENT=84;

--
-- AUTO_INCREMENT for table `rpjpd_visi`
--
ALTER TABLE `rpjpd_visi`
  MODIFY `id` bigint UNSIGNED NOT NULL AUTO_INCREMENT, AUTO_INCREMENT=57;

--
-- AUTO_INCREMENT for table `tahapan`
--
ALTER TABLE `tahapan`
  MODIFY `id` bigint UNSIGNED NOT NULL AUTO_INCREMENT, AUTO_INCREMENT=90;

--
-- AUTO_INCREMENT for table `user_opd_ampuan`
--
ALTER TABLE `user_opd_ampuan`
  MODIFY `id` int UNSIGNED NOT NULL AUTO_INCREMENT, AUTO_INCREMENT=11;

--
-- Constraints for dumped tables
--

--
-- Constraints for table `auth_groups_permissions`
--
ALTER TABLE `auth_groups_permissions`
  ADD CONSTRAINT `auth_groups_permissions_group_id_foreign` FOREIGN KEY (`group_id`) REFERENCES `auth_groups` (`id`) ON DELETE CASCADE,
  ADD CONSTRAINT `auth_groups_permissions_permission_id_foreign` FOREIGN KEY (`permission_id`) REFERENCES `auth_permissions` (`id`) ON DELETE CASCADE;

--
-- Constraints for table `auth_groups_users`
--
ALTER TABLE `auth_groups_users`
  ADD CONSTRAINT `auth_groups_users_group_id_foreign` FOREIGN KEY (`group_id`) REFERENCES `auth_groups` (`id`) ON DELETE CASCADE,
  ADD CONSTRAINT `auth_groups_users_user_id_foreign` FOREIGN KEY (`user_id`) REFERENCES `users` (`id`) ON DELETE CASCADE;

--
-- Constraints for table `auth_users_permissions`
--
ALTER TABLE `auth_users_permissions`
  ADD CONSTRAINT `auth_users_permissions_permission_id_foreign` FOREIGN KEY (`permission_id`) REFERENCES `auth_permissions` (`id`) ON DELETE CASCADE,
  ADD CONSTRAINT `auth_users_permissions_user_id_foreign` FOREIGN KEY (`user_id`) REFERENCES `users` (`id`) ON DELETE CASCADE;

--
-- Constraints for table `dokumentasi_kegiatan`
--
ALTER TABLE `dokumentasi_kegiatan`
  ADD CONSTRAINT `dokumentasi_kegiatan_ibfk_1` FOREIGN KEY (`id_tahapan`) REFERENCES `tahapan` (`id`) ON DELETE RESTRICT ON UPDATE RESTRICT;

--
-- Constraints for table `history_arah_pembangunan`
--
ALTER TABLE `history_arah_pembangunan`
  ADD CONSTRAINT `history_arah_pembangunan_ibfk_1` FOREIGN KEY (`record_id`) REFERENCES `rpjpd_arah_pembangunan` (`id`) ON DELETE RESTRICT ON UPDATE RESTRICT;

--
-- Constraints for table `history_indikator_sasaran`
--
ALTER TABLE `history_indikator_sasaran`
  ADD CONSTRAINT `history_indikator_sasaran_ibfk_1` FOREIGN KEY (`record_id`) REFERENCES `rpjmd_indikator_sasaran` (`id`) ON DELETE RESTRICT ON UPDATE RESTRICT;

--
-- Constraints for table `history_indikator_sasaran_visi`
--
ALTER TABLE `history_indikator_sasaran_visi`
  ADD CONSTRAINT `history_indikator_sasaran_visi_ibfk_1` FOREIGN KEY (`record_id`) REFERENCES `rpjpd_indikator_sasaran_visi` (`id`) ON DELETE RESTRICT ON UPDATE RESTRICT;

--
-- Constraints for table `history_pokok_visi`
--
ALTER TABLE `history_pokok_visi`
  ADD CONSTRAINT `history_pokok_visi_ibfk_1` FOREIGN KEY (`record_id`) REFERENCES `rpjpd_pokok_visi` (`id`) ON DELETE RESTRICT ON UPDATE RESTRICT;

--
-- Constraints for table `history_visi`
--
ALTER TABLE `history_visi`
  ADD CONSTRAINT `history_visi_ibfk_1` FOREIGN KEY (`record_id`) REFERENCES `rpjpd_visi` (`id`) ON DELETE RESTRICT ON UPDATE RESTRICT;

--
-- Constraints for table `opd_bidang`
--
ALTER TABLE `opd_bidang`
  ADD CONSTRAINT `opd_bidang_ibfk_1` FOREIGN KEY (`id_opd_urusan`) REFERENCES `opd_urusan` (`id`) ON DELETE RESTRICT ON UPDATE RESTRICT;

--
-- Constraints for table `opd_bidang_relasi`
--
ALTER TABLE `opd_bidang_relasi`
  ADD CONSTRAINT `opd_bidang_relasi_ibfk_1` FOREIGN KEY (`id_opd`) REFERENCES `opd` (`id`) ON DELETE RESTRICT ON UPDATE RESTRICT,
  ADD CONSTRAINT `opd_bidang_relasi_ibfk_2` FOREIGN KEY (`id_opd_bidang`) REFERENCES `opd_bidang` (`id`) ON DELETE RESTRICT ON UPDATE RESTRICT;

--
-- Constraints for table `opd_kegiatan`
--
ALTER TABLE `opd_kegiatan`
  ADD CONSTRAINT `opd_kegiatan_ibfk_1` FOREIGN KEY (`id_opd_program`) REFERENCES `opd_program` (`id`) ON DELETE RESTRICT ON UPDATE RESTRICT;

--
-- Constraints for table `opd_program`
--
ALTER TABLE `opd_program`
  ADD CONSTRAINT `opd_program_ibfk_1` FOREIGN KEY (`id_opd_bidang`) REFERENCES `opd_bidang` (`id`) ON DELETE RESTRICT ON UPDATE RESTRICT;

--
-- Constraints for table `opd_sub_kegiatan`
--
ALTER TABLE `opd_sub_kegiatan`
  ADD CONSTRAINT `opd_sub_kegiatan_ibfk_1` FOREIGN KEY (`id_opd_kegiatan`) REFERENCES `opd_kegiatan` (`id`) ON DELETE RESTRICT ON UPDATE RESTRICT;

--
-- Constraints for table `periode`
--
ALTER TABLE `periode`
  ADD CONSTRAINT `periode_ibfk_1` FOREIGN KEY (`id_parent_periode`) REFERENCES `periode` (`id`) ON DELETE CASCADE ON UPDATE RESTRICT;

--
-- Constraints for table `renstra`
--
ALTER TABLE `renstra`
  ADD CONSTRAINT `renstra_ibfk_2` FOREIGN KEY (`id_periode`) REFERENCES `periode` (`id`) ON DELETE RESTRICT ON UPDATE RESTRICT,
  ADD CONSTRAINT `renstra_ibfk_3` FOREIGN KEY (`id_tahapan`) REFERENCES `tahapan` (`id`) ON DELETE RESTRICT ON UPDATE RESTRICT,
  ADD CONSTRAINT `renstra_ibfk_4` FOREIGN KEY (`id_opd`) REFERENCES `opd` (`id`) ON DELETE RESTRICT ON UPDATE RESTRICT;

--
-- Constraints for table `renstra_indikator_tujuan`
--
ALTER TABLE `renstra_indikator_tujuan`
  ADD CONSTRAINT `renstra_indikator_tujuan_ibfk_1` FOREIGN KEY (`id_tujuan`) REFERENCES `renstra_tujuan` (`id`) ON DELETE RESTRICT ON UPDATE RESTRICT;

--
-- Constraints for table `renstra_sasaran`
--
ALTER TABLE `renstra_sasaran`
  ADD CONSTRAINT `renstra_sasaran_ibfk_1` FOREIGN KEY (`id_indikator_tujuan`) REFERENCES `renstra_indikator_tujuan` (`id`) ON DELETE RESTRICT ON UPDATE RESTRICT;

--
-- Constraints for table `renstra_tujuan`
--
ALTER TABLE `renstra_tujuan`
  ADD CONSTRAINT `renstra_tujuan_ibfk_1` FOREIGN KEY (`id_indikator_sasaran_rpjmd`) REFERENCES `rpjmd_indikator_sasaran` (`id`) ON DELETE RESTRICT ON UPDATE RESTRICT,
  ADD CONSTRAINT `renstra_tujuan_ibfk_2` FOREIGN KEY (`id_renstra`) REFERENCES `renstra` (`id`) ON DELETE RESTRICT ON UPDATE RESTRICT,
  ADD CONSTRAINT `renstra_tujuan_ibfk_3` FOREIGN KEY (`id_tahapan`) REFERENCES `tahapan` (`id`) ON DELETE RESTRICT ON UPDATE RESTRICT;

--
-- Constraints for table `rpjmd_indikator_tujuan`
--
ALTER TABLE `rpjmd_indikator_tujuan`
  ADD CONSTRAINT `rpjmd_indikator_tujuan_ibfk_1` FOREIGN KEY (`id_tujuan`) REFERENCES `rpjmd_tujuan` (`id`) ON DELETE RESTRICT ON UPDATE RESTRICT;

--
-- Constraints for table `rpjmd_misi`
--
ALTER TABLE `rpjmd_misi`
  ADD CONSTRAINT `rpjmd_misi_ibfk_1` FOREIGN KEY (`id_visi`) REFERENCES `rpjmd_visi` (`id`) ON DELETE RESTRICT ON UPDATE RESTRICT;

--
-- Constraints for table `rpjmd_sasaran`
--
ALTER TABLE `rpjmd_sasaran`
  ADD CONSTRAINT `rpjmd_sasaran_ibfk_1` FOREIGN KEY (`id_tujuan`) REFERENCES `rpjmd_tujuan` (`id`) ON DELETE RESTRICT ON UPDATE RESTRICT;

--
-- Constraints for table `rpjmd_tujuan`
--
ALTER TABLE `rpjmd_tujuan`
  ADD CONSTRAINT `rpjmd_tujuan_ibfk_1` FOREIGN KEY (`id_misi`) REFERENCES `rpjmd_misi` (`id`) ON DELETE RESTRICT ON UPDATE RESTRICT;

--
-- Constraints for table `rpjmd_visi`
--
ALTER TABLE `rpjmd_visi`
  ADD CONSTRAINT `rpjmd_visi_ibfk_1` FOREIGN KEY (`id_tahapan`) REFERENCES `tahapan` (`id`) ON DELETE RESTRICT ON UPDATE RESTRICT;

--
-- Constraints for table `rpjpd_arah_kebijakan`
--
ALTER TABLE `rpjpd_arah_kebijakan`
  ADD CONSTRAINT `rpjpd_arah_kebijakan_ibfk_1` FOREIGN KEY (`id_misi`) REFERENCES `rpjpd_misi` (`id`) ON DELETE RESTRICT ON UPDATE RESTRICT;

--
-- Constraints for table `rpjpd_arah_pembangunan`
--
ALTER TABLE `rpjpd_arah_pembangunan`
  ADD CONSTRAINT `rpjpd_arah_pembangunan_ibfk_2` FOREIGN KEY (`id_sasaran_pokok`) REFERENCES `rpjpd_sasaran_pokok` (`id`) ON DELETE RESTRICT ON UPDATE RESTRICT;

--
-- Constraints for table `rpjpd_header_arah_kebijakan`
--
ALTER TABLE `rpjpd_header_arah_kebijakan`
  ADD CONSTRAINT `rpjpd_header_arah_kebijakan_ibfk_1` FOREIGN KEY (`id_tahapan`) REFERENCES `tahapan` (`id`) ON DELETE RESTRICT ON UPDATE RESTRICT;

--
-- Constraints for table `rpjpd_indikator_sasaran_visi`
--
ALTER TABLE `rpjpd_indikator_sasaran_visi`
  ADD CONSTRAINT `rpjpd_indikator_sasaran_visi_ibfk_1` FOREIGN KEY (`id_sasaran_visi`) REFERENCES `rpjpd_sasaran_visi` (`id`) ON DELETE RESTRICT ON UPDATE RESTRICT;

--
-- Constraints for table `rpjpd_indikator_utama_pembangunan`
--
ALTER TABLE `rpjpd_indikator_utama_pembangunan`
  ADD CONSTRAINT `rpjpd_indikator_utama_pembangunan_ibfk_1` FOREIGN KEY (`id_arah_pembangunan`) REFERENCES `rpjpd_arah_pembangunan` (`id`) ON DELETE RESTRICT ON UPDATE RESTRICT,
  ADD CONSTRAINT `rpjpd_indikator_utama_pembangunan_ibfk_2` FOREIGN KEY (`id_parent`) REFERENCES `rpjpd_indikator_utama_pembangunan` (`id`) ON DELETE CASCADE ON UPDATE RESTRICT,
  ADD CONSTRAINT `rpjpd_indikator_utama_pembangunan_ibfk_3` FOREIGN KEY (`id_opd`) REFERENCES `opd` (`id`) ON DELETE RESTRICT ON UPDATE RESTRICT;

--
-- Constraints for table `rpjpd_misi`
--
ALTER TABLE `rpjpd_misi`
  ADD CONSTRAINT `rpjpd_misi_ibfk_1` FOREIGN KEY (`id_pokok_visi`) REFERENCES `rpjpd_pokok_visi` (`id`) ON DELETE RESTRICT ON UPDATE RESTRICT;

--
-- Constraints for table `rpjpd_pokok_visi`
--
ALTER TABLE `rpjpd_pokok_visi`
  ADD CONSTRAINT `rpjpd_pokok_visi_ibfk_2` FOREIGN KEY (`id_visi`) REFERENCES `rpjpd_visi` (`id`) ON DELETE RESTRICT ON UPDATE RESTRICT;

--
-- Constraints for table `rpjpd_sasaran_pokok`
--
ALTER TABLE `rpjpd_sasaran_pokok`
  ADD CONSTRAINT `rpjpd_sasaran_pokok_ibfk_1` FOREIGN KEY (`id_misi`) REFERENCES `rpjpd_misi` (`id`) ON DELETE RESTRICT ON UPDATE RESTRICT;

--
-- Constraints for table `rpjpd_sasaran_visi`
--
ALTER TABLE `rpjpd_sasaran_visi`
  ADD CONSTRAINT `rpjpd_sasaran_visi_ibfk_1` FOREIGN KEY (`id_visi`) REFERENCES `rpjpd_visi` (`id`) ON DELETE RESTRICT ON UPDATE RESTRICT;

--
-- Constraints for table `rpjpd_visi`
--
ALTER TABLE `rpjpd_visi`
  ADD CONSTRAINT `rpjpd_visi_ibfk_1` FOREIGN KEY (`id_tahapan`) REFERENCES `tahapan` (`id`) ON DELETE RESTRICT ON UPDATE RESTRICT;

--
-- Constraints for table `tahapan`
--
ALTER TABLE `tahapan`
  ADD CONSTRAINT `tahapan_ibfk_1` FOREIGN KEY (`id_periode`) REFERENCES `periode` (`id`) ON DELETE RESTRICT ON UPDATE RESTRICT;

--
-- Constraints for table `user_opd_ampuan`
--
ALTER TABLE `user_opd_ampuan`
  ADD CONSTRAINT `user_opd_ampuan_ibfk_1` FOREIGN KEY (`id_opd`) REFERENCES `opd` (`id`) ON DELETE RESTRICT ON UPDATE RESTRICT,
  ADD CONSTRAINT `user_opd_ampuan_ibfk_2` FOREIGN KEY (`id_user`) REFERENCES `users` (`id`) ON DELETE RESTRICT ON UPDATE RESTRICT;
COMMIT;

